11-13 14:13:30.419: W/System.err(13011): GLDrawableFactoryImpl.createGLDrawable -> OnscreenDrawable: jogamp.newt.driver.android.WindowDriver[Config EGLGraphicsConfiguration[DefaultGraphicsScreen[EGLGraphicsDevice[type EGL, connection decon, unitID 0, handle 0x1, nativeDisplayID 0x0, eglLifecycleCallback true], idx 0],
11-13 14:13:30.419: W/System.err(13011): eglConfigHandle 0x1e, eglConfigID 0x1f,
11-13 14:13:30.419: W/System.err(13011): requested GLCaps[rgba 0x8/8/8/0, opaque, accum-rgba 0/0/0/0, dp/st/ms: 16/0/0, dbl, mono , hw, GLProfile[GLES1/GLES1.hw], on-scr[.]],
11-13 14:13:30.419: W/System.err(13011): chosen GLCaps[egl cfg 0x1f, vid 0x1: rgba 0x8/8/8/8, opaque, accum-rgba 0/0/0/0, dp/st/ms: 16/0/0, dbl, mono , sw, GLProfile[GLES1/GLES1.hw], on-scr[.], [0x1: GLES1, VG]]]
11-13 14:13:30.419: W/System.err(13011): , NEWT-Screen[.android_nil-1-s0, idx 0, refCount 1, 1280x800, DefaultGraphicsScreen[EGLGraphicsDevice[type EGL, connection decon, unitID 0, handle 0x1, nativeDisplayID 0x0, eglLifecycleCallback true], idx 0], NEWT-Display[.android_nil-1, excl false, refCount 1, hasEDT true, edtRunning true, EGLGraphicsDevice[type EGL, connection decon, unitID 0, handle 0x1, nativeDisplayID 0x0, eglLifecycleCallback true]]]
11-13 14:13:30.419: W/System.err(13011): , ParentWindow null
11-13 14:13:30.419: W/System.err(13011): , ParentWindowHandle 0x0 (false)
11-13 14:13:30.419: W/System.err(13011): , WindowHandle 0x161e3d8
11-13 14:13:30.419: W/System.err(13011): , SurfaceHandle 0x161eba0 (lockedExt window false, surface false)
11-13 14:13:30.419: W/System.err(13011): , Pos 0/0 (auto false), size 1202x727
11-13 14:13:30.419: W/System.err(13011): , Visible true, focus true
11-13 14:13:30.419: W/System.err(13011): , Undecorated false (false)
11-13 14:13:30.419: W/System.err(13011): , AlwaysOnTop false, Fullscreen false
11-13 14:13:30.419: W/System.err(13011): , WrappedWindow null
11-13 14:13:30.419: W/System.err(13011): , ChildWindows 0, SurfaceUpdatedListeners num 0 [], WindowListeners num 1 [com.jogamp.newt.opengl.GLWindow$1@415792b0, ], MouseListeners num 0 [], KeyListeners num 0 [], windowLock <415c2b90, 415c3e48>[count 1, qsz 1, owner ]]
11-13 14:13:30.427: W/System.err(13011): EGLWrappedSurface.ctor(): EGLWrappedSurface[ EGLUpstreamSurfaceHook[ 1202x727, jogamp.newt.driver.android.WindowDriver: 0x161eba0], displayHandle 0x1, surfaceHandle 0x0, size 1202x727, UOB[ ], surfaceLock <415a7eb8, 416ef768>[count 0, qsz 0, owner ] ]
11-13 14:13:30.427: W/System.err(13011): GLDrawableFactoryImpl.createGLDrawable: jogamp.opengl.egl.EGLOnscreenDrawable[realized false,
11-13 14:13:30.435: W/System.err(13011): factory jogamp.opengl.egl.EGLDrawableFactory@41565088,
11-13 14:13:30.435: W/System.err(13011): surface EGLWrappedSurface[ EGLUpstreamSurfaceHook[ 1202x727, jogamp.newt.driver.android.WindowDriver: 0x161eba0], displayHandle 0x1, surfaceHandle 0x0, size 1202x727, UOB[ ], surfaceLock <415a7eb8, 416ef768>[count 0, qsz 0, owner ] ],
11-13 14:13:30.435: W/System.err(13011): eglSurface 0x0,
11-13 14:13:30.435: W/System.err(13011): eglConfig EGLGraphicsConfiguration[DefaultGraphicsScreen[EGLGraphicsDevice[type EGL, connection decon, unitID 0, handle 0x1, nativeDisplayID 0x0, eglLifecycleCallback true], idx 0],
11-13 14:13:30.435: W/System.err(13011): eglConfigHandle 0x1e, eglConfigID 0x1f,
11-13 14:13:30.435: W/System.err(13011): requested GLCaps[rgba 0x8/8/8/0, opaque, accum-rgba 0/0/0/0, dp/st/ms: 16/0/0, dbl, mono , hw, GLProfile[GLES1/GLES1.hw], on-scr[.]],
11-13 14:13:30.435: W/System.err(13011): chosen GLCaps[egl cfg 0x1f, vid 0x1: rgba 0x8/8/8/8, opaque, accum-rgba 0/0/0/0, dp/st/ms: 16/0/0, dbl, mono , sw, GLProfile[GLES1/GLES1.hw], on-scr[.], [0x1: GLES1, VG]]],
11-13 14:13:30.435: W/System.err(13011): requested GLCaps[rgba 0x8/8/8/0, opaque, accum-rgba 0/0/0/0, dp/st/ms: 16/0/0, dbl, mono , hw, GLProfile[GLES1/GLES1.hw], on-scr[.]],
11-13 14:13:30.435: W/System.err(13011): chosen GLCaps[egl cfg 0x1f, vid 0x1: rgba 0x8/8/8/8, opaque, accum-rgba 0/0/0/0, dp/st/ms: 16/0/0, dbl, mono , sw, GLProfile[GLES1/GLES1.hw], on-scr[.], [0x1: GLES1, VG]]]
11-13 14:13:30.435: W/System.err(13011): main-Display-.android_nil-1-EDT-1: setRealized: EGLOnscreenDrawable false -> true
11-13 14:13:30.435: W/System.err(13011): main-Display-.android_nil-1-EDT-1: EGLUpstreamSurfaceHook.create(EGLWrappedSurface): EGLUpstreamSurfaceHook[ 1202x727, jogamp.newt.driver.android.WindowDriver: 0x161eba0]
11-13 14:13:30.451: W/System.err(13011): main-Display-.android_nil-1-EDT-1: EGLUpstreamSurfaceHook.create(EGLWrappedSurface): Reusing eglDevice: EGLGraphicsDevice[type EGL, connection decon, unitID 0, handle 0x1, nativeDisplayID 0x0, eglLifecycleCallback true]
11-13 14:13:30.451: W/System.err(13011): main-Display-.android_nil-1-EDT-1: EGLUpstreamSurfaceHook.create(EGLWrappedSurface): Reusing eglConfig: EGLGraphicsConfiguration[DefaultGraphicsScreen[EGLGraphicsDevice[type EGL, connection decon, unitID 0, handle 0x1, nativeDisplayID 0x0, eglLifecycleCallback true], idx 0],
11-13 14:13:30.451: W/System.err(13011): eglConfigHandle 0x1e, eglConfigID 0x1f,
11-13 14:13:30.451: W/System.err(13011): requested GLCaps[rgba 0x8/8/8/0, opaque, accum-rgba 0/0/0/0, dp/st/ms: 16/0/0, dbl, mono , hw, GLProfile[GLES1/GLES1.hw], on-scr[.]],
11-13 14:13:30.451: W/System.err(13011): chosen GLCaps[egl cfg 0x1f, vid 0x1: rgba 0x8/8/8/8, opaque, accum-rgba 0/0/0/0, dp/st/ms: 16/0/0, dbl, mono , sw, GLProfile[GLES1/GLES1.hw], on-scr[.], [0x1: GLES1, VG]]]
11-13 14:13:30.451: W/System.err(13011): main-Display-.android_nil-1-EDT-1: EGLUpstreamSurfaceHook.create(EGLWrappedSurface): Fin: Already valid EGL surface - use as-is: jogamp.newt.driver.android.WindowDriver[Config EGLGraphicsConfiguration[DefaultGraphicsScreen[EGLGraphicsDevice[type EGL, connection decon, unitID 0, handle 0x1, nativeDisplayID 0x0, eglLifecycleCallback true], idx 0],
11-13 14:13:30.451: W/System.err(13011): eglConfigHandle 0x1e, eglConfigID 0x1f,
11-13 14:13:30.451: W/System.err(13011): requested GLCaps[rgba 0x8/8/8/0, opaque, accum-rgba 0/0/0/0, dp/st/ms: 16/0/0, dbl, mono , hw, GLProfile[GLES1/GLES1.hw], on-scr[.]],
11-13 14:13:30.451: W/System.err(13011): chosen GLCaps[egl cfg 0x1f, vid 0x1: rgba 0x8/8/8/8, opaque, accum-rgba 0/0/0/0, dp/st/ms: 16/0/0, dbl, mono , sw, GLProfile[GLES1/GLES1.hw], on-scr[.], [0x1: GLES1, VG]]]
11-13 14:13:30.451: W/System.err(13011): , NEWT-Screen[.android_nil-1-s0, idx 0, refCount 1, 1280x800, DefaultGraphicsScreen[EGLGraphicsDevice[type EGL, connection decon, unitID 0, handle 0x1, nativeDisplayID 0x0, eglLifecycleCallback true], idx 0], NEWT-Display[.android_nil-1, excl false, refCount 1, hasEDT true, edtRunning true, EGLGraphicsDevice[type EGL, connection decon, unitID 0, handle 0x1, nativeDisplayID 0x0, eglLifecycleCallback true]]]
11-13 14:13:30.451: W/System.err(13011): , ParentWindow null
11-13 14:13:30.451: W/System.err(13011): , ParentWindowHandle 0x0 (false)
11-13 14:13:30.451: W/System.err(13011): , WindowHandle 0x161e3d8
11-13 14:13:30.451: W/System.err(13011): , SurfaceHandle 0x161eba0 (lockedExt window false, surface false)
11-13 14:13:30.451: W/System.err(13011): , Pos 0/0 (auto false), size 1202x727
11-13 14:13:30.451: W/System.err(13011): , Visible true, focus true
11-13 14:13:30.451: W/System.err(13011): , Undecorated false (false)
11-13 14:13:30.451: W/System.err(13011): , AlwaysOnTop false, Fullscreen false
11-13 14:13:30.451: W/System.err(13011): , WrappedWindow null
11-13 14:13:30.451: W/System.err(13011): , ChildWindows 0, SurfaceUpdatedListeners num 0 [], WindowListeners num 1 [com.jogamp.newt.opengl.GLWindow$1@415792b0, ], MouseListeners num 0 [], KeyListeners num 0 [], windowLock <415c2b90, 415c3e48>[count 2, qsz 1, owner ]]
11-13 14:13:30.451: W/System.err(13011): main-Display-.android_nil-1-EDT-1: EGLDrawable.setRealized(true): NOP - EGLWrappedSurface[ EGLUpstreamSurfaceHook[ 1202x727, jogamp.newt.driver.android.WindowDriver: 0x161eba0], displayHandle 0x1, surfaceHandle 0x161eba0, size 1202x727, UOB[ ], surfaceLock <415a7eb8, 416ef768>[count 1, qsz 0, owner ] ]
11-13 14:13:30.451: W/System.err(13011): main-Display-.android_nil-1-EDT-1: updateHandle of EGLWrappedSurface[ EGLUpstreamSurfaceHook[ 1202x727, jogamp.newt.driver.android.WindowDriver: 0x161eba0], displayHandle 0x1, surfaceHandle 0x161eba0, size 1202x727, UOB[ ], surfaceLock <415a7eb8, 416ef768>[count 1, qsz 0, owner ] ]
11-13 14:13:30.451: W/System.err(13011): main-Display-.android_nil-1-EDT-1: GLContext.resetStates()
11-13 14:13:30.451: W/System.err(13011): GLWindow.setVisibleActionPost(true, true) main-Display-.android_nil-1-EDT-1, fin: dt 42.663574ms
11-13 14:13:30.451: W/System.err(13011): Window setVisible: END (main-Display-.android_nil-1-EDT-1) 0/0 1202x727, fs false, windowHandle 0x161e3d8, visible: true, nativeWindowCreated: true, madeVisible: true
11-13 14:13:30.458: W/System.err(13011): main-Animator-1: Created OpenGL context 0x15bb950,
11-13 14:13:30.458: W/System.err(13011): write surface 0x161eba0,
11-13 14:13:30.458: W/System.err(13011): read surface 0x161eba0,
11-13 14:13:30.458: W/System.err(13011): EGLOnscreenContext [OpenGL -1.-1, options 0x0, null, this 0x4170aa40, handle 0x15bb950, null,
11-13 14:13:30.458: W/System.err(13011): quirks: n/a,
11-13 14:13:30.458: W/System.err(13011): Drawable: jogamp.opengl.egl.EGLOnscreenDrawable[realized true,
11-13 14:13:30.458: W/System.err(13011): factory jogamp.opengl.egl.EGLDrawableFactory@41565088,
11-13 14:13:30.458: W/System.err(13011): surface EGLWrappedSurface[ EGLUpstreamSurfaceHook[ 1202x727, jogamp.newt.driver.android.WindowDriver: 0x161eba0], displayHandle 0x1, surfaceHandle 0x161eba0, size 1202x727, UOB[ ], surfaceLock <415a7eb8, 416ef768>[count 1, qsz 0, owner ] ],
11-13 14:13:30.458: W/System.err(13011): eglSurface 0x161eba0,
11-13 14:13:30.458: W/System.err(13011): eglConfig EGLGraphicsConfiguration[DefaultGraphicsScreen[EGLGraphicsDevice[type EGL, connection decon, unitID 0, handle 0x1, nativeDisplayID 0x0, eglLifecycleCallback true], idx 0],
11-13 14:13:30.458: W/System.err(13011): eglConfigHandle 0x1e, eglConfigID 0x1f,
11-13 14:13:30.458: W/System.err(13011): requested GLCaps[rgba 0x8/8/8/0, opaque, accum-rgba 0/0/0/0, dp/st/ms: 16/0/0, dbl, mono , hw, GLProfile[GLES1/GLES1.hw], on-scr[.]],
11-13 14:13:30.458: W/System.err(13011): chosen GLCaps[egl cfg 0x1f, vid 0x1: rgba 0x8/8/8/8, opaque, accum-rgba 0/0/0/0, dp/st/ms: 16/0/0, dbl, mono , sw, GLProfile[GLES1/GLES1.hw], on-scr[.], [0x1: GLES1, VG]]],
11-13 14:13:30.458: W/System.err(13011): requested GLCaps[rgba 0x8/8/8/0, opaque, accum-rgba 0/0/0/0, dp/st/ms: 16/0/0, dbl, mono , hw, GLProfile[GLES1/GLES1.hw], on-scr[.]],
11-13 14:13:30.458: W/System.err(13011): chosen GLCaps[egl cfg 0x1f, vid 0x1: rgba 0x8/8/8/8, opaque, accum-rgba 0/0/0/0, dp/st/ms: 16/0/0, dbl, mono , sw, GLProfile[GLES1/GLES1.hw], on-scr[.], [0x1: GLES1, VG]]]] ,
11-13 14:13:30.458: W/System.err(13011): sharing with 0x0
11-13 14:13:30.490: D/dalvikvm(13011): GC_CONCURRENT freed 541K, 5% free 12201K/12807K, paused 1ms+5ms
11-13 14:13:30.490: W/System.err(13011): consumeWindowEvent: WindowEvent[WINDOW_RESIZED, NEWTEvent[sys:false, source:jogamp.newt.driver.android.WindowDriver, when:1352812410475 d 0ms]], visible true 0/0 1202x727
11-13 14:13:30.490: W/System.err(13011): GLAutoDrawableBase.sizeChanged: (main-Display-.android_nil-1-EDT-1): 1202x727 - surfaceHandle 0x161eba0
11-13 14:13:30.490: W/System.err(13011): java.lang.Exception: Info: setGL (OpenGL null): main-Animator-1, -> GLES1Impl, jogamp.opengl.es1.GLES1Impl@415815e8
11-13 14:13:30.490: W/System.err(13011): at jogamp.opengl.GLContextImpl.setGL(GLContextImpl.java:247)
11-13 14:13:30.490: W/System.err(13011): at jogamp.opengl.GLContextImpl.setGLFunctionAvailability(GLContextImpl.java:1181)
11-13 14:13:30.498: W/System.err(13011): at jogamp.opengl.egl.EGLContext.createImpl(EGLContext.java:217)
11-13 14:13:30.498: W/System.err(13011): at jogamp.opengl.GLContextImpl.makeCurrentWithinLock(GLContextImpl.java:572)
11-13 14:13:30.498: W/System.err(13011): at jogamp.opengl.GLContextImpl.makeCurrent(GLContextImpl.java:485)
11-13 14:13:30.498: W/System.err(13011): at jogamp.opengl.GLDrawableHelper.invokeGLImpl(GLDrawableHelper.java:645)
11-13 14:13:30.498: W/System.err(13011): at jogamp.opengl.GLDrawableHelper.invokeGL(GLDrawableHelper.java:594)
11-13 14:13:30.498: W/System.err(13011): at com.jogamp.newt.opengl.GLWindow.display(GLWindow.java:543)
11-13 14:13:30.498: W/System.err(13011): at com.jogamp.opengl.util.DefaultAnimatorImpl.display(DefaultAnimatorImpl.java:50)
11-13 14:13:30.498: W/System.err(13011): at com.jogamp.opengl.util.AnimatorBase.display(AnimatorBase.java:142)
11-13 14:13:30.498: W/System.err(13011): at com.jogamp.opengl.util.Animator$MainLoop.run(Animator.java:176)
11-13 14:13:30.498: W/System.err(13011): at java.lang.Thread.run(Thread.java:856)
11-13 14:13:30.498: W/System.err(13011): main-Animator-1: Initializing EGLextension address table: EGL-.egl_decon_0
11-13 14:13:30.498: W/System.err(13011): main-Animator-1: GLContext EGL ProcAddressTable reusing key(EGL-.egl_decon_0) -> 0x415ce8c0
11-13 14:13:30.505: W/System.err(13011): main-Animator-1: GLContext.setGLFuncAvail: Given EGLGraphicsDevice[type EGL, connection decon, unitID 0, handle 0x1, nativeDisplayID 0x0, eglLifecycleCallback true] - 1.0 (ES profile, hardware) - OpenGL ES-CM 1.0
11-13 14:13:30.505: W/System.err(13011): main-Animator-1: GLContext.setGLFuncAvail.0 validated FQN: .egl_decon_0-0x1008008 - 1.0 (ES profile, software) - OpenGL ES-CM 1.0, 1.0.0
11-13 14:13:30.521: E/libEGL(13011): no more slots for eglGetProcAddress("glBindFramebuffer")
11-13 14:13:30.521: E/libEGL(13011): no more slots for eglGetProcAddress("glBindRenderbuffer")
11-13 14:13:30.521: E/libEGL(13011): no more slots for eglGetProcAddress("glBlendEquation")
11-13 14:13:30.529: E/libEGL(13011): no more slots for eglGetProcAddress("glBlendEquationSeparate")
11-13 14:13:30.529: E/libEGL(13011): no more slots for eglGetProcAddress("glBlendFuncSeparate")
11-13 14:13:30.529: E/libEGL(13011): no more slots for eglGetProcAddress("glCheckFramebufferStatus")
11-13 14:13:30.529: E/ActivityThread(13037): Failed to find provider info for com.android.inputmethod.latin.dictionarypack
11-13 14:13:30.537: E/BinaryDictionaryGetter(13037): Could not find a dictionary pack
11-13 14:13:30.537: E/libEGL(13011): no more slots for eglGetProcAddress("glCurrentPaletteMatrix")
11-13 14:13:30.537: E/libEGL(13011): no more slots for eglGetProcAddress("glDeleteFramebuffers")
11-13 14:13:30.537: E/libEGL(13011): no more slots for eglGetProcAddress("glDeleteRenderbuffers")
11-13 14:13:30.537: E/libEGL(13011): no more slots for eglGetProcAddress("glFramebufferRenderbuffer")
11-13 14:13:30.552: E/libEGL(13011): no more slots for eglGetProcAddress("glFramebufferTexture2D")
11-13 14:13:30.552: E/libEGL(13011): no more slots for eglGetProcAddress("glFramebufferTexture2DMultisampleEXT")
11-13 14:13:30.552: E/libEGL(13011): no more slots for eglGetProcAddress("glGenFramebuffers")
11-13 14:13:30.552: E/libEGL(13011): no more slots for eglGetProcAddress("glGenRenderbuffers")
11-13 14:13:30.552: E/libEGL(13011): no more slots for eglGetProcAddress("glGenerateMipmap")
11-13 14:13:30.552: E/libEGL(13011): no more slots for eglGetProcAddress("glGetFramebufferAttachmentParameteriv")
11-13 14:13:30.560: E/libEGL(13011): no more slots for eglGetProcAddress("glGetGraphicsResetStatus")
11-13 14:13:30.560: E/libEGL(13011): no more slots for eglGetProcAddress("glGetRenderbufferParameteriv")
11-13 14:13:30.560: E/libEGL(13011): no more slots for eglGetProcAddress("glGetTexGenfv")
11-13 14:13:30.560: E/libEGL(13011): no more slots for eglGetProcAddress("glGetTexGeniv")
11-13 14:13:30.560: E/libEGL(13011): no more slots for eglGetProcAddress("glGetTexGenxv")
11-13 14:13:30.560: E/libEGL(13011): no more slots for eglGetProcAddress("glGetnUniformfv")
11-13 14:13:30.560: E/libEGL(13011): no more slots for eglGetProcAddress("glGetnUniformiv")
11-13 14:13:30.560: E/libEGL(13011): no more slots for eglGetProcAddress("glIsFramebuffer")
11-13 14:13:30.560: E/libEGL(13011): no more slots for eglGetProcAddress("glIsRenderbuffer")
11-13 14:13:30.568: E/libEGL(13011): no more slots for eglGetProcAddress("glMapBuffer")
11-13 14:13:30.568: D/dalvikvm(13037): GC_CONCURRENT freed 202K, 3% free 11133K/11399K, paused 2ms+3ms
11-13 14:13:30.568: E/libEGL(13011): no more slots for eglGetProcAddress("glMatrixIndexPointer")
11-13 14:13:30.568: E/libEGL(13011): no more slots for eglGetProcAddress("glReadnPixels")
11-13 14:13:30.568: E/libEGL(13011): no more slots for eglGetProcAddress("glRenderbufferStorage")
11-13 14:13:30.568: E/libEGL(13011): no more slots for eglGetProcAddress("glRenderbufferStorageMultisampleAPPLE")
11-13 14:13:30.568: E/libEGL(13011): no more slots for eglGetProcAddress("glResolveMultisampleFramebufferAPPLE")
11-13 14:13:30.583: E/libEGL(13011): no more slots for eglGetProcAddress("glTexGenf")
11-13 14:13:30.583: E/libEGL(13011): no more slots for eglGetProcAddress("glTexGenfv")
11-13 14:13:30.583: E/libEGL(13011): no more slots for eglGetProcAddress("glTexGeni")
11-13 14:13:30.583: E/libEGL(13011): no more slots for eglGetProcAddress("glTexGeniv")
11-13 14:13:30.583: E/libEGL(13011): no more slots for eglGetProcAddress("glTexGenx")
11-13 14:13:30.583: E/libEGL(13011): no more slots for eglGetProcAddress("glTexGenxv")
11-13 14:13:30.583: E/libEGL(13011): no more slots for eglGetProcAddress("glTexStorage1D")
11-13 14:13:30.583: E/libEGL(13011): no more slots for eglGetProcAddress("glTexStorage2D")
11-13 14:13:30.583: E/libEGL(13011): no more slots for eglGetProcAddress("glTexStorage3D")
11-13 14:13:30.583: E/libEGL(13011): no more slots for eglGetProcAddress("glTextureStorage1DEXT")
11-13 14:13:30.583: E/libEGL(13011): no more slots for eglGetProcAddress("glTextureStorage2DEXT")
11-13 14:13:30.583: E/libEGL(13011): no more slots for eglGetProcAddress("glTextureStorage3DEXT")
11-13 14:13:30.583: E/libEGL(13011): no more slots for eglGetProcAddress("glUnmapBuffer")
11-13 14:13:30.583: E/libEGL(13011): no more slots for eglGetProcAddress("glWeightPointer")
11-13 14:13:30.583: W/System.err(13011): main-Animator-1: GLContext GL ProcAddressTable mapping key(.egl_decon_0-0x1008008) -> 0x41568050
11-13 14:13:30.583: W/System.err(13011): main-Animator-1:ExtensionAvailabilityCache: Pre-caching init jogamp.opengl.es1.GLES1Impl@415815e8, OpenGL null
11-13 14:13:30.583: W/System.err(13011): main-Animator-1:ExtensionAvailabilityCache: Pre-caching extension availability OpenGL null, use glGetString
11-13 14:13:30.591: W/System.err(13011): main-Animator-1:ExtensionAvailabilityCache: GL_EXTENSIONS: 15, used glGetString
11-13 14:13:30.591: W/System.err(13011): EGL extensions: EGL_KHR_image EGL_KHR_image_base EGL_KHR_image_base EGL_KHR_gl_texture_2D_image EGL_KHR_gl_texture_cubemap_image EGL_KHR_gl_renderbuffer_image EGL_KHR_fence_sync EGL_ANDROID_image_native_buffer EGL_ANDROID_image_native_buffer
11-13 14:13:30.591: W/System.err(13011): main-Animator-1:ExtensionAvailabilityCache: GLX_EXTENSIONS: 7
11-13 14:13:30.591: W/System.err(13011): main-Animator-1:ExtensionAvailabilityCache: GL vendor: Android
11-13 14:13:30.591: W/System.err(13011): main-Animator-1:ExtensionAvailabilityCache: ALL EXTENSIONS: 22
11-13 14:13:30.591: W/System.err(13011): main-Animator-1: GLContext GL ExtensionAvailabilityCache mapping key(.egl_decon_0-0x1008008) -> 0x416f86f0 - entries: 23
11-13 14:13:30.591: W/System.err(13011): main-Animator-1: GLContext.setGLFuncAvail.X: .egl_decon_0-0x1008008 - 1.0 (ES profile, software)
11-13 14:13:30.591: W/System.err(13011): main-Animator-1: Create GL context OK: obj 0x4170aa40, ctx 0x15bb950, surf 0x161eba0 for jogamp.opengl.egl.EGLOnscreenContext - 1.0 (ES profile, software) - OpenGL ES-CM 1.0
11-13 14:13:30.591: W/System.err(13011): main-Animator-1: GLContext.ContextSwitch: obj 0x4170aa40, ctx 0x15bb950, surf 0x161eba0 - switch - CONTEXT_CURRENT_NEW - <415874b0, 4170ab08>[count 1, qsz 0, owner ]
11-13 14:13:30.591: W/System.err(13011): GLDrawableHelper GLAnimatorControl: com.jogamp.opengl.util.Animator[started true, animating true, paused false, drawable 1, totals[dt 158, frames 3960, fps 25063.291]], GLEventListeners num 1 [com.jogamp.opengl.test.junit.jogl.demos.es1.RedSquareES1@41596e40[init false], ].invokeGL(): Running initAction
11-13 14:13:30.599: W/System.err(13011): Thread[main-Animator-1,5,main] RedSquareES1.init ...
11-13 14:13:30.599: W/System.err(13011): RedSquareES1 init on Thread[main-Animator-1,5,main]
11-13 14:13:30.599: W/System.err(13011): Chosen GLCapabilities: GLCaps[egl cfg 0x1f, vid 0x1: rgba 0x8/8/8/8, opaque, accum-rgba 0/0/0/0, dp/st/ms: 16/0/0, dbl, mono , sw, GLProfile[GLES1/GLES1.hw], on-scr[.], [0x1: GLES1, VG]]
11-13 14:13:30.599: W/System.err(13011): INIT GL IS: jogamp.opengl.es1.GLES1Impl
11-13 14:13:30.599: W/System.err(13011): GL_VENDOR: Android
11-13 14:13:30.599: W/System.err(13011): GL_RENDERER: Android PixelFlinger 1.4
11-13 14:13:30.599: W/System.err(13011): GL_VERSION: OpenGL ES-CM 1.0
11-13 14:13:30.599: I/ActivityManager(207): Start proc android.process.acore for content provider com.android.providers.userdictionary/.UserDictionaryProvider: pid=13052 uid=10000 gids={}
11-13 14:13:30.607: E/libEGL(13011): no more slots for eglGetProcAddress("glCompileShader")
11-13 14:13:30.607: E/libEGL(13011): no more slots for eglGetProcAddress("glCompileShaderARB")
11-13 14:13:30.607: E/libEGL(13011): no more slots for eglGetProcAddress("glCompileShaderGL2")
11-13 14:13:30.607: E/libEGL(13011): no more slots for eglGetProcAddress("glCompileShaderOES")
11-13 14:13:30.607: E/libEGL(13011): no more slots for eglGetProcAddress("glCompileShaderKHR")
11-13 14:13:30.607: E/libEGL(13011): no more slots for eglGetProcAddress("glCompileShaderOML")
11-13 14:13:30.607: E/libEGL(13011): no more slots for eglGetProcAddress("glCompileShader3DFX")
11-13 14:13:30.607: E/libEGL(13011): no more slots for eglGetProcAddress("glCompileShaderAMD")
11-13 14:13:30.607: E/libEGL(13011): no more slots for eglGetProcAddress("glCompileShaderANGLE")
11-13 14:13:30.607: E/libEGL(13011): no more slots for eglGetProcAddress("glCompileShaderARM")
11-13 14:13:30.615: E/libEGL(13011): no more slots for eglGetProcAddress("glCompileShaderAPPLE")
11-13 14:13:30.615: E/libEGL(13011): no more slots for eglGetProcAddress("glCompileShaderATI")
11-13 14:13:30.615: E/libEGL(13011): no more slots for eglGetProcAddress("glCompileShaderEXT")
11-13 14:13:30.615: E/libEGL(13011): no more slots for eglGetProcAddress("glCompileShaderHI")
11-13 14:13:30.615: E/libEGL(13011): no more slots for eglGetProcAddress("glCompileShaderHP")
11-13 14:13:30.615: E/libEGL(13011): no more slots for eglGetProcAddress("glCompileShaderIBM")
11-13 14:13:30.615: E/libEGL(13011): no more slots for eglGetProcAddress("glCompileShaderIMG")
11-13 14:13:30.615: E/libEGL(13011): no more slots for eglGetProcAddress("glCompileShaderMESA")
11-13 14:13:30.615: E/libEGL(13011): no more slots for eglGetProcAddress("glCompileShaderMESAX")
11-13 14:13:30.615: E/libEGL(13011): no more slots for eglGetProcAddress("glCompileShaderNV")
11-13 14:13:30.615: E/libEGL(13011): no more slots for eglGetProcAddress("glCompileShaderQCOM")
11-13 14:13:30.615: I/ActivityThread(13052): Pub user_dictionary: com.android.providers.userdictionary.UserDictionaryProvider
11-13 14:13:30.615: E/libEGL(13011): no more slots for eglGetProcAddress("glCompileShaderSGI")
11-13 14:13:30.615: E/libEGL(13011): no more slots for eglGetProcAddress("glCompileShaderSGIS")
11-13 14:13:30.615: E/libEGL(13011): no more slots for eglGetProcAddress("glCompileShaderSGIX")
11-13 14:13:30.615: E/libEGL(13011): no more slots for eglGetProcAddress("glCompileShaderSUN")
11-13 14:13:30.615: E/libEGL(13011): no more slots for eglGetProcAddress("glCompileShaderVIV")
11-13 14:13:30.615: E/libEGL(13011): no more slots for eglGetProcAddress("glCompileShaderWIN")
11-13 14:13:30.615: W/System.err(13011): GL GLSL: false, has-compiler: false, version none
11-13 14:13:30.615: W/System.err(13011): GL FBO: basic false, full false
11-13 14:13:30.615: W/System.err(13011): GL Profile: GLProfile[GLES1/GLES1.hw]
11-13 14:13:30.615: I/ActivityThread(13052): Pub applications: com.android.providers.applications.ApplicationsProvider
11-13 14:13:30.615: W/System.err(13011): GL:jogamp.opengl.es1.GLES1Impl@415815e8, 1.0 (ES profile, software) - OpenGL ES-CM 1.0
11-13 14:13:30.615: W/System.err(13011): Thread[main-Animator-1,5,main] RedSquareES1.init FIN
11-13 14:13:30.615: W/System.err(13011): Thread[main-Animator-1,5,main] RedSquareES1.reshape 0/0 1202x727, swapInterval -1
11-13 14:13:30.615: W/System.err(13011): Thread[main-Animator-1,5,main] RedSquareES1.reshape FIN
11-13 14:13:30.630: I/ARMAssembler(13011): generated scanline__00000197:03010141_00000000_00000000 [ 33 ipp] (101 ins) at [0x5ec651e8:0x5ec6537c] in 213622 ns
11-13 14:13:30.677: I/ActivityManager(207): Start proc android.process.acore for content provider com.android.providers.contacts/.ContactsProvider2: pid=13068 uid=32010 gids={3003, 1015}
11-13 14:13:31.029: I/ActivityManager(207): No longer want com.amazon.dcp:Settings (pid 11300): hidden #16
11-13 14:13:32.130: D/dalvikvm(13052): GC_CONCURRENT freed 218K, 3% free 11065K/11399K, paused 3ms+3ms
11-13 14:13:32.654: W/System.err(13011): 2 s: 60 f / 2264 ms, 26.5 fps, 37 ms/f; total: 4020 f, 1659.7 fps, 0 ms/f
11-13 14:13:33.083: W/ProcessStats(207): Skipping unknown process pid 13127
11-13 14:13:34.044: V/Sensors(207): accel data: 2.141147 0.203577 9.433982
11-13 14:13:34.490: I/ActivityManager(207): Process com.amazon.kindle.kso (pid 11428) has died.
11-13 14:13:34.560: I/ActivityManager(207): Process com.amazon.webapp (pid 11396) has died.
11-13 14:13:34.708: I/ActivityManager(207): Process com.android.calendar (pid 11484) has died.
11-13 14:13:34.716: I/ActivityManager(207): Process com.amazon.kindle (pid 11507) has died.
11-13 14:13:34.833: I/ActivityManager(207): Process com.amazon.tahoe (pid 11491) has died.
11-13 14:13:34.873: W/System.err(13011): 4 s: 60 f / 2213 ms, 27.1 fps, 36 ms/f; total: 4080 f, 880.2 fps, 1 ms/f
11-13 14:13:34.896: I/ActivityManager(207): Process com.amazon.zico (pid 11439) has died.
11-13 14:13:35.005: I/ActivityManager(207): Process com.amazon.venezia (pid 11407) has died.
11-13 14:13:35.216: I/ActivityManager(207): Process com.amazon.cloud9 (pid 11417) has died.
11-13 14:13:35.529: I/Sensors(207): **** No Motion ****
11-13 14:13:35.677: I/ServiceManager(91): service 'com.amazon.webruntime' died
11-13 14:13:36.076: I/ActivityManager(207): Process android.process.media (pid 11563) has died.
11-13 14:13:36.193: I/ActivityManager(207): Process com.amazon.mp3 (pid 11472) has died.
11-13 14:13:36.201: W/AudioService(207): RemoteControlClient died
11-13 14:13:36.576: I/ActivityManager(207): Process com.amazon.ags.app (pid 11529) has died.
11-13 14:13:36.998: I/ActivityManager(207): Process com.jogamp.opengl.test (pid 12993) has died.
11-13 14:13:37.037: W/System.err(13011): 6 s: 60 f / 2166 ms, 27.7 fps, 36 ms/f; total: 4140 f, 608.7 fps, 1 ms/f
11-13 14:13:37.443: I/ActivityManager(207): Process android.process.acore (pid 13068) has died.
11-13 14:13:37.552: I/ActivityManager(207): Process com.amazon.webruntime (pid 11639) has died.
11-13 14:13:37.630: I/ActivityManager(207): Process android.process.acore (pid 13052) has died.
11-13 14:13:37.701: I/ActivityManager(207): Process com.amazon.photos (pid 11358) has died.
11-13 14:13:37.701: W/ActivityManager(207): Scheduling restart of crashed service com.amazon.photos/.service.SennaService in 28232ms
11-13 14:13:37.701: W/ActivityManager(207): Scheduling restart of crashed service com.amazon.photos/.service.CacheWatchdog in 38232ms
11-13 14:13:37.966: I/ActivityManager(207): Process com.amazon.avod (pid 11459) has died.
11-13 14:13:37.966: W/ActivityManager(207): Scheduling restart of crashed service com.amazon.avod/.service.SyncService in 107969ms
11-13 14:13:38.208: I/ActivityManager(207): Process com.amazon.dcp:UpdatesLookupService (pid 11725) has died.
11-13 14:13:38.208: W/ActivityManager(207): Scheduling restart of crashed service com.amazon.dcp/.ota.UpdatesLookupService in 47723ms
11-13 14:13:38.341: I/ActivityManager(207): Process com.amazon.sso (pid 11543) has died.
11-13 14:13:38.341: W/ActivityManager(207): Scheduling restart of crashed service com.amazon.sso/com.amazon.dcp.sso.CORPFMChangeHandler in 57593ms
11-13 14:13:38.466: I/WindowManager(207): WIN DEATH: Window{42e0da50 paused=false}
11-13 14:13:38.466: I/ActivityManager(207): Process com.amazon.kindle.otter (pid 11284) has died.
11-13 14:13:38.990: V/Sensors(207): accel data: 2.174678 0.213157 9.448352
11-13 14:13:39.130: I/ActivityManager(207): Process com.amazon.dcp (pid 11313) has died.
11-13 14:13:39.130: W/ActivityManager(207): Scheduling restart of crashed service com.amazon.dcp/.messaging.OdotService in 250004ms
11-13 14:13:39.130: W/ActivityManager(207): Scheduling restart of crashed service com.amazon.dcp/.metrics.MetricsService in 76803ms
11-13 14:13:39.287: I/ActivityManager(207): Process com.mobisystems.office.amazon:search (pid 12701) has died.
11-13 14:13:39.287: W/ActivityManager(207): Scheduling restart of crashed service com.mobisystems.office.amazon/com.mobisystems.office.search.EnumerateFilesService in 216712ms
11-13 14:13:39.287: I/ActivityManager(207): Process com.amazon.dcp:OSMetrics (pid 11774) has died.
11-13 14:13:39.287: W/ActivityManager(207): Scheduling restart of crashed service com.amazon.dcp/.metrics.OSMetricsService in 86647ms
11-13 14:13:39.388: W/System.err(13011): 9 s: 60 f / 2352 ms, 25.5 fps, 39 ms/f; total: 4200 f, 458.8 fps, 2 ms/f
11-13 14:13:39.458: I/ActivityManager(207): Process com.audible.application.kindle (pid 11375) has died.
11-13 14:13:39.505: W/ActivityManager(207): Exception when unbinding service com.audible.application.kindle/com.audible.application.media.AudioPlayerService
11-13 14:13:39.505: W/ActivityManager(207): android.os.DeadObjectException
11-13 14:13:39.505: W/ActivityManager(207): at android.os.BinderProxy.transact(Native Method)
11-13 14:13:39.505: W/ActivityManager(207): at android.app.ApplicationThreadProxy.scheduleUnbindService(ApplicationThreadNative.java:780)
11-13 14:13:39.505: W/ActivityManager(207): at com.android.server.am.ActivityManagerService.removeConnectionLocked(ActivityManagerService.java:11614)
11-13 14:13:39.505: W/ActivityManager(207): at com.android.server.am.ActivityManagerService.killServicesLocked(ActivityManagerService.java:10134)
11-13 14:13:39.505: W/ActivityManager(207): at com.android.server.am.ActivityManagerService.cleanUpApplicationRecordLocked(ActivityManagerService.java:10284)
11-13 14:13:39.505: W/ActivityManager(207): at com.android.server.am.ActivityManagerService.handleAppDiedLocked(ActivityManagerService.java:2783)
11-13 14:13:39.505: W/ActivityManager(207): at com.android.server.am.ActivityManagerService.appDiedLocked(ActivityManagerService.java:2934)
11-13 14:13:39.505: W/ActivityManager(207): at com.android.server.am.ActivityManagerService$AppDeathRecipient.binderDied(ActivityManagerService.java:864)
11-13 14:13:39.505: W/ActivityManager(207): at android.os.BinderProxy.sendDeathNotice(Binder.java:417)
11-13 14:13:39.505: W/ActivityManager(207): at dalvik.system.NativeStart.run(Native Method)
11-13 14:13:39.513: W/ActivityManager(207): Scheduling restart of crashed service com.audible.application.kindle/com.audible.application.AudibleContentManagementService in 116428ms
11-13 14:13:39.513: W/ActivityManager(207): Scheduling restart of crashed service com.audible.application.kindle/com.audible.application.services.PlayerService in 136428ms
11-13 14:13:39.513: W/ActivityManager(207): Scheduling restart of crashed service com.audible.application.kindle/com.audible.application.download.service.DownloadManagerService in 146427ms
11-13 14:13:39.513: I/ActivityManager(207): Process com.audible.application.kindle:remote (pid 11946) has died.
11-13 14:13:39.513: W/ActivityManager(207): Scheduling restart of crashed service com.audible.application.kindle/com.audible.application.media.AudioPlayerService in 156426ms
11-13 14:13:39.787: I/ActivityManager(207): Process com.android.inputmethod.latin (pid 13037) has died.
11-13 14:13:39.787: W/ActivityManager(207): Scheduling restart of crashed service com.android.inputmethod.latin/.LatinIME in 166151ms
11-13 14:13:39.833: I/ActivityManager(207): Process com.amazon.kindle.cms (pid 11259) has died.
11-13 14:13:39.833: W/ActivityManager(207): Scheduling restart of crashed service com.amazon.kindle.cms/.MaintenanceService in 176101ms
11-13 14:13:39.833: W/ActivityManager(207): Scheduling restart of crashed service com.amazon.kindle.cms/.CMSService in 186101ms
11-13 14:13:39.888: W/InputManagerService(207): Session failed to close due to remote exception
11-13 14:13:39.888: W/InputManagerService(207): android.os.DeadObjectException
11-13 14:13:39.888: W/InputManagerService(207): at android.os.BinderProxy.transact(Native Method)
11-13 14:13:39.888: W/InputManagerService(207): at com.android.internal.view.IInputMethodSession$Stub$Proxy.finishSession(IInputMethodSession.java:366)
11-13 14:13:39.888: W/InputManagerService(207): at com.android.server.InputMethodManagerService.finishSession(InputMethodManagerService.java:1036)
11-13 14:13:39.888: W/InputManagerService(207): at com.android.server.InputMethodManagerService.clearCurMethodLocked(InputMethodManagerService.java:1048)
11-13 14:13:39.888: W/InputManagerService(207): at com.android.server.InputMethodManagerService.onServiceDisconnected(InputMethodManagerService.java:1068)
11-13 14:13:39.888: W/InputManagerService(207): at android.app.LoadedApk$ServiceDispatcher.doDeath(LoadedApk.java:1136)
11-13 14:13:39.888: W/InputManagerService(207): at android.app.LoadedApk$ServiceDispatcher$RunConnection.run(LoadedApk.java:1150)
11-13 14:13:39.888: W/InputManagerService(207): at android.os.Handler.handleCallback(Handler.java:605)
11-13 14:13:39.888: W/InputManagerService(207): at android.os.Handler.dispatchMessage(Handler.java:92)
11-13 14:13:39.888: W/InputManagerService(207): at android.os.Looper.loop(Looper.java:137)
11-13 14:13:39.888: W/InputManagerService(207): at com.android.server.ServerThread.run(SystemServer.java:874)
11-13 14:13:39.896: W/FavoritesCmsActionService(381): Unexpected onDisconnect from CMSActionService
11-13 14:13:39.896: W/FavoritesCmsActionService(381): Unexpected onDisconnect from CMSActionService
11-13 14:13:39.896: W/FavoritesCmsActionService(381): Unexpected onDisconnect from CMSActionService
11-13 14:13:39.896: W/FavoritesCmsActionService(381): Unexpected onDisconnect from CMSActionService
11-13 14:13:39.896: W/FavoritesCmsActionService(381): Unexpected onDisconnect from CMSActionService
11-13 14:13:39.896: W/FavoritesCmsActionService(381): Unexpected onDisconnect from CMSActionService
11-13 14:13:39.896: W/FavoritesCmsActionService(381): Unexpected onDisconnect from CMSActionService
11-13 14:13:39.896: W/FavoritesCmsActionService(381): Unexpected onDisconnect from CMSActionService
11-13 14:13:39.896: W/FavoritesCmsActionService(381): Unexpected onDisconnect from CMSActionService
11-13 14:13:39.896: W/FavoritesCmsActionService(381): Unexpected onDisconnect from CMSActionService
11-13 14:13:39.896: W/FavoritesCmsActionService(381): Unexpected onDisconnect from CMSActionService
11-13 14:13:39.896: W/FavoritesCMSServer(381): Unexpected onDisconnect from CMSServer
11-13 14:13:39.896: I/FavoritesCMSServer(381): Favorites-CMSServer connection status: NotConnected
11-13 14:13:39.896: W/FavoritesCMSServer(381): Unexpected onDisconnect from CMSServer
11-13 14:13:39.896: W/FavoritesCMSServer(381): Unexpected onDisconnect from CMSServer
11-13 14:13:39.896: W/FavoritesCMSServer(381): Unexpected onDisconnect from CMSServer
11-13 14:13:39.896: W/FavoritesCMSServer(381): Unexpected onDisconnect from CMSServer
11-13 14:13:39.896: W/FavoritesCMSServer(381): Unexpected onDisconnect from CMSServer
11-13 14:13:39.896: W/FavoritesCMSServer(381): Unexpected onDisconnect from CMSServer
11-13 14:13:39.896: W/FavoritesCMSServer(381): Unexpected onDisconnect from CMSServer
11-13 14:13:39.896: W/FavoritesCMSServer(381): Unexpected onDisconnect from CMSServer
11-13 14:13:39.896: W/FavoritesCMSServer(381): Unexpected onDisconnect from CMSServer
11-13 14:13:39.896: W/FavoritesCMSServer(381): Unexpected onDisconnect from CMSServer
11-13 14:13:39.896: W/InputManagerService(207): Session failed to close due to remote exception
11-13 14:13:39.896: W/InputManagerService(207): android.os.DeadObjectException
11-13 14:13:39.896: W/InputManagerService(207): at android.os.BinderProxy.transact(Native Method)
11-13 14:13:39.896: W/InputManagerService(207): at com.android.internal.view.IInputMethodSession$Stub$Proxy.finishSession(IInputMethodSession.java:366)
11-13 14:13:39.896: W/InputManagerService(207): at com.android.server.InputMethodManagerService.finishSession(InputMethodManagerService.java:1036)
11-13 14:13:39.896: W/InputManagerService(207): at com.android.server.InputMethodManagerService.clearCurMethodLocked(InputMethodManagerService.java:1052)
11-13 14:13:39.896: W/InputManagerService(207): at com.android.server.InputMethodManagerService.onServiceDisconnected(InputMethodManagerService.java:1068)
11-13 14:13:39.896: W/InputManagerService(207): at android.app.LoadedApk$ServiceDispatcher.doDeath(LoadedApk.java:1136)
11-13 14:13:39.896: W/InputManagerService(207): at android.app.LoadedApk$ServiceDispatcher$RunConnection.run(LoadedApk.java:1150)
11-13 14:13:39.896: W/InputManagerService(207): at android.os.Handler.handleCallback(Handler.java:605)
11-13 14:13:39.896: W/InputManagerService(207): at android.os.Handler.dispatchMessage(Handler.java:92)
11-13 14:13:39.896: W/InputManagerService(207): at android.os.Looper.loop(Looper.java:137)
11-13 14:13:39.896: W/InputManagerService(207): at com.android.server.ServerThread.run(SystemServer.java:874)
11-13 14:13:39.943: I/ActivityManager(207): Process com.android.smspush (pid 11270) has died.
11-13 14:13:39.943: W/ActivityManager(207): Scheduling restart of crashed service com.android.smspush/.WapPushManager in 195995ms
11-13 14:13:39.990: I/ActivityManager(207): Start proc com.android.smspush for service com.android.smspush/.WapPushManager: pid=13242 uid=10017 gids={}
11-13 14:13:40.130: I/ActivityManager(207): Start proc com.amazon.kindle.cms for service com.amazon.kindle.cms/.CMSService: pid=13254 uid=32005 gids={1015}
11-13 14:13:40.138: D/FavoritesCMSServer(381): Attempting to reconnect to CMSServer
11-13 14:13:40.138: I/FavoritesCMSServer(381): Favorites-CMSServer connection status: Connecting
11-13 14:13:40.138: D/FavoritesCMSServer(381): Attempting to reconnect to CMSServer
11-13 14:13:40.138: D/FavoritesCMSServer(381): Attempting to reconnect to CMSServer
11-13 14:13:40.138: D/FavoritesCMSServer(381): Attempting to reconnect to CMSServer
11-13 14:13:40.138: D/FavoritesCMSServer(381): Attempting to reconnect to CMSServer
11-13 14:13:40.138: D/FavoritesCMSServer(381): Attempting to reconnect to CMSServer
11-13 14:13:40.138: D/FavoritesCMSServer(381): Attempting to reconnect to CMSServer
11-13 14:13:40.138: D/FavoritesCMSServer(381): Attempting to reconnect to CMSServer
11-13 14:13:40.138: D/FavoritesCMSServer(381): Attempting to reconnect to CMSServer
11-13 14:13:40.138: D/FavoritesCMSServer(381): Attempting to reconnect to CMSServer
11-13 14:13:40.138: D/FavoritesCMSServer(381): Attempting to reconnect to CMSServer
11-13 14:13:40.279: I/ActivityManager(207): Process jogamp.android.launcher (pid 13011) has died.
11-13 14:13:40.279: I/WindowManager(207): WIN DEATH: Window{41c2f518 paused=false}
11-13 14:13:40.279: W/ActivityManager(207): Force removing ActivityRecord{41569fd8 jogamp.android.launcher/.ActivityLauncher}: app died, no saved state
11-13 14:13:40.302: I/WindowManager(207): WIN DEATH: Window{415798b0 paused=false}
11-13 14:13:40.318: I/ActivityManager(207): Start proc com.amazon.kindle.otter for activity com.amazon.kindle.otter/.activities.AppsLibraryActivity: pid=13266 uid=32018 gids={3003, 1015}
11-13 14:13:40.451: I/ActivityManager(207): Start proc com.amazon.dcp:Settings for content provider com.amazon.dcp/.settings.SettingsProvider: pid=13281 uid=32028 gids={2001, 3003, 1015, 3002, 1007, 1026}
11-13 14:13:40.513: I/ActivityManager(207): Start proc com.amazon.dcp for broadcast com.amazon.dcp/.metrics.ActivityMetricTracker: pid=13293 uid=32028 gids={2001, 3003, 1015, 3002, 1007, 1026}
11-13 14:13:40.552: D/dalvikvm(103): GC_EXPLICIT freed 36K, 3% free 10830K/11139K, paused 2ms+4ms
11-13 14:13:40.599: D/dalvikvm(103): GC_EXPLICIT freed <1K, 3% free 10830K/11139K, paused 3ms+2ms
11-13 14:13:40.630: D/dalvikvm(103): GC_EXPLICIT freed <1K, 3% free 10830K/11139K, paused 3ms+2ms
11-13 14:13:41.044: I/FavoritesCMSServer(381): onConnect from CMSServer
11-13 14:13:41.044: I/FavoritesCMSServer(381): Favorites-CMSServer connection status: Connected
11-13 14:13:41.044: I/FavoritesCMSServer(381): onConnect from CMSServer
11-13 14:13:41.044: I/FavoritesCMSServer(381): onConnect from CMSServer
11-13 14:13:41.044: I/FavoritesCMSServer(381): onConnect from CMSServer
11-13 14:13:41.044: I/FavoritesCMSServer(381): onConnect from CMSServer
11-13 14:13:41.044: I/FavoritesCMSServer(381): onConnect from CMSServer
11-13 14:13:41.044: I/FavoritesCMSServer(381): onConnect from CMSServer
11-13 14:13:41.044: I/FavoritesCMSServer(381): onConnect from CMSServer
11-13 14:13:41.044: I/FavoritesCMSServer(381): onConnect from CMSServer
11-13 14:13:41.044: I/FavoritesCMSServer(381): onConnect from CMSServer
11-13 14:13:41.044: I/FavoritesCMSServer(381): onConnect from CMSServer
11-13 14:13:41.052: I/FavoritesCmsActionService(381): onConnect from CMSActionService
11-13 14:13:41.052: I/FavoritesCmsActionService(381): onConnect from CMSActionService
11-13 14:13:41.052: I/FavoritesCmsActionService(381): onConnect from CMSActionService
11-13 14:13:41.052: I/FavoritesCmsActionService(381): onConnect from CMSActionService
11-13 14:13:41.052: I/FavoritesCmsActionService(381): onConnect from CMSActionService
11-13 14:13:41.052: I/FavoritesCmsActionService(381): onConnect from CMSActionService
11-13 14:13:41.052: I/FavoritesCmsActionService(381): onConnect from CMSActionService
11-13 14:13:41.052: I/FavoritesCmsActionService(381): onConnect from CMSActionService
11-13 14:13:41.052: I/FavoritesCmsActionService(381): onConnect from CMSActionService
11-13 14:13:41.052: I/FavoritesCmsActionService(381): onConnect from CMSActionService
11-13 14:13:41.052: I/FavoritesCmsActionService(381): onConnect from CMSActionService
11-13 14:13:41.052: I/FavoritesCMSServer(381): onConnect from CMSServer
11-13 14:13:41.060: I/FavoritesCmsActionService(381): onConnect from CMSActionService
11-13 14:13:41.068: I/ActivityManager(207): Start proc com.audible.application.kindle for service com.audible.application.kindle/com.amazon.kindle.cms.api.CallbackService: pid=13347 uid=32004 gids={3003, 1015, 3002}
11-13 14:13:41.091: I/ActivityManager(207): Start proc com.amazon.photos for service com.amazon.photos/com.amazon.kindle.cms.api.CallbackService: pid=13356 uid=32021 gids={3003, 1015}
11-13 14:13:41.123: I/ActivityManager(207): Start proc com.amazon.webapp for service com.amazon.webapp/com.amazon.kindle.cms.api.CallbackService: pid=13370 uid=32017 gids={3003, 1015}
11-13 14:13:41.185: I/ActivityManager(207): Start proc com.amazon.venezia for service com.amazon.venezia/com.amazon.kindle.cms.api.CallbackService: pid=13381 uid=32003 gids={3003, 1015, 1007}
11-13 14:13:41.240: I/ActivityManager(207): Start proc com.amazon.cloud9 for service com.amazon.cloud9/com.amazon.kindle.cms.api.CallbackService: pid=13399 uid=32009 gids={3003, 1015}
11-13 14:13:41.279: I/ActivityManager(207): Start proc com.amazon.kindle.kso for service com.amazon.kindle.kso/com.amazon.kindle.cms.api.CallbackService: pid=13410 uid=32029 gids={3003}
11-13 14:13:41.357: I/ActivityManager(207): Start proc com.amazon.zico for service com.amazon.zico/com.amazon.kindle.cms.api.CallbackService: pid=13420 uid=32026 gids={3003, 1015}
11-13 14:13:41.419: V/PhoneStatusBar(387): setLightsOn(true)
11-13 14:13:41.419: I/ActivityManager(207): Start proc com.amazon.avod for service com.amazon.avod/com.amazon.kindle.cms.api.CallbackService: pid=13435 uid=32000 gids={3003, 1015, 3002}
11-13 14:13:41.513: I/ActivityManager(207): Start proc com.amazon.mp3 for service com.amazon.mp3/com.amazon.kindle.cms.api.CallbackService: pid=13448 uid=32027 gids={3003, 1007, 1015, 3002}
11-13 14:13:41.669: I/ActivityManager(207): Start proc com.android.calendar for service com.android.calendar/com.amazon.kindle.cms.api.CallbackService: pid=13467 uid=32007 gids={3003, 1015}
11-13 14:13:41.763: D/dalvikvm(207): GC_CONCURRENT freed 2506K, 54% free 19386K/41287K, paused 9ms+60ms
11-13 14:13:41.841: I/ActivityManager(207): Start proc com.amazon.tahoe for service com.amazon.tahoe/com.amazon.kindle.cms.api.CallbackService: pid=13480 uid=32031 gids={3003, 1015}
11-13 14:13:41.865: D/dalvikvm(103): GC_EXPLICIT freed 38K, 3% free 10830K/11139K, paused 2ms+3ms
11-13 14:13:41.927: D/dalvikvm(103): GC_EXPLICIT freed <1K, 3% free 10830K/11139K, paused 1ms+1ms
11-13 14:13:41.966: D/dalvikvm(103): GC_EXPLICIT freed <1K, 3% free 10830K/11139K, paused 3ms+9ms
11-13 14:13:42.021: I/ActivityManager(207): Start proc com.amazon.sso for content provider com.amazon.sso/com.amazon.dcp.sso.CustomerAttributeProvider: pid=13498 uid=32033 gids={3003, 3002}
11-13 14:13:42.037: W/InputManagerService(207): Got RemoteException sending setActive(false) notification to pid 13011 uid 10039
11-13 14:13:42.068: I/ActivityManager(207): Start proc com.amazon.kindle for service com.amazon.kindle/.cms.api.CallbackService: pid=13508 uid=32016 gids={3003, 1015}
11-13 14:13:42.216: W/ActivityManager(207): Permission denied: checkComponentPermission() owningUid=10006
11-13 14:13:42.216: W/ActivityManager(207): Permission Denial: broadcasting Intent { act=android.intent.action.MEDIA_MOUNTED flg=0x10 } from com.amazon.photos (pid=13356, uid=32021) is not exported from uid 10006 due to receiver com.android.providers.downloads/com.android.providers.downloads.DownloadReceiver
11-13 14:13:42.255: I/ActivityManager(207): Start proc android.process.media for broadcast com.android.providers.media/.MediaScannerReceiver: pid=13526 uid=10006 gids={1015, 1023, 1024, 2001, 3003, 3007}
11-13 14:13:42.302: I/ActivityThread(13526): Pub media: com.android.providers.media.MediaProvider
11-13 14:13:42.544: E/MediaProvider(13526): Send intent: Intent { act=android.process.media.MTP_STATUS (has extras) }
11-13 14:13:42.724: I/ActivityManager(207): Start proc com.amazon.ags.app for service com.amazon.ags.app/com.amazon.kindle.cms.api.CallbackService: pid=13555 uid=32001 gids={3003, 1015, 1007}
11-13 14:13:43.021: D/dalvikvm(207): GC_EXPLICIT freed 372K, 54% free 19336K/41287K, paused 23ms+24ms
11-13 14:13:43.130: I/ActivityManager(207): Displayed com.amazon.kindle.otter/.activities.AppsLibraryActivity: +2s832ms
11-13 14:13:43.404: I/ActivityThread(13526): Pub downloads: com.android.providers.downloads.DownloadProvider
11-13 14:13:43.404: I/ActivityManager(207): Start proc com.amazon.webruntime for service com.amazon.webruntime/.WebRuntimeControlService: pid=13617 uid=32023 gids={3003, 1015}
11-13 14:13:43.513: I/ActivityThread(13526): Pub drm: com.android.providers.drm.DrmProvider
11-13 14:13:43.513: I/DownloadManager(13526): in removeSpuriousFiles
11-13 14:13:43.568: D/MediaScannerReceiver(13526): action: android.intent.action.MEDIA_MOUNTED path: /mnt/sdcard
11-13 14:13:43.623: I/DownloadManager(13526): in removeSpuriousFiles, preserving file /mnt/sdcard/Download/AmazonApps-release.apk
11-13 14:13:43.623: I/DownloadManager(13526): in removeSpuriousFiles, preserving file /mnt/sdcard/Download/AmazonApps-release-1.apk
11-13 14:13:43.623: I/DownloadManager(13526): in removeSpuriousFiles, preserving file /mnt/sdcard/Download/3DPlatformTutorial.pdf
11-13 14:13:43.623: I/DownloadManager(13526): in removeSpuriousFiles, preserving file /mnt/sdcard/Download/MultiplayerTutorial.pdf
11-13 14:13:43.623: I/DownloadManager(13526): in removeSpuriousFiles, preserving file /mnt/sdcard/Download/2DGameplayTutorial.pdf
11-13 14:13:43.623: I/DownloadManager(13526): in removeSpuriousFiles, preserving file /mnt/sdcard/Download/Kelly_Link_Magic_for.pdf
11-13 14:13:43.623: I/DownloadManager(13526): in removeSpuriousFiles, preserving file /mnt/sdcard/Download/Kelly_Link_Magic_for-1.pdf
11-13 14:13:43.662: I/ActivityManager(207): Start proc com.amazon.dcp:UpdatesLookupService for broadcast com.amazon.dcp/.ota.UpdatesLookupService$MountStatusChangedReceiver: pid=13644 uid=32028 gids={2001, 3003, 1015, 3002, 1007, 1026}
11-13 14:13:43.888: W/ProcessStats(207): Skipping unknown process pid 13659