11-13 17:51:52.889: V/Sensors(207): accel data: 1.856140 0.055085 9.489067
11-13 17:51:57.811: V/Sensors(207): accel data: 1.877695 0.069456 9.467512
11-13 17:52:02.733: V/Sensors(207): accel data: 1.882485 0.038320 9.563313
11-13 17:52:07.655: V/Sensors(207): accel data: 1.889670 0.081431 9.448352
11-13 17:52:08.975: D/dalvikvm(207): GC_CONCURRENT freed 1913K, 54% free 19225K/41287K, paused 12ms+22ms
11-13 17:52:10.077: D/skia(6635): SkGraphics::Init() - BLTsville (CPU) dlopen success
11-13 17:52:10.077: D/AndroidRuntime(6635): >>>>>> AndroidRuntime START com.android.internal.os.RuntimeInit <<<<<<
11-13 17:52:10.077: D/AndroidRuntime(6635): CheckJNI is OFF
11-13 17:52:10.139: E/IDME_JAVA(6635): /proc/mac_sec: open failed: EACCES (Permission denied)
11-13 17:52:10.342: D/AndroidRuntime(6635): Calling main entry com.android.commands.pm.Pm
11-13 17:52:10.358: W/ActivityManager(207): No content provider found for permission revoke: file:///data/local/tmp/dow-android-testapp.apk
11-13 17:52:10.538: W/ActivityManager(207): No content provider found for permission revoke: file:///data/local/tmp/dow-android-testapp.apk
11-13 17:52:10.788: D/dalvikvm(207): GC_CONCURRENT freed 1012K, 51% free 20260K/41287K, paused 5ms+7ms
11-13 17:52:11.116: D/dalvikvm(207): GC_CONCURRENT freed 2141K, 52% free 20161K/41287K, paused 4ms+9ms
11-13 17:52:11.530: D/dalvikvm(207): GC_CONCURRENT freed 2038K, 52% free 20166K/41287K, paused 4ms+28ms
11-13 17:52:11.928: D/dalvikvm(207): GC_CONCURRENT freed 2034K, 52% free 20180K/41287K, paused 3ms+7ms
11-13 17:52:12.084: I/PackageManager(207): Removing non-system package:com.daysofwonder.android.testapp
11-13 17:52:12.084: I/ActivityManager(207): Force stopping package com.daysofwonder.android.testapp uid=10022
11-13 17:52:12.194: I/PackageManager(207): Package com.daysofwonder.android.testapp codePath changed from /data/app/com.daysofwonder.android.testapp-2.apk to /data/app/com.daysofwonder.android.testapp-1.apk; Retaining data and using new
11-13 17:52:12.194: I/PackageManager(207): Running dexopt on: com.daysofwonder.android.testapp
11-13 17:52:12.577: V/Sensors(207): accel data: 1.930386 0.035925 9.522597
11-13 17:52:13.686: D/dalvikvm(6646): DexOpt: load 133ms, verify+opt 1102ms
11-13 17:52:13.920: W/PackageManager(207): Code path for pkg : com.daysofwonder.android.testapp changing from /data/app/com.daysofwonder.android.testapp-2.apk to /data/app/com.daysofwonder.android.testapp-1.apk
11-13 17:52:13.920: I/ActivityManager(207): Force stopping package com.daysofwonder.android.testapp uid=10022
11-13 17:52:13.920: W/PackageManager(207): Resource path for pkg : com.daysofwonder.android.testapp changing from /data/app/com.daysofwonder.android.testapp-2.apk to /data/app/com.daysofwonder.android.testapp-1.apk
11-13 17:52:14.061: D/PackageManager(207): New package installed in /data/app/com.daysofwonder.android.testapp-1.apk
11-13 17:52:14.186: I/ActivityManager(207): Force stopping package com.daysofwonder.android.testapp uid=10022
11-13 17:52:14.397: D/dalvikvm(207): GC_EXPLICIT freed 1210K, 52% free 20206K/41287K, paused 4ms+17ms
11-13 17:52:14.444: D/PackageManager(207): generateServicesMap(android.accounts.AccountAuthenticator): 4 services unchanged
11-13 17:52:14.459: D/PackageManager(207): generateServicesMap(android.content.SyncAdapter): 6 services unchanged
11-13 17:52:14.459: D/BackupManagerService(207): Received broadcast Intent { act=android.intent.action.PACKAGE_REMOVED flg=0x10000010 (has extras) }
11-13 17:52:14.467: D/PackageManager(207): generateServicesMap(android.accounts.AccountAuthenticator): 4 services unchanged
11-13 17:52:14.467: D/PackageManager(207): generateServicesMap(android.content.SyncAdapter): 6 services unchanged
11-13 17:52:14.498: D/BackupManagerService(207): Received broadcast Intent { act=android.intent.action.PACKAGE_ADDED flg=0x10000010 (has extras) }
11-13 17:52:14.498: V/BackupManagerService(207): updatePackageParticipantsLocked: com.daysofwonder.android.testapp
11-13 17:52:14.600: W/RecognitionManagerService(207): no available voice recognition services found
11-13 17:52:14.694: W/Searchables(207): No web search activity found
11-13 17:52:14.803: W/Searchables(207): No web search activity found
11-13 17:52:14.866: D/BackupManagerService(207): Received broadcast Intent { act=android.intent.action.PACKAGE_REPLACED flg=0x10000010 (has extras) }
11-13 17:52:14.866: V/BackupManagerService(207): updatePackageParticipantsLocked: com.daysofwonder.android.testapp
11-13 17:52:14.991: I/ChargeProtectionService(207): Battery discharging, resuming charging
11-13 17:52:15.178: D/dalvikvm(207): GC_EXPLICIT freed 2331K, 53% free 19474K/41287K, paused 13ms+25ms
11-13 17:52:15.202: D/AndroidRuntime(6635): Shutting down VM
11-13 17:52:15.202: I/AndroidRuntime(6635): NOTE: attach of thread 'Binder Thread #3' failed
11-13 17:52:15.202: D/dalvikvm(6635): GC_CONCURRENT freed 115K, 82% free 467K/2560K, paused 0ms+1ms
11-13 17:52:15.202: D/jdwp(6635): Got wake-up signal, bailing out of select
11-13 17:52:15.202: D/dalvikvm(6635): Debugger has detached; object registry had 1 entries
11-13 17:52:15.413: D/skia(6635): SkGraphics::Term() dlclose() BLTsville (CPU)
11-13 17:52:15.577: D/skia(6663): SkGraphics::Init() - BLTsville (CPU) dlopen success
11-13 17:52:15.577: D/AndroidRuntime(6663): >>>>>> AndroidRuntime START com.android.internal.os.RuntimeInit <<<<<<
11-13 17:52:15.577: D/AndroidRuntime(6663): CheckJNI is OFF
11-13 17:52:15.647: E/IDME_JAVA(6663): /proc/mac_sec: open failed: EACCES (Permission denied)
11-13 17:52:15.748: D/AndroidRuntime(6663): Calling main entry com.android.commands.am.Am
11-13 17:52:15.756: I/ActivityManager(207): Force stopping package com.daysofwonder.android.testapp uid=10022
11-13 17:52:15.756: D/AndroidRuntime(6663): Shutting down VM
11-13 17:52:15.756: I/ActivityManager(207): START {act=android.intent.action.MAIN cat=[android.intent.category.LAUNCHER] flg=0x10000000 cmp=com.daysofwonder.android.testapp/.GearsActivity} from pid 6663
11-13 17:52:15.764: D/dalvikvm(6663): GC_CONCURRENT freed 117K, 81% free 500K/2560K, paused 0ms+1ms
11-13 17:52:15.772: I/AndroidRuntime(6663): NOTE: attach of thread 'Binder Thread #3' failed
11-13 17:52:15.772: D/dalvikvm(6663): Debugger has detached; object registry had 1 entries
11-13 17:52:15.772: D/dalvikvm(6674): Late-enabling CheckJNI
11-13 17:52:15.803: I/ActivityManager(207): Start proc com.daysofwonder.android.testapp for activity com.daysofwonder.android.testapp/.GearsActivity: pid=6674 uid=10022 gids={}
11-13 17:52:15.819: W/ActivityThread(6674): Application com.daysofwonder.android.testapp is waiting for the debugger on port 8100...
11-13 17:52:15.834: I/System.out(6674): Sending WAIT chunk
11-13 17:52:15.842: V/PhoneStatusBar(387): setLightsOn(true)
11-13 17:52:15.842: I/dalvikvm(6674): Debugger is active
11-13 17:52:15.850: I/PhoneWindowManager(207): repositioning status bar
11-13 17:52:15.881: I/WindowManager(207): DIM BEHIND: Window{41b76bf8 paused=false}
11-13 17:52:15.889: I/WindowManager(207): DIM BEHIND: Window{41b76bf8 paused=false}
11-13 17:52:15.905: I/WindowManager(207): DIM BEHIND: Window{41b76bf8 paused=false}
11-13 17:52:15.913: I/WindowManager(207): DIM BEHIND: Window{41b76bf8 paused=false}
11-13 17:52:15.928: I/WindowManager(207): DIM BEHIND: Window{41b76bf8 paused=false}
11-13 17:52:15.928: I/WindowManager(207): DIM BEHIND: Window{41b76bf8 paused=false}
11-13 17:52:15.944: I/WindowManager(207): DIM BEHIND: Window{41b76bf8 paused=false}
11-13 17:52:15.967: I/WindowManager(207): DIM BEHIND: Window{41b76bf8 paused=false}
11-13 17:52:15.975: I/WindowManager(207): DIM BEHIND: Window{41b76bf8 paused=false}
11-13 17:52:15.983: D/AmazonToggle(387): setText toggle_on
11-13 17:52:15.983: D/AmazonToggle(387): setText toggle_off
11-13 17:52:15.983: D/skia(6663): SkGraphics::Term() dlclose() BLTsville (CPU)
11-13 17:52:15.983: I/WindowManager(207): DIM BEHIND: Window{41b76bf8 paused=false}
11-13 17:52:15.991: D/QuickSettings-Wifi(387): handleSelection Begin
11-13 17:52:15.998: I/WindowManager(207): DIM BEHIND: Window{41b76bf8 paused=false}
11-13 17:52:16.014: I/WindowManager(207): DIM BEHIND: Window{41b76bf8 paused=false}
11-13 17:52:16.030: I/WindowManager(207): DIM BEHIND: Window{41b76bf8 paused=false}
11-13 17:52:16.038: I/System.out(6674): Debugger has connected
11-13 17:52:16.038: I/System.out(6674): waiting for debugger to settle...
11-13 17:52:16.045: I/WindowManager(207): DIM BEHIND: Window{41b76bf8 paused=false}
11-13 17:52:16.069: I/WindowManager(207): DIM BEHIND: Window{41b76bf8 paused=false}
11-13 17:52:16.084: I/WindowManager(207): DIM BEHIND: Window{41b76bf8 paused=false}
11-13 17:52:16.100: I/WindowManager(207): DIM BEHIND: Window{41b76bf8 paused=false}
11-13 17:52:16.116: I/WindowManager(207): DIM BEHIND: Window{41b76bf8 paused=false}
11-13 17:52:16.131: I/WindowManager(207): DIM BEHIND: Window{41b76bf8 paused=false}
11-13 17:52:16.147: I/WindowManager(207): DIM BEHIND: Window{41b76bf8 paused=false}
11-13 17:52:16.170: I/WindowManager(207): DIM BEHIND: Window{41b76bf8 paused=false}
11-13 17:52:16.186: I/WindowManager(207): DIM BEHIND: Window{41b76bf8 paused=false}
11-13 17:52:16.202: I/WindowManager(207): DIM BEHIND: Window{41b76bf8 paused=false}
11-13 17:52:16.217: I/WindowManager(207): DIM BEHIND: Window{41b76bf8 paused=false}
11-13 17:52:16.233: I/WindowManager(207): DIM BEHIND: Window{41b76bf8 paused=false}
11-13 17:52:16.241: I/System.out(6674): waiting for debugger to settle...
11-13 17:52:16.256: I/WindowManager(207): DIM BEHIND: Window{41b76bf8 paused=false}
11-13 17:52:16.272: I/WindowManager(207): DIM BEHIND: Window{41b76bf8 paused=false}
11-13 17:52:16.288: I/WindowManager(207): DIM BEHIND: Window{41b76bf8 paused=false}
11-13 17:52:16.303: I/WindowManager(207): DIM BEHIND: Window{41b76bf8 paused=false}
11-13 17:52:16.319: I/WindowManager(207): DIM BEHIND: Window{41b76bf8 paused=false}
11-13 17:52:16.342: I/WindowManager(207): DIM BEHIND: Window{41b76bf8 paused=false}
11-13 17:52:16.358: I/WindowManager(207): DIM BEHIND: Window{41b76bf8 paused=false}
11-13 17:52:16.373: I/WindowManager(207): DIM BEHIND: Window{41b76bf8 paused=false}
11-13 17:52:16.389: I/WindowManager(207): DIM BEHIND: Window{41b76bf8 paused=false}
11-13 17:52:16.413: I/WindowManager(207): DIM BEHIND: Window{41b76bf8 paused=false}
11-13 17:52:16.428: I/WindowManager(207): DIM BEHIND: Window{41b76bf8 paused=false}
11-13 17:52:16.436: I/System.out(6674): waiting for debugger to settle...
11-13 17:52:16.647: I/System.out(6674): waiting for debugger to settle...
11-13 17:52:16.842: I/System.out(6674): waiting for debugger to settle...
11-13 17:52:17.045: I/System.out(6674): waiting for debugger to settle...
11-13 17:52:17.241: I/System.out(6674): waiting for debugger to settle...
11-13 17:52:17.444: I/System.out(6674): waiting for debugger to settle...
11-13 17:52:17.506: V/Sensors(207): accel data: 1.858535 0.035925 9.493857
11-13 17:52:17.647: I/System.out(6674): waiting for debugger to settle...
11-13 17:52:17.842: I/System.out(6674): waiting for debugger to settle...
11-13 17:52:18.053: I/System.out(6674): waiting for debugger to settle...
11-13 17:52:18.256: I/System.out(6674): waiting for debugger to settle...
11-13 17:52:18.444: I/System.out(6674): waiting for debugger to settle...
11-13 17:52:18.655: I/System.out(6674): debugger has settled (1346)
11-13 17:52:18.663: I/WindowManager(207): DIM BEHIND: Window{41b76bf8 paused=false}
11-13 17:52:18.670: I/WindowManager(207): DIM BEHIND: Window{41b76bf8 paused=false}
11-13 17:52:18.678: I/WindowManager(207): DIM BEHIND: Window{41b76bf8 paused=false}
11-13 17:52:18.694: I/WindowManager(207): DIM BEHIND: Window{41b76bf8 paused=false}
11-13 17:52:18.709: I/WindowManager(207): DIM BEHIND: Window{41b76bf8 paused=false}
11-13 17:52:18.725: I/WindowManager(207): DIM BEHIND: Window{41b76bf8 paused=false}
11-13 17:52:18.748: I/WindowManager(207): DIM BEHIND: Window{41b76bf8 paused=false}
11-13 17:52:18.756: W/ThrottleService(207): unable to find stats for iface rmnet0
11-13 17:52:18.764: I/WindowManager(207): DIM BEHIND: Window{41b76bf8 paused=false}
11-13 17:52:18.780: I/WindowManager(207): DIM BEHIND: Window{41b76bf8 paused=false}
11-13 17:52:18.795: I/WindowManager(207): DIM BEHIND: Window{41b76bf8 paused=false}
11-13 17:52:18.811: I/WindowManager(207): DIM BEHIND: Window{41b76bf8 paused=false}
11-13 17:52:18.827: I/WindowManager(207): DIM BEHIND: Window{41b76bf8 paused=false}
11-13 17:52:18.850: I/WindowManager(207): DIM BEHIND: Window{41b76bf8 paused=false}
11-13 17:52:18.866: I/WindowManager(207): DIM BEHIND: Window{41b76bf8 paused=false}
11-13 17:52:18.881: I/WindowManager(207): DIM BEHIND: Window{41b76bf8 paused=false}
11-13 17:52:19.147: I/AndroidLoggerFactory(6674): Logger name 'com.daysofwonder.android.testapp.GearsActivity' exceeds maximum length of 23 characters, using 'c*.d*.a*.t*.GearsActiv*' instead.
11-13 17:52:19.155: D/JogAmp.NEWT(6674): onCreate
11-13 17:52:19.194: D/dalvikvm(6674): Trying to load lib /data/data/com.daysofwonder.android.testapp/lib/libgluegen-rt.so 0x41548a88
11-13 17:52:19.194: D/dalvikvm(6674): Added shared lib /data/data/com.daysofwonder.android.testapp/lib/libgluegen-rt.so 0x41548a88
11-13 17:52:19.194: D/dalvikvm(6674): No JNI_OnLoad found in /data/data/com.daysofwonder.android.testapp/lib/libgluegen-rt.so 0x41548a88, skipping init
11-13 17:52:19.202: W/System.err(6674): GLProfile.initSingleton() - thread main
11-13 17:52:19.202: W/System.err(6674): java.lang.Throwable: stack dump
11-13 17:52:19.209: W/System.err(6674): at java.lang.Thread.dumpStack(Thread.java:496)
11-13 17:52:19.209: W/System.err(6674): at javax.media.opengl.GLProfile.initSingleton(GLProfile.java:118)
11-13 17:52:19.209: W/System.err(6674): at javax.media.opengl.GLProfile.getProfileMap(GLProfile.java:1857)
11-13 17:52:19.209: W/System.err(6674): at javax.media.opengl.GLProfile.get(GLProfile.java:768)
11-13 17:52:19.209: W/System.err(6674): at javax.media.opengl.GLProfile.get(GLProfile.java:784)
11-13 17:52:19.209: W/System.err(6674): at com.daysofwonder.android.testapp.GearsActivity.onCreate(GearsActivity.java:28)
11-13 17:52:19.209: W/System.err(6674): at android.app.Activity.performCreate(Activity.java:4628)
11-13 17:52:19.217: W/System.err(6674): at android.app.Instrumentation.callActivityOnCreate(Instrumentation.java:1049)
11-13 17:52:19.217: W/System.err(6674): at android.app.ActivityThread.performLaunchActivity(ActivityThread.java:1963)
11-13 17:52:19.217: W/System.err(6674): at android.app.ActivityThread.handleLaunchActivity(ActivityThread.java:2024)
11-13 17:52:19.217: W/System.err(6674): at android.app.ActivityThread.access$600(ActivityThread.java:126)
11-13 17:52:19.217: W/System.err(6674): at android.app.ActivityThread$H.handleMessage(ActivityThread.java:1159)
11-13 17:52:19.217: W/System.err(6674): at android.os.Handler.dispatchMessage(Handler.java:99)
11-13 17:52:19.217: W/System.err(6674): at android.os.Looper.loop(Looper.java:137)
11-13 17:52:19.217: W/System.err(6674): at android.app.ActivityThread.main(ActivityThread.java:4479)
11-13 17:52:19.225: W/System.err(6674): at java.lang.reflect.Method.invokeNative(Native Method)
11-13 17:52:19.225: W/System.err(6674): at java.lang.reflect.Method.invoke(Method.java:511)
11-13 17:52:19.225: W/System.err(6674): at com.android.internal.os.ZygoteInit$MethodAndArgsCaller.run(ZygoteInit.java:784)
11-13 17:52:19.225: W/System.err(6674): at com.android.internal.os.ZygoteInit.main(ZygoteInit.java:551)
11-13 17:52:19.225: W/System.err(6674): at dalvik.system.NativeStart.main(Native Method)
11-13 17:52:19.248: W/System.err(6674): main - Info: NativeWindowFactory.
11-13 17:52:19.264: W/System.err(6674): main - NativeWindowFactory.initSingleton()
11-13 17:52:19.272: D/dalvikvm(6674): GC_CONCURRENT freed 212K, 3% free 11074K/11399K, paused 2ms+2ms
11-13 17:52:19.272: W/System.err(6674): NativeWindowFactory.registerFactory() interface javax.media.nativewindow.NativeWindow -> jogamp.nativewindow.NativeWindowFactoryImpl@41548a78
11-13 17:52:19.272: W/System.err(6674): NativeWindowFactory requiresToolkitLock false, desktopHasThreadingIssues false
11-13 17:52:19.272: W/System.err(6674): NativeWindowFactory isAWTAvailable false, defaultFactory jogamp.nativewindow.NativeWindowFactoryImpl@41548a78
11-13 17:52:19.280: W/System.err(6674): main - Info: GraphicsConfigurationFactory.
11-13 17:52:19.288: W/System.err(6674): main - GraphicsConfigurationFactory.initSingleton()
11-13 17:52:19.288: W/System.err(6674): GraphicsConfigurationFactory.registerFactory() put DeviceCapsType[javax.media.nativewindow.AbstractGraphicsDevice, javax.media.nativewindow.CapabilitiesImmutable] -> jogamp.nativewindow.DefaultGraphicsConfigurationFactoryImpl@41586a60, overridding: null
11-13 17:52:19.295: W/System.err(6674): GLProfile.init - thread: main
11-13 17:52:19.303: W/System.err(6674): -----------------------------------------------------------------------------------------------------
11-13 17:52:19.303: W/System.err(6674): Platform: ANDROID / Linux 3.0.8-02719-g92f5dc3 (os), armv7l (arch), EABI_GNU_ARMEL, 2 cores
11-13 17:52:19.303: W/System.err(6674): Platform: Android Version: REL, 4.0.3 [4.0.3], SDK: 15, ICE_CREAM_SANDWICH_MR1
11-13 17:52:19.303: W/System.err(6674): MachineDescription: runtimeValidated true, littleEndian true, 32Bit true, primitive size / alignment:
11-13 17:52:19.303: W/System.err(6674): int8 1 / 1, int16 2 / 2
11-13 17:52:19.303: W/System.err(6674): int 4 / 4, long 4 / 4
11-13 17:52:19.303: W/System.err(6674): int32 4 / 4, int64 8 / 8
11-13 17:52:19.303: W/System.err(6674): float 4 / 4, double 8 / 8, ldouble 8 / 8
11-13 17:52:19.303: W/System.err(6674): pointer 4 / 4, page 4096
11-13 17:52:19.303: W/System.err(6674): Platform: Java Version: 0, VM: Dalvik, Runtime: Android Runtime
11-13 17:52:19.303: W/System.err(6674): Platform: Java Vendor: The Android Project, http://www.android.com/, is JavaSE: true, AWT enabled: false
11-13 17:52:19.303: W/System.err(6674): -----------------------------------------------------------------------------------------------------
11-13 17:52:19.678: D/dalvikvm(6674): GC_CONCURRENT freed 207K, 3% free 11271K/11591K, paused 2ms+1ms
11-13 17:52:20.147: D/dalvikvm(6674): GC_CONCURRENT freed 193K, 3% free 11552K/11847K, paused 2ms+2ms
11-13 17:52:20.209: D/dalvikvm(6674): GC_CONCURRENT freed 345K, 5% free 11642K/12167K, paused 1ms+1ms
11-13 17:52:20.647: D/dalvikvm(6674): GC_CONCURRENT freed 88K, 2% free 11961K/12167K, paused 2ms+2ms
11-13 17:52:21.053: D/dalvikvm(6674): GC_CONCURRENT freed 225K, 3% free 12147K/12487K, paused 2ms+5ms
11-13 17:52:21.545: D/dalvikvm(6674): GC_CONCURRENT freed 256K, 3% free 12370K/12743K, paused 1ms+2ms
11-13 17:52:22.053: D/dalvikvm(6674): GC_CONCURRENT freed 195K, 3% free 12627K/12935K, paused 1ms+2ms
11-13 17:52:22.436: V/Sensors(207): accel data: 1.865720 0.071851 9.532178
11-13 17:52:22.436: D/dalvikvm(6674): GC_CONCURRENT freed 757K, 7% free 12384K/13255K, paused 2ms+2ms
11-13 17:52:22.913: D/dalvikvm(6674): GC_CONCURRENT freed 95K, 5% free 12692K/13255K, paused 1ms+5ms
11-13 17:52:22.998: W/System.err(6674): -----------------------------------------------------------------------------------------------------
11-13 17:52:22.998: W/System.err(6674): Package: com.jogamp.gluegen
11-13 17:52:22.998: W/System.err(6674): Extension Name: null
11-13 17:52:22.998: W/System.err(6674): Specification Title: null
11-13 17:52:22.998: W/System.err(6674): Specification Vendor: null
11-13 17:52:22.998: W/System.err(6674): Specification Version: null
11-13 17:52:23.006: W/System.err(6674): Implementation Title: null
11-13 17:52:23.006: W/System.err(6674): Implementation Vendor: null
11-13 17:52:23.006: W/System.err(6674): Implementation Vendor ID: null
11-13 17:52:23.006: W/System.err(6674): Implementation URL: null
11-13 17:52:23.006: W/System.err(6674): Implementation Version: null
11-13 17:52:23.006: W/System.err(6674): Implementation Branch: null
11-13 17:52:23.006: W/System.err(6674): Implementation Commit: null
11-13 17:52:23.006: W/System.err(6674): -----------------------------------------------------------------------------------------------------
11-13 17:52:23.436: D/dalvikvm(6674): GC_CONCURRENT freed 687K, 7% free 12518K/13319K, paused 1ms+2ms
11-13 17:52:23.709: W/System.err(6674): -----------------------------------------------------------------------------------------------------
11-13 17:52:23.709: W/System.err(6674): Package: javax.media.nativewindow
11-13 17:52:23.709: W/System.err(6674): Extension Name: null
11-13 17:52:23.709: W/System.err(6674): Specification Title: null
11-13 17:52:23.709: W/System.err(6674): Specification Vendor: null
11-13 17:52:23.709: W/System.err(6674): Specification Version: null
11-13 17:52:23.709: W/System.err(6674): Implementation Title: null
11-13 17:52:23.709: W/System.err(6674): Implementation Vendor: null
11-13 17:52:23.709: W/System.err(6674): Implementation Vendor ID: null
11-13 17:52:23.709: W/System.err(6674): Implementation URL: null
11-13 17:52:23.709: W/System.err(6674): Implementation Version: null
11-13 17:52:23.709: W/System.err(6674): Implementation Branch: null
11-13 17:52:23.709: W/System.err(6674): Implementation Commit: null
11-13 17:52:23.709: W/System.err(6674): -----------------------------------------------------------------------------------------------------
11-13 17:52:23.811: D/dalvikvm(6674): GC_CONCURRENT freed 620K, 7% free 12388K/13319K, paused 1ms+2ms
11-13 17:52:24.264: D/dalvikvm(6674): GC_CONCURRENT freed 156K, 6% free 12639K/13319K, paused 1ms+3ms
11-13 17:52:24.373: W/System.err(6674): -----------------------------------------------------------------------------------------------------
11-13 17:52:24.373: W/System.err(6674): Package: javax.media.opengl
11-13 17:52:24.373: W/System.err(6674): Extension Name: javax.media.opengl
11-13 17:52:24.373: W/System.err(6674): Specification Title: null
11-13 17:52:24.373: W/System.err(6674): Specification Vendor: null
11-13 17:52:24.373: W/System.err(6674): Specification Version: null
11-13 17:52:24.373: W/System.err(6674): Implementation Title: null
11-13 17:52:24.373: W/System.err(6674): Implementation Vendor: null
11-13 17:52:24.373: W/System.err(6674): Implementation Vendor ID: null
11-13 17:52:24.373: W/System.err(6674): Implementation URL: null
11-13 17:52:24.373: W/System.err(6674): Implementation Version: null
11-13 17:52:24.373: W/System.err(6674): Implementation Branch: null
11-13 17:52:24.373: W/System.err(6674): Implementation Commit: null
11-13 17:52:24.373: W/System.err(6674): Android Package Version: 2.0-rc-b66-20121101
11-13 17:52:24.373: W/System.err(6674): -----------------------------------------------------------------------------------------------------
11-13 17:52:24.381: W/System.err(6674): GLDrawableFactory.static - No native Windowing Factory for: .android; May use EGLDrawableFactory, if available.
11-13 17:52:24.381: W/System.err(6674): GraphicsConfigurationFactory.registerFactory() put DeviceCapsType[com.jogamp.nativewindow.egl.EGLGraphicsDevice, javax.media.opengl.GLCapabilitiesImmutable] -> jogamp.opengl.egl.EGLGraphicsConfigurationFactory@416d4ec0, overridding: null
11-13 17:52:24.397: D/dalvikvm(6674): Trying to load lib /data/data/com.daysofwonder.android.testapp/lib/libjogl_mobile.so 0x41548a88
11-13 17:52:24.397: D/dalvikvm(6674): Added shared lib /data/data/com.daysofwonder.android.testapp/lib/libjogl_mobile.so 0x41548a88
11-13 17:52:24.397: D/dalvikvm(6674): No JNI_OnLoad found in /data/data/com.daysofwonder.android.testapp/lib/libjogl_mobile.so 0x41548a88, skipping init
11-13 17:52:24.428: W/System.err(6674): Info: EGLDrawableFactory: EGL ES1 - OK, isANGLE: false
11-13 17:52:24.459: W/System.err(6674): Info: EGLDrawableFactory: EGL ES2 - OK (includesES1 false, isANGLE: false)
11-13 17:52:24.459: W/System.err(6674): main - EGLGraphicsDevice.open(): EGLGraphicsDevice[type EGL, connection decon, unitID 0, handle 0x0, nativeDisplayID 0x0, eglLifecycleCallback true]
11-13 17:52:24.459: D/libEGL(6674): loaded /system/lib/egl/libGLES_android.so
11-13 17:52:24.467: D/libEGL(6674): loaded /vendor/lib/egl/libEGL_POWERVR_SGX540_120.so
11-13 17:52:24.467: D/libEGL(6674): loaded /vendor/lib/egl/libGLESv1_CM_POWERVR_SGX540_120.so
11-13 17:52:24.475: D/libEGL(6674): loaded /vendor/lib/egl/libGLESv2_POWERVR_SGX540_120.so
11-13 17:52:24.475: W/System.err(6674): EGLDisplayUtil.eglGetDisplay(): eglDisplay(0x0): 0x1, OK
11-13 17:52:24.522: W/System.err(6674): EGLDisplayUtil.eglInitialize2(0x1 ...): #1 = true
11-13 17:52:24.522: W/System.err(6674): javax.media.opengl.GLException: No GLDrawableFactory available for profile: GL2
11-13 17:52:24.522: W/System.err(6674): at javax.media.opengl.GLDrawableFactory.getFactoryImpl(GLDrawableFactory.java:404)
11-13 17:52:24.522: W/System.err(6674): at javax.media.opengl.GLProfile.initProfilesForDefaultDevices(GLProfile.java:1401)
11-13 17:52:24.522: W/System.err(6674): at javax.media.opengl.GLProfile.access$100(GLProfile.java:76)
11-13 17:52:24.530: W/System.err(6674): at javax.media.opengl.GLProfile$1.run(GLProfile.java:157)
11-13 17:52:24.530: W/System.err(6674): at java.security.AccessController.doPrivileged(AccessController.java:45)
11-13 17:52:24.530: W/System.err(6674): at javax.media.opengl.GLProfile.initSingleton(GLProfile.java:123)
11-13 17:52:24.530: W/System.err(6674): at javax.media.opengl.GLProfile.getProfileMap(GLProfile.java:1857)
11-13 17:52:24.530: W/System.err(6674): at javax.media.opengl.GLProfile.get(GLProfile.java:768)
11-13 17:52:24.530: W/System.err(6674): at javax.media.opengl.GLProfile.get(GLProfile.java:784)
11-13 17:52:24.530: W/System.err(6674): at com.daysofwonder.android.testapp.GearsActivity.onCreate(GearsActivity.java:28)
11-13 17:52:24.530: W/System.err(6674): at android.app.Activity.performCreate(Activity.java:4628)
11-13 17:52:24.530: W/System.err(6674): at android.app.Instrumentation.callActivityOnCreate(Instrumentation.java:1049)
11-13 17:52:24.530: W/System.err(6674): at android.app.ActivityThread.performLaunchActivity(ActivityThread.java:1963)
11-13 17:52:24.530: W/System.err(6674): at android.app.ActivityThread.handleLaunchActivity(ActivityThread.java:2024)
11-13 17:52:24.538: W/System.err(6674): at android.app.ActivityThread.access$600(ActivityThread.java:126)
11-13 17:52:24.538: W/System.err(6674): at android.app.ActivityThread$H.handleMessage(ActivityThread.java:1159)
11-13 17:52:24.538: W/System.err(6674): at android.os.Handler.dispatchMessage(Handler.java:99)
11-13 17:52:24.538: W/System.err(6674): at android.os.Looper.loop(Looper.java:137)
11-13 17:52:24.538: W/System.err(6674): at android.app.ActivityThread.main(ActivityThread.java:4479)
11-13 17:52:24.538: W/System.err(6674): at java.lang.reflect.Method.invokeNative(Native Method)
11-13 17:52:24.538: W/System.err(6674): at java.lang.reflect.Method.invoke(Method.java:511)
11-13 17:52:24.538: W/System.err(6674): at com.android.internal.os.ZygoteInit$MethodAndArgsCaller.run(ZygoteInit.java:784)
11-13 17:52:24.538: W/System.err(6674): at com.android.internal.os.ZygoteInit.main(ZygoteInit.java:551)
11-13 17:52:24.538: W/System.err(6674): at dalvik.system.NativeStart.main(Native Method)
11-13 17:52:24.538: W/System.err(6674): Info: GLProfile.init - Desktop GLDrawable factory not available
11-13 17:52:24.538: W/System.err(6674): Info: GLProfile.init - Default device is EGL derived: EGLGraphicsDevice[type EGL, connection decon, unitID 0, handle 0x1, nativeDisplayID 0x0, eglLifecycleCallback true]
11-13 17:52:24.545: W/System.err(6674): Info: GLProfile.initProfilesForDevice: EGLGraphicsDevice[type EGL, connection decon, unitID 0, handle 0x1, nativeDisplayID 0x0, eglLifecycleCallback true] (com.jogamp.nativewindow.egl.EGLGraphicsDevice), isSet false, hasDesktopGLFactory false, hasEGLFactory true
11-13 17:52:24.545: W/System.err(6674): GLProfile.init map decon, desktopCtxUndef false, esCtxUndef true
11-13 17:52:24.545: W/System.err(6674): GLProfile.init map *** no mapping for GL4bc on device decon
11-13 17:52:24.545: W/System.err(6674): GLProfile.init map *** no mapping for GL3bc on device decon
11-13 17:52:24.545: W/System.err(6674): GLProfile.init map *** no mapping for GL2 on device decon
11-13 17:52:24.545: W/System.err(6674): GLProfile.init map *** no mapping for GL4 on device decon
11-13 17:52:24.545: W/System.err(6674): GLProfile.init map *** no mapping for GL3 on device decon
11-13 17:52:24.545: W/System.err(6674): GLProfile.init map *** no mapping for GL2GL3 on device decon
11-13 17:52:24.545: W/System.err(6674): GLProfile.init map GLProfile[GLES2/GLES2.sw] on device decon
11-13 17:52:24.545: W/System.err(6674): GLProfile.init map defaultAny GLProfile[GLES2/GLES2.sw] on device decon
11-13 17:52:24.545: W/System.err(6674): GLProfile.init map GLProfile[GL2ES2/GLES2.sw] on device decon
11-13 17:52:24.545: W/System.err(6674): GLProfile.init map GLProfile[GLES1/GLES1.sw] on device decon
11-13 17:52:24.545: W/System.err(6674): GLProfile.init map GLProfile[GL2ES1/GLES1.sw] on device decon
11-13 17:52:24.553: W/System.err(6674): EGLDrawableFactory.createShared: (defaultDevice): req. device: EGLGraphicsDevice[type EGL, connection decon, unitID 0, handle 0x1, nativeDisplayID 0x0, eglLifecycleCallback true], defaultDevice EGLGraphicsDevice[type EGL, connection decon, unitID 0, handle 0x1, nativeDisplayID 0x0, eglLifecycleCallback true]
11-13 17:52:24.553: W/System.err(6674): java.lang.Throwable: stack dump
11-13 17:52:24.553: W/System.err(6674): at java.lang.Thread.dumpStack(Thread.java:496)
11-13 17:52:24.553: W/System.err(6674): at jogamp.opengl.egl.EGLDrawableFactory.getOrCreateEGLSharedResource(EGLDrawableFactory.java:514)
11-13 17:52:24.553: W/System.err(6674): at jogamp.opengl.egl.EGLDrawableFactory.createSharedResource(EGLDrawableFactory.java:595)
11-13 17:52:24.553: W/System.err(6674): at javax.media.opengl.GLProfile.initProfilesForDeviceCritical(GLProfile.java:1588)
11-13 17:52:24.553: W/System.err(6674): at javax.media.opengl.GLProfile.initProfilesForDevice(GLProfile.java:1521)
11-13 17:52:24.561: W/System.err(6674): at javax.media.opengl.GLProfile.initProfilesForDefaultDevices(GLProfile.java:1489)
11-13 17:52:24.561: W/System.err(6674): at javax.media.opengl.GLProfile.access$100(GLProfile.java:76)
11-13 17:52:24.561: W/System.err(6674): at javax.media.opengl.GLProfile$1.run(GLProfile.java:157)
11-13 17:52:24.561: W/System.err(6674): at java.security.AccessController.doPrivileged(AccessController.java:45)
11-13 17:52:24.561: W/System.err(6674): at javax.media.opengl.GLProfile.initSingleton(GLProfile.java:123)
11-13 17:52:24.561: W/System.err(6674): at javax.media.opengl.GLProfile.getProfileMap(GLProfile.java:1857)
11-13 17:52:24.561: W/System.err(6674): at javax.media.opengl.GLProfile.get(GLProfile.java:768)
11-13 17:52:24.561: W/System.err(6674): at javax.media.opengl.GLProfile.get(GLProfile.java:784)
11-13 17:52:24.561: W/System.err(6674): at com.daysofwonder.android.testapp.GearsActivity.onCreate(GearsActivity.java:28)
11-13 17:52:24.561: W/System.err(6674): at android.app.Activity.performCreate(Activity.java:4628)
11-13 17:52:24.569: W/System.err(6674): at android.app.Instrumentation.callActivityOnCreate(Instrumentation.java:1049)
11-13 17:52:24.569: W/System.err(6674): at android.app.ActivityThread.performLaunchActivity(ActivityThread.java:1963)
11-13 17:52:24.569: W/System.err(6674): at android.app.ActivityThread.handleLaunchActivity(ActivityThread.java:2024)
11-13 17:52:24.569: W/System.err(6674): at android.app.ActivityThread.access$600(ActivityThread.java:126)
11-13 17:52:24.569: W/System.err(6674): at android.app.ActivityThread$H.handleMessage(ActivityThread.java:1159)
11-13 17:52:24.569: W/System.err(6674): at android.os.Handler.dispatchMessage(Handler.java:99)
11-13 17:52:24.569: W/System.err(6674): at android.os.Looper.loop(Looper.java:137)
11-13 17:52:24.569: W/System.err(6674): at android.app.ActivityThread.main(ActivityThread.java:4479)
11-13 17:52:24.569: W/System.err(6674): at java.lang.reflect.Method.invokeNative(Native Method)
11-13 17:52:24.569: W/System.err(6674): at java.lang.reflect.Method.invoke(Method.java:511)
11-13 17:52:24.577: W/System.err(6674): at com.android.internal.os.ZygoteInit$MethodAndArgsCaller.run(ZygoteInit.java:784)
11-13 17:52:24.577: W/System.err(6674): at com.android.internal.os.ZygoteInit.main(ZygoteInit.java:551)
11-13 17:52:24.577: W/System.err(6674): at dalvik.system.NativeStart.main(Native Method)
11-13 17:52:24.577: W/System.err(6674): EGLDrawableFactory.createShared(): device EGLGraphicsDevice[type EGL, connection decon, unitID 0, handle 0x1, nativeDisplayID 0x0, eglLifecycleCallback true]
11-13 17:52:24.616: W/System.err(6674): EGLGraphicsConfiguration.eglChooseConfig: eglChooseConfig eglDisplay 0x1, nativeVisualID 0x0, capsChosen GLCaps[rgba 0x5/5/5/0, opaque, accum-rgba 0/0/0/0, dp/st/ms: 16/0/0, one, mono , hw, GLProfile[GLES1/GLES1.sw], offscr[pbuffer [r2t 0, r2tr 0, float 0]]], winbits PBUFFER, fboAvail false, device EGLGraphicsDevice[type EGL, connection decon, unitID 0, handle 0x1, nativeDisplayID 0x0, eglLifecycleCallback true], .egl_decon_0, numConfigs 33
11-13 17:52:24.655: W/System.err(6674): EGLGraphicsConfiguration.eglChooseConfig: #1 eglChooseConfig: recommended fbcfg 0x3, idx 0
11-13 17:52:24.655: W/System.err(6674): EGLGraphicsConfiguration.eglChooseConfig: #1 fbcfg caps GLCaps[egl cfg 0x4, vid 0x5: rgba 0x8/8/8/8, opaque, accum-rgba 0/0/0/0, dp/st/ms: 16/0/0, dbl, mono , hw, GLProfile[GLES1/GLES1.sw], offscr[pbuffer [r2t 0, r2tr 0, float 0]], [0x1: GLES1, VG]]
11-13 17:52:24.655: W/System.err(6674): EGLGraphicsConfiguration.eglChooseConfig: got configs: 15
11-13 17:52:24.655: W/System.err(6674): 0: GLCaps[egl cfg 0x4, vid 0x5: rgba 0x8/8/8/8, opaque, accum-rgba 0/0/0/0, dp/st/ms: 16/0/0, dbl, mono , hw, GLProfile[GLES1/GLES1.sw], offscr[pbuffer [r2t 0, r2tr 0, float 0]], [0x1: GLES1, VG]]
11-13 17:52:24.655: W/System.err(6674): 1: GLCaps[egl cfg 0x8, vid 0x1ff: rgba 0x8/8/8/0, opaque, accum-rgba 0/0/0/0, dp/st/ms: 16/0/0, dbl, mono , hw, GLProfile[GLES1/GLES1.sw], offscr[pbuffer [r2t 0, r2tr 0, float 0]], [0x1: GLES1, VG]]
11-13 17:52:24.663: W/System.err(6674): 2: GLCaps[egl cfg 0x1, vid 0x5: rgba 0x8/8/8/8, opaque, accum-rgba 0/0/0/0, dp/st/ms: 24/8/0, dbl, mono , hw, GLProfile[GLES1/GLES1.sw], offscr[pbuffer [r2t 0, r2tr 0, float 0]], [0x1: GLES1, VG]]
11-13 17:52:24.663: W/System.err(6674): 3: GLCaps[egl cfg 0x5, vid 0x1ff: rgba 0x8/8/8/0, opaque, accum-rgba 0/0/0/0, dp/st/ms: 24/8/0, dbl, mono , hw, GLProfile[GLES1/GLES1.sw], offscr[pbuffer [r2t 0, r2tr 0, float 0]], [0x1: GLES1, VG]]
11-13 17:52:24.663: W/System.err(6674): 4: GLCaps[egl cfg 0xd, vid 0x0: rgba 0x8/8/8/8, opaque, accum-rgba 0/0/0/0, dp/st/ms: 24/8/0, dbl, mono , hw, GLProfile[GLES1/GLES1.sw], offscr[pbuffer [r2t 0, r2tr 0, float 0]], [0x3: GLES1, VG]]
11-13 17:52:24.663: W/System.err(6674): 5: GLCaps[egl cfg 0x3, vid 0x5: rgba 0x8/8/8/8, opaque, accum-rgba 0/0/0/0, dp/st/ms: 24/8/4, sample-ext default, dbl, mono , hw, GLProfile[GLES1/GLES1.sw], offscr[pbuffer [r2t 0, r2tr 0, float 0]], [0x1: GLES1, VG]]
11-13 17:52:24.670: W/System.err(6674): 6: GLCaps[egl cfg 0x7, vid 0x1ff: rgba 0x8/8/8/0, opaque, accum-rgba 0/0/0/0, dp/st/ms: 24/8/4, sample-ext default, dbl, mono , hw, GLProfile[GLES1/GLES1.sw], offscr[pbuffer [r2t 0, r2tr 0, float 0]], [0x1: GLES1, VG]]
11-13 17:52:24.670: W/System.err(6674): 7: GLCaps[egl cfg 0xc, vid 0x4: rgba 0x5/6/5/0, opaque, accum-rgba 0/0/0/0, dp/st/ms: 16/0/0, dbl, mono , hw, GLProfile[GLES1/GLES1.sw], offscr[pbuffer [r2t 0, r2tr 0, float 0]], [0x1: GLES1, VG]]
11-13 17:52:24.670: W/System.err(6674): 8: GLCaps[egl cfg 0x9, vid 0x4: rgba 0x5/6/5/0, opaque, accum-rgba 0/0/0/0, dp/st/ms: 24/8/0, dbl, mono , hw, GLProfile[GLES1/GLES1.sw], offscr[pbuffer [r2t 0, r2tr 0, float 0]], [0x1: GLES1, VG]]
11-13 17:52:24.670: W/System.err(6674): 9: GLCaps[egl cfg 0xe, vid 0x0: rgba 0x5/6/5/0, opaque, accum-rgba 0/0/0/0, dp/st/ms: 24/8/0, dbl, mono , hw, GLProfile[GLES1/GLES1.sw], offscr[pbuffer [r2t 0, r2tr 0, float 0]], [0x3: GLES1, VG]]
11-13 17:52:24.678: W/System.err(6674): 10: GLCaps[egl cfg 0xb, vid 0x4: rgba 0x5/6/5/0, opaque, accum-rgba 0/0/0/0, dp/st/ms: 24/8/4, sample-ext default, dbl, mono , hw, GLProfile[GLES1/GLES1.sw], offscr[pbuffer [r2t 0, r2tr 0, float 0]], [0x1: GLES1, VG]]
11-13 17:52:24.678: W/System.err(6674): 11: GLCaps[egl cfg 0x10, vid 0x0: rgba 0x5/5/5/1, opaque, accum-rgba 0/0/0/0, dp/st/ms: 24/8/0, dbl, mono , hw, GLProfile[GLES1/GLES1.sw], offscr[pbuffer [r2t 0, r2tr 0, float 0]], [0x3: GLES1, VG]]
11-13 17:52:24.678: W/System.err(6674): 12: GLCaps[egl cfg 0x1b, vid 0x4: rgba 0x5/6/5/0, opaque, accum-rgba 0/0/0/0, dp/st/ms: 16/0/0, dbl, mono , sw, GLProfile[GLES1/GLES1.sw], offscr[pbuffer [r2t 0, r2tr 0, float 0]], [0x1: GLES1, VG]]
11-13 17:52:24.678: W/System.err(6674): 13: GLCaps[egl cfg 0x1d, vid 0x2: rgba 0x8/8/8/0, opaque, accum-rgba 0/0/0/0, dp/st/ms: 16/0/0, dbl, mono , sw, GLProfile[GLES1/GLES1.sw], offscr[pbuffer [r2t 0, r2tr 0, float 0]], [0x1: GLES1, VG]]
11-13 17:52:24.686: W/System.err(6674): 14: GLCaps[egl cfg 0x1f, vid 0x1: rgba 0x8/8/8/8, opaque, accum-rgba 0/0/0/0, dp/st/ms: 16/0/0, dbl, mono , sw, GLProfile[GLES1/GLES1.sw], offscr[pbuffer [r2t 0, r2tr 0, float 0]], [0x1: GLES1, VG]]
11-13 17:52:24.686: W/System.err(6674): chooseCapabilities: Using recommendedIndex (opaque): idx 0
11-13 17:52:24.686: W/System.err(6674): EGLGraphicsConfiguration.eglChooseConfig: X chosen :0, eglConfig: 0x3: EGLGraphicsConfiguration[DefaultGraphicsScreen[EGLGraphicsDevice[type EGL, connection decon, unitID 0, handle 0x1, nativeDisplayID 0x0, eglLifecycleCallback true], idx 0],
11-13 17:52:24.686: W/System.err(6674): eglConfigHandle 0x3, eglConfigID 0x4,
11-13 17:52:24.686: W/System.err(6674): requested GLCaps[rgba 0x5/5/5/0, opaque, accum-rgba 0/0/0/0, dp/st/ms: 16/0/0, one, mono , hw, GLProfile[GLES1/GLES1.sw], offscr[pbuffer [r2t 0, r2tr 0, float 0]]],
11-13 17:52:24.686: W/System.err(6674): chosen GLCaps[egl cfg 0x4, vid 0x5: rgba 0x8/8/8/8, opaque, accum-rgba 0/0/0/0, dp/st/ms: 16/0/0, dbl, mono , hw, GLProfile[GLES1/GLES1.sw], offscr[pbuffer [r2t 0, r2tr 0, float 0]], [0x1: GLES1, VG]]]
11-13 17:52:24.694: I/System.out(6674): Pbuffer config: EGLGraphicsConfiguration[DefaultGraphicsScreen[EGLGraphicsDevice[type EGL, connection decon, unitID 0, handle 0x1, nativeDisplayID 0x0, eglLifecycleCallback true], idx 0],
11-13 17:52:24.694: I/System.out(6674): eglConfigHandle 0x3, eglConfigID 0x4,
11-13 17:52:24.694: I/System.out(6674): requested GLCaps[rgba 0x5/5/5/0, opaque, accum-rgba 0/0/0/0, dp/st/ms: 16/0/0, one, mono , hw, GLProfile[GLES1/GLES1.sw], offscr[pbuffer [r2t 0, r2tr 0, float 0]]],
11-13 17:52:24.694: I/System.out(6674): chosen GLCaps[egl cfg 0x4, vid 0x5: rgba 0x8/8/8/8, opaque, accum-rgba 0/0/0/0, dp/st/ms: 16/0/0, dbl, mono , hw, GLProfile[GLES1/GLES1.sw], offscr[pbuffer [r2t 0, r2tr 0, float 0]], [0x1: GLES1, VG]]]
11-13 17:52:24.702: W/System.err(6674): PBuffer setSurface result: eglSurface 0x1566af8
11-13 17:52:24.702: W/System.err(6674): EGLWrappedSurface.ctor(): EGLWrappedSurface[ EGLUpstreamSurfaceHook[ 64x64, jogamp.nativewindow.WrappedSurface: 0x1566af8], displayHandle 0x1, surfaceHandle 0x0, size 64x64, UOB[ ], surfaceLock <416cef80, 416ce910>[count 0, qsz 0, owner ] ]
11-13 17:52:24.709: W/System.err(6674): main: setRealized: EGLOnscreenDrawable false -> true
11-13 17:52:24.709: W/System.err(6674): main: EGLUpstreamSurfaceHook.create(EGLWrappedSurface): EGLUpstreamSurfaceHook[ 64x64, jogamp.nativewindow.WrappedSurface: 0x1566af8]
11-13 17:52:24.709: W/System.err(6674): ProxySurfaceImpl: surface change 0x0 -> 0x1566af8
11-13 17:52:24.709: W/System.err(6674): main: EGLUpstreamSurfaceHook.create(EGLWrappedSurface): Reusing eglDevice: EGLGraphicsDevice[type EGL, connection decon, unitID 0, handle 0x1, nativeDisplayID 0x0, eglLifecycleCallback true]
11-13 17:52:24.717: W/System.err(6674): main: EGLUpstreamSurfaceHook.create(EGLWrappedSurface): Reusing eglConfig: EGLGraphicsConfiguration[DefaultGraphicsScreen[EGLGraphicsDevice[type EGL, connection decon, unitID 0, handle 0x1, nativeDisplayID 0x0, eglLifecycleCallback true], idx 0],
11-13 17:52:24.717: W/System.err(6674): eglConfigHandle 0x3, eglConfigID 0x4,
11-13 17:52:24.717: W/System.err(6674): requested GLCaps[rgba 0x5/5/5/0, opaque, accum-rgba 0/0/0/0, dp/st/ms: 16/0/0, one, mono , hw, GLProfile[GLES1/GLES1.sw], offscr[pbuffer [r2t 0, r2tr 0, float 0]]],
11-13 17:52:24.717: W/System.err(6674): chosen GLCaps[egl cfg 0x4, vid 0x5: rgba 0x8/8/8/8, opaque, accum-rgba 0/0/0/0, dp/st/ms: 16/0/0, dbl, mono , hw, GLProfile[GLES1/GLES1.sw], offscr[pbuffer [r2t 0, r2tr 0, float 0]], [0x1: GLES1, VG]]]
11-13 17:52:24.717: W/System.err(6674): main: EGLUpstreamSurfaceHook.create(EGLWrappedSurface): Fin: Already valid EGL surface - use as-is: WrappedSurface[ EGLDummyUpstreamSurfaceHook[ 64x64], displayHandle 0x1, surfaceHandle 0x1566af8, size 64x64, UOB[ OWNS_SURFACE | WINDOW_INVISIBLE ], surfaceLock <417049b8, 416da918>[count 1, qsz 0, owner
] ]
11-13 17:52:24.717: W/System.err(6674): ProxySurfaceImpl: surface change 0x0 -> 0x1566af8
11-13 17:52:24.725: W/System.err(6674): main: EGLDrawable.setRealized(true): NOP - EGLWrappedSurface[ EGLUpstreamSurfaceHook[ 64x64, jogamp.nativewindow.WrappedSurface: 0x1566af8], displayHandle 0x1, surfaceHandle 0x1566af8, size 64x64, UOB[ ], surfaceLock <416cef80, 416ce910>[count 1, qsz 0, owner
] ]
11-13 17:52:24.725: W/System.err(6674): main: updateHandle of EGLWrappedSurface[ EGLUpstreamSurfaceHook[ 64x64, jogamp.nativewindow.WrappedSurface: 0x1566af8], displayHandle 0x1, surfaceHandle 0x1566af8, size 64x64, UOB[ ], surfaceLock <416cef80, 416ce910>[count 1, qsz 0, owner
] ]
11-13 17:52:24.725: W/System.err(6674): main: GLContext.resetStates()
11-13 17:52:24.733: E/dalvikvm(6674): Could not find class 'jogamp.opengl.gl4.GL4bcProcAddressTable', referenced from method jogamp.opengl.GLDebugMessageHandler.init
11-13 17:52:24.733: W/dalvikvm(6674): VFY: unable to resolve instanceof 1292 (Ljogamp/opengl/gl4/GL4bcProcAddressTable;) in Ljogamp/opengl/GLDebugMessageHandler;
11-13 17:52:24.733: D/dalvikvm(6674): VFY: replacing opcode 0x20 at 0x00f0
11-13 17:52:24.733: I/dalvikvm(6674): DexOpt: unable to optimize instance field ref 0x2444 at 0x144 in Ljogamp/opengl/GLDebugMessageHandler;.init
11-13 17:52:24.733: I/dalvikvm(6674): DexOpt: unable to optimize instance field ref 0x2443 at 0x149 in Ljogamp/opengl/GLDebugMessageHandler;.init
11-13 17:52:24.772: W/System.err(6674): main: Created OpenGL context 0x15b9cb0,
11-13 17:52:24.772: W/System.err(6674): write surface 0x1566af8,
11-13 17:52:24.772: W/System.err(6674): read surface 0x1566af8,
11-13 17:52:24.772: W/System.err(6674): EGLOnscreenContext [OpenGL -1.-1, options 0x0, null, this 0x41770568, handle 0x15b9cb0, null,
11-13 17:52:24.772: W/System.err(6674): quirks: n/a,
11-13 17:52:24.772: W/System.err(6674): Drawable: jogamp.opengl.egl.EGLOnscreenDrawable[realized true,
11-13 17:52:24.772: W/System.err(6674): factory jogamp.opengl.egl.EGLDrawableFactory@4172c358,
11-13 17:52:24.772: W/System.err(6674): surface EGLWrappedSurface[ EGLUpstreamSurfaceHook[ 64x64, jogamp.nativewindow.WrappedSurface: 0x1566af8], displayHandle 0x1, surfaceHandle 0x1566af8, size 64x64, UOB[ ], surfaceLock <416cef80, 416ce910>[count 1, qsz 0, owner
] ],
11-13 17:52:24.772: W/System.err(6674): eglSurface 0x1566af8,
11-13 17:52:24.772: W/System.err(6674): eglConfig EGLGraphicsConfiguration[DefaultGraphicsScreen[EGLGraphicsDevice[type EGL, connection decon, unitID 0, handle 0x1, nativeDisplayID 0x0, eglLifecycleCallback true], idx 0],
11-13 17:52:24.772: W/System.err(6674): eglConfigHandle 0x3, eglConfigID 0x4,
11-13 17:52:24.772: W/System.err(6674): requested GLCaps[rgba 0x5/5/5/0, opaque, accum-rgba 0/0/0/0, dp/st/ms: 16/0/0, one, mono , hw, GLProfile[GLES1/GLES1.sw], offscr[pbuffer [r2t 0, r2tr 0, float 0]]],
11-13 17:52:24.772: W/System.err(6674): chosen GLCaps[egl cfg 0x4, vid 0x5: rgba 0x8/8/8/8, opaque, accum-rgba 0/0/0/0, dp/st/ms: 16/0/0, dbl, mono , hw, GLProfile[GLES1/GLES1.sw], offscr[pbuffer [r2t 0, r2tr 0, float 0]], [0x1: GLES1, VG]]],
11-13 17:52:24.772: W/System.err(6674): requested GLCaps[rgba 0x5/5/5/0, opaque, accum-rgba 0/0/0/0, dp/st/ms: 16/0/0, one, mono , hw, GLProfile[GLES1/GLES1.sw], offscr[pbuffer [r2t 0, r2tr 0, float 0]]],
11-13 17:52:24.772: W/System.err(6674): chosen GLCaps[egl cfg 0x4, vid 0x5: rgba 0x8/8/8/8, opaque, accum-rgba 0/0/0/0, dp/st/ms: 16/0/0, dbl, mono , hw, GLProfile[GLES1/GLES1.sw], offscr[pbuffer [r2t 0, r2tr 0, float 0]], [0x1: GLES1, VG]]]] ,
11-13 17:52:24.772: W/System.err(6674): sharing with 0x0
11-13 17:52:24.780: W/System.err(6674): java.lang.Exception: Info: setGL (OpenGL null): main, -> GLES1Impl, jogamp.opengl.es1.GLES1Impl@41781ba0
11-13 17:52:24.780: W/System.err(6674): at jogamp.opengl.GLContextImpl.setGL(GLContextImpl.java:247)
11-13 17:52:24.780: W/System.err(6674): at jogamp.opengl.GLContextImpl.setGLFunctionAvailability(GLContextImpl.java:1181)
11-13 17:52:24.780: W/System.err(6674): at jogamp.opengl.egl.EGLContext.createImpl(EGLContext.java:217)
11-13 17:52:24.780: W/System.err(6674): at jogamp.opengl.GLContextImpl.makeCurrentWithinLock(GLContextImpl.java:572)
11-13 17:52:24.788: W/System.err(6674): at jogamp.opengl.GLContextImpl.makeCurrent(GLContextImpl.java:485)
11-13 17:52:24.788: W/System.err(6674): at jogamp.opengl.egl.EGLDrawableFactory.mapAvailableEGLESConfig(EGLDrawableFactory.java:429)
11-13 17:52:24.788: W/System.err(6674): at jogamp.opengl.egl.EGLDrawableFactory.createEGLSharedResourceImpl(EGLDrawableFactory.java:557)
11-13 17:52:24.788: W/System.err(6674): at jogamp.opengl.egl.EGLDrawableFactory.getOrCreateEGLSharedResource(EGLDrawableFactory.java:520)
11-13 17:52:24.788: W/System.err(6674): at jogamp.opengl.egl.EGLDrawableFactory.createSharedResource(EGLDrawableFactory.java:595)
11-13 17:52:24.788: W/System.err(6674): at javax.media.opengl.GLProfile.initProfilesForDeviceCritical(GLProfile.java:1588)
11-13 17:52:24.788: W/System.err(6674): at javax.media.opengl.GLProfile.initProfilesForDevice(GLProfile.java:1521)
11-13 17:52:24.795: W/System.err(6674): at javax.media.opengl.GLProfile.initProfilesForDefaultDevices(GLProfile.java:1489)
11-13 17:52:24.795: W/System.err(6674): at javax.media.opengl.GLProfile.access$100(GLProfile.java:76)
11-13 17:52:24.795: W/System.err(6674): at javax.media.opengl.GLProfile$1.run(GLProfile.java:157)
11-13 17:52:24.795: W/System.err(6674): at java.security.AccessController.doPrivileged(AccessController.java:45)
11-13 17:52:24.795: W/System.err(6674): at javax.media.opengl.GLProfile.initSingleton(GLProfile.java:123)
11-13 17:52:24.795: W/System.err(6674): at javax.media.opengl.GLProfile.getProfileMap(GLProfile.java:1857)
11-13 17:52:24.795: W/System.err(6674): at javax.media.opengl.GLProfile.get(GLProfile.java:768)
11-13 17:52:24.795: W/System.err(6674): at javax.media.opengl.GLProfile.get(GLProfile.java:784)
11-13 17:52:24.803: W/System.err(6674): at com.daysofwonder.android.testapp.GearsActivity.onCreate(GearsActivity.java:28)
11-13 17:52:24.803: W/System.err(6674): at android.app.Activity.performCreate(Activity.java:4628)
11-13 17:52:24.827: D/dalvikvm(6674): GC_CONCURRENT freed 870K, 8% free 12319K/13319K, paused 2ms+2ms
11-13 17:52:24.827: W/System.err(6674): at android.app.Instrumentation.callActivityOnCreate(Instrumentation.java:1049)
11-13 17:52:24.827: W/System.err(6674): at android.app.ActivityThread.performLaunchActivity(ActivityThread.java:1963)
11-13 17:52:24.827: W/System.err(6674): at android.app.ActivityThread.handleLaunchActivity(ActivityThread.java:2024)
11-13 17:52:24.827: W/System.err(6674): at android.app.ActivityThread.access$600(ActivityThread.java:126)
11-13 17:52:24.827: W/System.err(6674): at android.app.ActivityThread$H.handleMessage(ActivityThread.java:1159)
11-13 17:52:24.827: W/System.err(6674): at android.os.Handler.dispatchMessage(Handler.java:99)
11-13 17:52:24.827: W/System.err(6674): at android.os.Looper.loop(Looper.java:137)
11-13 17:52:24.834: W/System.err(6674): at android.app.ActivityThread.main(ActivityThread.java:4479)
11-13 17:52:24.834: W/System.err(6674): at java.lang.reflect.Method.invokeNative(Native Method)
11-13 17:52:24.834: W/System.err(6674): at java.lang.reflect.Method.invoke(Method.java:511)
11-13 17:52:24.834: W/System.err(6674): at com.android.internal.os.ZygoteInit$MethodAndArgsCaller.run(ZygoteInit.java:784)
11-13 17:52:24.842: W/System.err(6674): at com.android.internal.os.ZygoteInit.main(ZygoteInit.java:551)
11-13 17:52:24.842: W/System.err(6674): at dalvik.system.NativeStart.main(Native Method)
11-13 17:52:24.842: W/System.err(6674): main: Initializing EGLextension address table: EGL-.egl_decon_0
11-13 17:52:24.873: D/dalvikvm(207): GC_CONCURRENT freed 1187K, 51% free 20286K/41287K, paused 4ms+20ms
11-13 17:52:24.897: W/System.err(6674): main: GLContext EGL ProcAddressTable mapping key(EGL-.egl_decon_0) -> 0x4170a3b8
11-13 17:52:24.897: W/System.err(6674): main: GLContext.setGLFuncAvail: Given EGLGraphicsDevice[type EGL, connection decon, unitID 0, handle 0x1, nativeDisplayID 0x0, eglLifecycleCallback true] - 1.0 (ES profile, hardware) - OpenGL ES-CM 1.1
11-13 17:52:24.905: W/System.err(6674): main: GLContext.setGLFuncAvail.0 validated FQN: .egl_decon_0-0x1000008 - 1.0 (ES profile, hardware) - OpenGL ES-CM 1.1, 1.0.0
11-13 17:52:25.069: W/System.err(6674): main: GLContext GL ProcAddressTable mapping key(.egl_decon_0-0x1000008) -> 0x4177b318
11-13 17:52:25.069: W/System.err(6674): main:ExtensionAvailabilityCache: Pre-caching init jogamp.opengl.es1.GLES1Impl@41781ba0, OpenGL null
11-13 17:52:25.069: W/System.err(6674): main:ExtensionAvailabilityCache: Pre-caching extension availability OpenGL null, use glGetString
11-13 17:52:25.084: W/System.err(6674): main:ExtensionAvailabilityCache: GL_EXTENSIONS: 35, used glGetString
