11-13 17:52:26.725: W/System.err(6674): , Undecorated false (true)
11-13 17:52:26.725: W/System.err(6674): , AlwaysOnTop false, Fullscreen true
11-13 17:52:26.725: W/System.err(6674): , WrappedWindow null
11-13 17:52:26.725: W/System.err(6674): , ChildWindows 0, SurfaceUpdatedListeners num 0 [], WindowListeners num 1 [com.jogamp.newt.opengl.GLWindow$1@4165eaf8, ], MouseListeners num 0 [], KeyListeners num 0 [], windowLock <4163e4b0, 415ddb20>[count 1, qsz 1, owner ]]
11-13 17:52:26.725: W/System.err(6674): EGLWrappedSurface.ctor(): EGLWrappedSurface[ EGLUpstreamSurfaceHook[ 1280x800, jogamp.newt.driver.android.WindowDriver: 0x1641f30], displayHandle 0x1, surfaceHandle 0x0, size 1280x800, UOB[ ], surfaceLock <41737ea8, 41722ac0>[count 0, qsz 0, owner ] ]
11-13 17:52:26.733: W/System.err(6674): GLDrawableFactoryImpl.createGLDrawable: jogamp.opengl.egl.EGLOnscreenDrawable[realized false,
11-13 17:52:26.733: W/System.err(6674): factory jogamp.opengl.egl.EGLDrawableFactory@4172c358,
11-13 17:52:26.733: W/System.err(6674): surface EGLWrappedSurface[ EGLUpstreamSurfaceHook[ 1280x800, jogamp.newt.driver.android.WindowDriver: 0x1641f30], displayHandle 0x1, surfaceHandle 0x0, size 1280x800, UOB[ ], surfaceLock <41737ea8, 41722ac0>[count 0, qsz 0, owner ] ],
11-13 17:52:26.733: W/System.err(6674): eglSurface 0x0,
11-13 17:52:26.733: W/System.err(6674): eglConfig EGLGraphicsConfiguration[DefaultGraphicsScreen[EGLGraphicsDevice[type EGL, connection decon, unitID 0, handle 0x1, nativeDisplayID 0x0, eglLifecycleCallback true], idx 0],
11-13 17:52:26.733: W/System.err(6674): eglConfigHandle 0x10, eglConfigID 0x11,
11-13 17:52:26.733: W/System.err(6674): requested GLCaps[rgba 0x8/8/8/0, opaque, accum-rgba 0/0/0/0, dp/st/ms: 16/0/0, dbl, mono , hw, GLProfile[GLES2/GLES2.hw], on-scr[.]],
11-13 17:52:26.733: W/System.err(6674): chosen GLCaps[egl cfg 0x11, vid 0x5: rgba 0x8/8/8/8, opaque, accum-rgba 0/0/0/0, dp/st/ms: 24/8/0, dbl, mono , hw, GLProfile[GLES2/GLES2.hw], on-scr[.], [0x4: GLES2]]],
11-13 17:52:26.733: W/System.err(6674): requested GLCaps[rgba 0x8/8/8/0, opaque, accum-rgba 0/0/0/0, dp/st/ms: 16/0/0, dbl, mono , hw, GLProfile[GLES2/GLES2.hw], on-scr[.]],
11-13 17:52:26.733: W/System.err(6674): chosen GLCaps[egl cfg 0x11, vid 0x5: rgba 0x8/8/8/8, opaque, accum-rgba 0/0/0/0, dp/st/ms: 24/8/0, dbl, mono , hw, GLProfile[GLES2/GLES2.hw], on-scr[.], [0x4: GLES2]]]
11-13 17:52:26.733: W/System.err(6674): main-Display-.android_nil-1-EDT-1: setRealized: EGLOnscreenDrawable false -> true
11-13 17:52:26.741: W/System.err(6674): main-Display-.android_nil-1-EDT-1: EGLUpstreamSurfaceHook.create(EGLWrappedSurface): EGLUpstreamSurfaceHook[ 1280x800, jogamp.newt.driver.android.WindowDriver: 0x1641f30]
11-13 17:52:26.741: W/System.err(6674): main-Display-.android_nil-1-EDT-1: EGLUpstreamSurfaceHook.create(EGLWrappedSurface): Reusing eglDevice: EGLGraphicsDevice[type EGL, connection decon, unitID 0, handle 0x1, nativeDisplayID 0x0, eglLifecycleCallback true]
11-13 17:52:26.741: W/System.err(6674): main-Display-.android_nil-1-EDT-1: EGLUpstreamSurfaceHook.create(EGLWrappedSurface): Reusing eglConfig: EGLGraphicsConfiguration[DefaultGraphicsScreen[EGLGraphicsDevice[type EGL, connection decon, unitID 0, handle 0x1, nativeDisplayID 0x0, eglLifecycleCallback true], idx 0],
11-13 17:52:26.741: W/System.err(6674): eglConfigHandle 0x10, eglConfigID 0x11,
11-13 17:52:26.741: W/System.err(6674): requested GLCaps[rgba 0x8/8/8/0, opaque, accum-rgba 0/0/0/0, dp/st/ms: 16/0/0, dbl, mono , hw, GLProfile[GLES2/GLES2.hw], on-scr[.]],
11-13 17:52:26.741: W/System.err(6674): chosen GLCaps[egl cfg 0x11, vid 0x5: rgba 0x8/8/8/8, opaque, accum-rgba 0/0/0/0, dp/st/ms: 24/8/0, dbl, mono , hw, GLProfile[GLES2/GLES2.hw], on-scr[.], [0x4: GLES2]]]
11-13 17:52:26.756: W/System.err(6674): main-Display-.android_nil-1-EDT-1: EGLUpstreamSurfaceHook.create(EGLWrappedSurface): Fin: Already valid EGL surface - use as-is: jogamp.newt.driver.android.WindowDriver[Config EGLGraphicsConfiguration[DefaultGraphicsScreen[EGLGraphicsDevice[type EGL, connection decon, unitID 0, handle 0x1, nativeDisplayID 0x0, eglLifecycleCallback true], idx 0],
11-13 17:52:26.756: W/System.err(6674): eglConfigHandle 0x10, eglConfigID 0x11,
11-13 17:52:26.756: W/System.err(6674): requested GLCaps[rgba 0x8/8/8/0, opaque, accum-rgba 0/0/0/0, dp/st/ms: 16/0/0, dbl, mono , hw, GLProfile[GLES2/GLES2.hw], on-scr[.]],
11-13 17:52:26.756: W/System.err(6674): chosen GLCaps[egl cfg 0x11, vid 0x5: rgba 0x8/8/8/8, opaque, accum-rgba 0/0/0/0, dp/st/ms: 24/8/0, dbl, mono , hw, GLProfile[GLES2/GLES2.hw], on-scr[.], [0x4: GLES2]]]
11-13 17:52:26.756: W/System.err(6674): , NEWT-Screen[.android_nil-1-s0, idx 0, refCount 1, 1280x800, DefaultGraphicsScreen[EGLGraphicsDevice[type EGL, connection decon, unitID 0, handle 0x1, nativeDisplayID 0x0, eglLifecycleCallback true], idx 0], NEWT-Display[.android_nil-1, excl false, refCount 1, hasEDT true, edtRunning true, EGLGraphicsDevice[type EGL, connection decon, unitID 0, handle 0x1, nativeDisplayID 0x0, eglLifecycleCallback true]]]
11-13 17:52:26.756: W/System.err(6674): , ParentWindow null
11-13 17:52:26.756: W/System.err(6674): , ParentWindowHandle 0x0 (false)
11-13 17:52:26.756: W/System.err(6674): , WindowHandle 0x16030a0
11-13 17:52:26.756: W/System.err(6674): , SurfaceHandle 0x1641f30 (lockedExt window false, surface false)
11-13 17:52:26.756: W/System.err(6674): , Pos 0/0 (auto false), size 1280x800
11-13 17:52:26.756: W/System.err(6674): , Visible true, focus true
11-13 17:52:26.756: W/System.err(6674): , Undecorated false (true)
11-13 17:52:26.756: W/System.err(6674): , AlwaysOnTop false, Fullscreen true
11-13 17:52:26.756: W/System.err(6674): , WrappedWindow null
11-13 17:52:26.756: W/System.err(6674): , ChildWindows 0, SurfaceUpdatedListeners num 0 [], WindowListeners num 1 [com.jogamp.newt.opengl.GLWindow$1@4165eaf8, ], MouseListeners num 0 [], KeyListeners num 0 [], windowLock <4163e4b0, 415ddb20>[count 2, qsz 1, owner ]]
11-13 17:52:26.756: W/System.err(6674): ProxySurfaceImpl: surface change 0x0 -> 0x1641f30
11-13 17:52:26.756: W/System.err(6674): main-Display-.android_nil-1-EDT-1: EGLDrawable.setRealized(true): NOP - EGLWrappedSurface[ EGLUpstreamSurfaceHook[ 1280x800, jogamp.newt.driver.android.WindowDriver: 0x1641f30], displayHandle 0x1, surfaceHandle 0x1641f30, size 1280x800, UOB[ ], surfaceLock <41737ea8, 41722ac0>[count 1, qsz 0, owner ] ]
11-13 17:52:26.764: W/System.err(6674): main-Display-.android_nil-1-EDT-1: updateHandle of EGLWrappedSurface[ EGLUpstreamSurfaceHook[ 1280x800, jogamp.newt.driver.android.WindowDriver: 0x1641f30], displayHandle 0x1, surfaceHandle 0x1641f30, size 1280x800, UOB[ ], surfaceLock <41737ea8, 41722ac0>[count 1, qsz 0, owner ] ]
11-13 17:52:26.764: W/System.err(6674): main-Display-.android_nil-1-EDT-1: GLContext.resetStates()
11-13 17:52:26.764: W/System.err(6674): GLWindow.setVisibleActionPost(true, true) main-Display-.android_nil-1-EDT-1, fin: dt 55.328369ms
11-13 17:52:26.764: W/System.err(6674): Window setVisible: END (main-Display-.android_nil-1-EDT-1) 0/0 1280x800, fs true, windowHandle 0x16030a0, visible: true, nativeWindowCreated: true, madeVisible: true
11-13 17:52:26.764: W/System.err(6674): consumeWindowEvent: WindowEvent[WINDOW_RESIZED, NEWTEvent[sys:false, source:jogamp.newt.driver.android.WindowDriver, when:1352825546776 d 1ms]], visible true 0/0 1280x800
11-13 17:52:26.772: W/System.err(6674): GLAutoDrawableBase.sizeChanged: (main-Display-.android_nil-1-EDT-1): 1280x800 - surfaceHandle 0x1641f30
11-13 17:52:26.795: W/System.err(6674): main-Animator-1: Created OpenGL context 0x1647148,
11-13 17:52:26.795: W/System.err(6674): write surface 0x1641f30,
11-13 17:52:26.795: W/System.err(6674): read surface 0x1641f30,
11-13 17:52:26.795: W/System.err(6674): EGLOnscreenContext [OpenGL -1.-1, options 0x0, null, this 0x4176b578, handle 0x1647148, null,
11-13 17:52:26.795: W/System.err(6674): quirks: n/a,
11-13 17:52:26.795: W/System.err(6674): Drawable: jogamp.opengl.egl.EGLOnscreenDrawable[realized true,
11-13 17:52:26.795: W/System.err(6674): factory jogamp.opengl.egl.EGLDrawableFactory@4172c358,
11-13 17:52:26.795: W/System.err(6674): surface EGLWrappedSurface[ EGLUpstreamSurfaceHook[ 1280x800, jogamp.newt.driver.android.WindowDriver: 0x1641f30], displayHandle 0x1, surfaceHandle 0x1641f30, size 1280x800, UOB[ ], surfaceLock <41737ea8, 41722ac0>[count 1, qsz 0, owner ] ],
11-13 17:52:26.795: W/System.err(6674): eglSurface 0x1641f30,
11-13 17:52:26.795: W/System.err(6674): eglConfig EGLGraphicsConfiguration[DefaultGraphicsScreen[EGLGraphicsDevice[type EGL, connection decon, unitID 0, handle 0x1, nativeDisplayID 0x0, eglLifecycleCallback true], idx 0],
11-13 17:52:26.795: W/System.err(6674): eglConfigHandle 0x10, eglConfigID 0x11,
11-13 17:52:26.795: W/System.err(6674): requested GLCaps[rgba 0x8/8/8/0, opaque, accum-rgba 0/0/0/0, dp/st/ms: 16/0/0, dbl, mono , hw, GLProfile[GLES2/GLES2.hw], on-scr[.]],
11-13 17:52:26.795: W/System.err(6674): chosen GLCaps[egl cfg 0x11, vid 0x5: rgba 0x8/8/8/8, opaque, accum-rgba 0/0/0/0, dp/st/ms: 24/8/0, dbl, mono , hw, GLProfile[GLES2/GLES2.hw], on-scr[.], [0x4: GLES2]]],
11-13 17:52:26.795: W/System.err(6674): requested GLCaps[rgba 0x8/8/8/0, opaque, accum-rgba 0/0/0/0, dp/st/ms: 16/0/0, dbl, mono , hw, GLProfile[GLES2/GLES2.hw], on-scr[.]],
11-13 17:52:26.795: W/System.err(6674): chosen GLCaps[egl cfg 0x11, vid 0x5: rgba 0x8/8/8/8, opaque, accum-rgba 0/0/0/0, dp/st/ms: 24/8/0, dbl, mono , hw, GLProfile[GLES2/GLES2.hw], on-scr[.], [0x4: GLES2]]]] ,
11-13 17:52:26.795: W/System.err(6674): sharing with 0x0
11-13 17:52:26.858: W/System.err(6674): java.lang.Exception: Info: setGL (OpenGL null): main-Animator-1, -> GLES2Impl, jogamp.opengl.es2.GLES2Impl@4177a6a8
11-13 17:52:26.858: W/System.err(6674): at jogamp.opengl.GLContextImpl.setGL(GLContextImpl.java:247)
11-13 17:52:26.858: W/System.err(6674): at jogamp.opengl.GLContextImpl.setGLFunctionAvailability(GLContextImpl.java:1181)
11-13 17:52:26.858: W/System.err(6674): at jogamp.opengl.egl.EGLContext.createImpl(EGLContext.java:217)
11-13 17:52:26.858: W/System.err(6674): at jogamp.opengl.GLContextImpl.makeCurrentWithinLock(GLContextImpl.java:572)
11-13 17:52:26.866: W/System.err(6674): at jogamp.opengl.GLContextImpl.makeCurrent(GLContextImpl.java:485)
11-13 17:52:26.866: W/System.err(6674): at jogamp.opengl.GLDrawableHelper.invokeGLImpl(GLDrawableHelper.java:645)
11-13 17:52:26.866: W/System.err(6674): at jogamp.opengl.GLDrawableHelper.invokeGL(GLDrawableHelper.java:594)
11-13 17:52:26.866: W/System.err(6674): at com.jogamp.newt.opengl.GLWindow.display(GLWindow.java:543)
11-13 17:52:26.866: W/System.err(6674): at com.jogamp.opengl.util.DefaultAnimatorImpl.display(DefaultAnimatorImpl.java:50)
11-13 17:52:26.866: W/System.err(6674): at com.jogamp.opengl.util.AnimatorBase.display(AnimatorBase.java:142)
11-13 17:52:26.866: W/System.err(6674): at com.jogamp.opengl.util.Animator$MainLoop.run(Animator.java:176)
11-13 17:52:26.873: W/System.err(6674): at java.lang.Thread.run(Thread.java:856)
11-13 17:52:26.873: W/System.err(6674): main-Animator-1: Initializing EGLextension address table: EGL-.egl_decon_0
11-13 17:52:26.873: W/System.err(6674): main-Animator-1: GLContext EGL ProcAddressTable reusing key(EGL-.egl_decon_0) -> 0x4170a3b8
11-13 17:52:26.873: W/System.err(6674): main-Animator-1: GLContext.setGLFuncAvail: Given EGLGraphicsDevice[type EGL, connection decon, unitID 0, handle 0x1, nativeDisplayID 0x0, eglLifecycleCallback true] - 2.0 (ES profile, hardware) - OpenGL ES 2.0 build 1.8@785978
11-13 17:52:26.873: W/System.err(6674): main-Animator-1: GLContext.setGLFuncAvail.0 validated FQN: .egl_decon_0-0x2000008 - 2.0 (ES profile, hardware) - OpenGL ES 2.0 build 1.8@785978, 2.0.0
11-13 17:52:26.873: W/System.err(6674): main-Animator-1: GLContext GL ProcAddressTable reusing key(.egl_decon_0-0x2000008) -> 0x416017b0
11-13 17:52:26.881: W/System.err(6674): main-Animator-1: GLContext GL ExtensionAvailabilityCache reusing key(.egl_decon_0-0x2000008) -> 0x41728578 - entries: 37
11-13 17:52:26.881: W/System.err(6674): Quirk: NoSetSwapInterval: cause: OS ANDROID / Renderer PowerVR SGX 540
11-13 17:52:26.881: W/System.err(6674): main-Animator-1: GLContext.setGLFuncAvail.X: .egl_decon_0-0x2000008 - 2.0 (ES profile, ES2 compatible, FBO, hardware)
11-13 17:52:26.881: W/System.err(6674): main-Animator-1: Create GL context OK: obj 0x4176b578, ctx 0x1647148, surf 0x1641f30 for jogamp.opengl.egl.EGLOnscreenContext - 2.0 (ES profile, ES2 compatible, FBO, hardware) - OpenGL ES 2.0 build 1.8@785978
11-13 17:52:26.881: W/System.err(6674): GLDebugMessageHandler.init(false)
11-13 17:52:26.881: W/System.err(6674): GLDebugMessageHandler: GL DEBUG not set in ARB ctx options: 2.0 (ES profile, ES2 compatible, FBO, hardware) - OpenGL ES 2.0 build 1.8@785978
11-13 17:52:26.889: W/System.err(6674): GLDebugMessageHandler.init(false) .. n/a
11-13 17:52:26.889: I/System.out(6674): GLPipelineFactory: Start jogamp.opengl.es2.GLES2Impl, req. Interface: null -> javax.media.opengl.Debug
11-13 17:52:26.889: I/System.out(6674): GLPipelineFactory: Try jogamp.opengl.es2.GLES2Impl Interface[3]: javax.media.opengl.GLES2
11-13 17:52:26.889: I/System.out(6674): GLPipelineFactory: jogamp.opengl.es2.GLES2Impl _is_ instance of javax.media.opengl.GLES2
11-13 17:52:26.889: I/System.out(6674): GLPipelineFactory: Got : javax.media.opengl.DebugGLES2, base interface: javax.media.opengl.GLES2
11-13 17:52:26.889: W/System.err(6674): java.lang.Exception: Info: setGL (OpenGL 2.0 (ES profile, ES2 compatible, FBO, hardware) - OpenGL ES 2.0 build 1.8@785978): main-Animator-1, GLES2Impl, jogamp.opengl.es2.GLES2Impl@4177a6a8 -> DebugGLES2, DebugGLES2 [ implementing javax.media.opengl.GLES2,
11-13 17:52:26.889: W/System.err(6674): downstream: jogamp.opengl.es2.GLES2Impl@4177a6a8
11-13 17:52:26.889: W/System.err(6674): ]
11-13 17:52:26.889: W/System.err(6674): at jogamp.opengl.GLContextImpl.setGL(GLContextImpl.java:247)
11-13 17:52:26.889: W/System.err(6674): at jogamp.opengl.GLContextImpl.makeCurrent(GLContextImpl.java:527)
11-13 17:52:26.889: W/System.err(6674): at jogamp.opengl.GLDrawableHelper.invokeGLImpl(GLDrawableHelper.java:645)
11-13 17:52:26.897: W/System.err(6674): at jogamp.opengl.GLDrawableHelper.invokeGL(GLDrawableHelper.java:594)
11-13 17:52:26.897: W/System.err(6674): at com.jogamp.newt.opengl.GLWindow.display(GLWindow.java:543)
11-13 17:52:26.897: W/System.err(6674): at com.jogamp.opengl.util.DefaultAnimatorImpl.display(DefaultAnimatorImpl.java:50)
11-13 17:52:26.897: W/System.err(6674): at com.jogamp.opengl.util.AnimatorBase.display(AnimatorBase.java:142)
11-13 17:52:26.897: W/System.err(6674): at com.jogamp.opengl.util.Animator$MainLoop.run(Animator.java:176)
11-13 17:52:26.897: W/System.err(6674): at java.lang.Thread.run(Thread.java:856)
11-13 17:52:26.897: W/System.err(6674): main-Animator-1: GLContext.ContextSwitch: obj 0x4176b578, ctx 0x1647148, surf 0x1641f30 - switch - CONTEXT_CURRENT_NEW - <417704b0, 4176b640>[count 1, qsz 0, owner ]
11-13 17:52:26.905: W/System.err(6674): GLDrawableHelper GLAnimatorControl: com.jogamp.opengl.util.Animator[started true, animating true, paused false, drawable 1, totals[dt 495, frames 1663, fps 3272.7273]], GLEventListeners num 1 [com.daysofwonder.android.testapp.GearsES2@4171b7c8[init false], ].invokeGL(): Running initAction
11-13 17:52:26.905: W/System.err(6674): Thread[main-Animator-1,5,main] GearsES2.init ...
11-13 17:52:26.905: W/System.err(6674): GearsES2 init on Thread[main-Animator-1,5,main]
11-13 17:52:26.905: W/System.err(6674): Chosen GLCapabilities: GLCaps[egl cfg 0x11, vid 0x5: rgba 0x8/8/8/8, opaque, accum-rgba 0/0/0/0, dp/st/ms: 24/8/0, dbl, mono , hw, GLProfile[GLES2/GLES2.hw], on-scr[.], [0x4: GLES2]]
11-13 17:52:26.905: W/System.err(6674): INIT GL IS: javax.media.opengl.DebugGLES2
11-13 17:52:26.905: W/System.err(6674): GL_VENDOR: Imagination Technologies
11-13 17:52:26.905: W/System.err(6674): GL_RENDERER: PowerVR SGX 540
11-13 17:52:26.905: W/System.err(6674): GL_VERSION: OpenGL ES 2.0 build 1.8@785978
11-13 17:52:26.913: W/System.err(6674): GL GLSL: true, has-compiler: true, version OpenGL ES GLSL ES 1.00 build 1.8@785978, 1.0.8
11-13 17:52:26.913: W/System.err(6674): GL FBO: basic true, full false
11-13 17:52:26.913: W/System.err(6674): GL Profile: GLProfile[GLES2/GLES2.hw]
11-13 17:52:26.913: W/System.err(6674): GL Renderer Quirks:[NoSetSwapInterval]
11-13 17:52:26.913: W/System.err(6674): GL:DebugGLES2 [ implementing javax.media.opengl.GLES2,
11-13 17:52:26.913: W/System.err(6674): downstream: jogamp.opengl.es2.GLES2Impl@4177a6a8
11-13 17:52:26.913: W/System.err(6674): ], 2.0 (ES profile, ES2 compatible, FBO, hardware) - OpenGL ES 2.0 build 1.8@785978
11-13 17:52:26.920: W/System.err(6674): Animator stop Thread[main-Animator-1,5,main]: [started true, animating true, paused false, drawable 1]
11-13 17:52:27.358: V/Sensors(207): accel data: 1.908831 -0.019160 9.481882
11-13 17:52:31.366: W/dalvikvm(6674): threadid=12: thread exiting with uncaught exception (group=0x40aa41f8)
11-13 17:52:31.397: E/AndroidRuntime(6674): FATAL EXCEPTION: main-Animator-1
11-13 17:52:31.397: E/AndroidRuntime(6674): javax.media.opengl.GLException: unsupported binary format: 35850
11-13 17:52:31.397: E/AndroidRuntime(6674): at com.jogamp.opengl.util.glsl.ShaderCode.getBinarySubPath(ShaderCode.java:256)
11-13 17:52:31.397: E/AndroidRuntime(6674): at com.jogamp.opengl.util.glsl.ShaderCode.create(ShaderCode.java:364)
11-13 17:52:31.397: E/AndroidRuntime(6674): at com.jogamp.opengl.util.glsl.ShaderCode.create(ShaderCode.java:433)
11-13 17:52:31.397: E/AndroidRuntime(6674): at com.daysofwonder.android.testapp.GearsES2.init(GearsES2.java:144)
11-13 17:52:31.397: E/AndroidRuntime(6674): at jogamp.opengl.GLDrawableHelper.init(GLDrawableHelper.java:332)
11-13 17:52:31.397: E/AndroidRuntime(6674): at jogamp.opengl.GLDrawableHelper.init(GLDrawableHelper.java:352)
11-13 17:52:31.397: E/AndroidRuntime(6674): at jogamp.opengl.GLAutoDrawableBase$1.run(GLAutoDrawableBase.java:268)
11-13 17:52:31.397: E/AndroidRuntime(6674): at jogamp.opengl.GLDrawableHelper.invokeGLImpl(GLDrawableHelper.java:653)
11-13 17:52:31.397: E/AndroidRuntime(6674): at jogamp.opengl.GLDrawableHelper.invokeGL(GLDrawableHelper.java:594)
11-13 17:52:31.397: E/AndroidRuntime(6674): at com.jogamp.newt.opengl.GLWindow.display(GLWindow.java:543)
11-13 17:52:31.397: E/AndroidRuntime(6674): at com.jogamp.opengl.util.DefaultAnimatorImpl.display(DefaultAnimatorImpl.java:50)
11-13 17:52:31.397: E/AndroidRuntime(6674): at com.jogamp.opengl.util.AnimatorBase.display(AnimatorBase.java:142)
11-13 17:52:31.397: E/AndroidRuntime(6674): at com.jogamp.opengl.util.Animator$MainLoop.run(Animator.java:176)
11-13 17:52:31.397: E/AndroidRuntime(6674): at java.lang.Thread.run(Thread.java:856)
11-13 17:52:31.452: D/JogAmp.NEWT(6674): onPause
11-13 17:52:31.452: W/ActivityManager(207): Force finishing activity com.daysofwonder.android.testapp/.GearsActivity
11-13 17:52:31.459: W/System.err(6674): Window setVisible: START (main) 0/0 1280x800, fs true, windowHandle 0x16030a0, visible: true -> false, parentWindowHandle 0x0, parentWindow false
11-13 17:52:31.467: W/System.err(6674): GLWindow.resetCounter() main-Display-.android_nil-1-EDT-1
11-13 17:52:31.467: W/System.err(6674): Window.visibleChanged (main-Display-.android_nil-1-EDT-1): (defer: false) true -> false - windowHandle 0x16030a0 parentWindowHandle 0x0
11-13 17:52:31.467: W/System.err(6674): GLWindow.setVisibleActionPost(false, false) main-Display-.android_nil-1-EDT-1, start
11-13 17:52:31.467: W/System.err(6674): GLWindow.setVisibleActionPost(false, false) main-Display-.android_nil-1-EDT-1, fin: dt 1.861572ms
11-13 17:52:31.498: W/System.err(6674): Window setVisible: END (main-Display-.android_nil-1-EDT-1) 0/0 1280x800, fs true, windowHandle 0x16030a0, visible: false, nativeWindowCreated: false, madeVisible: false
11-13 17:52:31.506: D/dalvikvm(6674): GC_CONCURRENT freed 683K, 7% free 13451K/14407K, paused 5ms+5ms
11-13 17:52:31.561: V/PhoneStatusBar(387): setLightsOn(true)
11-13 17:52:31.678: I/WindowManager(207): DIM BEHIND: Window{41ac1ce0 paused=false}
11-13 17:52:31.686: I/WindowManager(207): DIM BEHIND: Window{41ac1ce0 paused=false}
11-13 17:52:31.702: I/WindowManager(207): DIM BEHIND: Window{41ac1ce0 paused=false}
11-13 17:52:31.717: I/WindowManager(207): DIM BEHIND: Window{41ac1ce0 paused=false}
11-13 17:52:31.741: I/WindowManager(207): DIM BEHIND: Window{41ac1ce0 paused=false}
11-13 17:52:31.756: I/WindowManager(207): DIM BEHIND: Window{41ac1ce0 paused=false}
11-13 17:52:31.772: I/WindowManager(207): DIM BEHIND: Window{41ac1ce0 paused=false}
11-13 17:52:31.788: I/WindowManager(207): DIM BEHIND: Window{41ac1ce0 paused=false}
11-13 17:52:31.803: I/WindowManager(207): DIM BEHIND: Window{41ac1ce0 paused=false}
11-13 17:52:31.827: I/WindowManager(207): DIM BEHIND: Window{41ac1ce0 paused=false}
11-13 17:52:31.842: I/WindowManager(207): DIM BEHIND: Window{41ac1ce0 paused=false}
11-13 17:52:31.866: I/PhoneWindowManager(207): repositioning status bar
11-13 17:52:31.873: I/WindowManager(207): DIM BEHIND: Window{41ac1ce0 paused=false}
11-13 17:52:31.881: D/JogAmp.NEWT(6674): surfaceDestroyed
11-13 17:52:31.881: I/WindowManager(207): DIM BEHIND: Window{41ac1ce0 paused=false}
11-13 17:52:31.881: I/WindowManager(207): DIM BEHIND: Window{41ac1ce0 paused=false}
11-13 17:52:31.889: W/System.err(6674): Window.windowDestroyNotify(force: true) START main: jogamp.newt.driver.android.WindowDriver[Config EGLGraphicsConfiguration[DefaultGraphicsScreen[EGLGraphicsDevice[type EGL, connection decon, unitID 0, handle 0x1, nativeDisplayID 0x0, eglLifecycleCallback true], idx 0],
11-13 17:52:31.889: W/System.err(6674): eglConfigHandle 0x10, eglConfigID 0x11,
11-13 17:52:31.889: W/System.err(6674): requested GLCaps[rgba 0x8/8/8/0, opaque, accum-rgba 0/0/0/0, dp/st/ms: 16/0/0, dbl, mono , hw, GLProfile[GLES2/GLES2.hw], on-scr[.]],
11-13 17:52:31.889: W/System.err(6674): chosen GLCaps[egl cfg 0x11, vid 0x5: rgba 0x8/8/8/8, opaque, accum-rgba 0/0/0/0, dp/st/ms: 24/8/0, dbl, mono , hw, GLProfile[GLES2/GLES2.hw], on-scr[.], [0x4: GLES2]]]
11-13 17:52:31.897: W/System.err(6674): , NEWT-Screen[.android_nil-1-s0, idx 0, refCount 1, 1280x800, DefaultGraphicsScreen[EGLGraphicsDevice[type EGL, connection decon, unitID 0, handle 0x1, nativeDisplayID 0x0, eglLifecycleCallback true], idx 0], NEWT-Display[.android_nil-1, excl false, refCount 1, hasEDT true, edtRunning true, EGLGraphicsDevice[type EGL, connection decon, unitID 0, handle 0x1, nativeDisplayID 0x0, eglLifecycleCallback true]]]
11-13 17:52:31.897: W/System.err(6674): , ParentWindow null
11-13 17:52:31.897: W/System.err(6674): , ParentWindowHandle 0x0 (false)
11-13 17:52:31.897: W/System.err(6674): , WindowHandle 0x16030a0
11-13 17:52:31.897: W/System.err(6674): , SurfaceHandle 0x1641f30 (lockedExt window false, surface false)
11-13 17:52:31.897: W/System.err(6674): , Pos 0/0 (auto false), size 1280x800
11-13 17:52:31.897: W/System.err(6674): , Visible false, focus true
11-13 17:52:31.897: W/System.err(6674): , Undecorated false (true)
11-13 17:52:31.897: W/System.err(6674): , AlwaysOnTop false, Fullscreen true
11-13 17:52:31.897: W/System.err(6674): , WrappedWindow null
11-13 17:52:31.897: W/System.err(6674): , ChildWindows 0, SurfaceUpdatedListeners num 0 [], WindowListeners num 1 [com.jogamp.newt.opengl.GLWindow$1@4165eaf8, ], MouseListeners num 0 [], KeyListeners num 0 [], windowLock <4163e4b0, 415ddb20>[count 0, qsz 0, owner ]]
11-13 17:52:31.897: I/WindowManager(207): DIM BEHIND: Window{41ac1ce0 paused=false}
11-13 17:52:31.897: I/WindowManager(207): DIM BEHIND: Window{41ac1ce0 paused=false}
11-13 17:52:31.905: W/System.err(6674): consumeWindowEvent: WindowEvent[EVENT_WINDOW_DESTROY_NOTIFY, NEWTEvent[sys:false, source:jogamp.newt.driver.android.WindowDriver, when:1352825551906 d 7ms]], visible false 0/0 1280x800
11-13 17:52:31.905: W/System.err(6674): Window DestroyAction() main-Display-.android_nil-1-EDT-1
11-13 17:52:31.905: W/System.err(6674): GLWindow.destroy() main-Display-.android_nil-1-EDT-1, start
11-13 17:52:31.905: W/System.err(6674): Thread[main-Display-.android_nil-1-EDT-1,5,main] GearsES2.dispose ...
11-13 17:52:31.913: W/System.err(6674): main-Display-.android_nil-1-EDT-1: GLContextImpl.destroy.0: obj 0x4176b578, ctx 0x1647148, surf 0x1641f30, isShared false - <417704b0, 4176b640>[count 1, qsz 0, owner ]
11-13 17:52:31.913: W/System.err(6674): main-Display-.android_nil-1-EDT-1: GLContext.resetStates()
11-13 17:52:31.913: I/WindowManager(207): DIM BEHIND: Window{41ac1ce0 paused=false}
11-13 17:52:31.920: W/System.err(6674): javax.media.opengl.GLException: No program is attached
11-13 17:52:31.920: W/System.err(6674): at com.jogamp.opengl.util.glsl.ShaderState.useProgram(ShaderState.java:148)
11-13 17:52:31.920: W/System.err(6674): at com.daysofwonder.android.testapp.GearsES2.dispose(GearsES2.java:251)
11-13 17:52:31.920: W/System.err(6674): at jogamp.opengl.GLDrawableHelper.dispose(GLDrawableHelper.java:326)
11-13 17:52:31.920: W/System.err(6674): at jogamp.opengl.GLDrawableHelper.invokeGLImpl(GLDrawableHelper.java:664)
11-13 17:52:31.920: W/System.err(6674): at jogamp.opengl.GLDrawableHelper.disposeGL(GLDrawableHelper.java:614)
11-13 17:52:31.920: W/System.err(6674): at jogamp.opengl.GLAutoDrawableBase.destroyImplInLock(GLAutoDrawableBase.java:233)
11-13 17:52:31.920: W/System.err(6674): at com.jogamp.newt.opengl.GLWindow.access$300(GLWindow.java:94)
11-13 17:52:31.920: W/System.err(6674): at com.jogamp.newt.opengl.GLWindow$GLLifecycleHook.destroyActionInLock(GLWindow.java:433)
11-13 17:52:31.920: W/System.err(6674): at jogamp.newt.WindowImpl$DestroyAction.run(WindowImpl.java:871)
11-13 17:52:31.920: W/System.err(6674): at jogamp.newt.DisplayImpl.runOnEDTIfAvail(DisplayImpl.java:206)
11-13 17:52:31.920: I/WindowManager(207): DIM BEHIND: Window{41ac1ce0 paused=false}
11-13 17:52:31.928: W/System.err(6674): at jogamp.newt.WindowImpl.runOnEDTIfAvail(WindowImpl.java:1577)
11-13 17:52:31.928: W/System.err(6674): at jogamp.newt.WindowImpl.destroy(WindowImpl.java:928)
11-13 17:52:31.928: W/System.err(6674): at com.jogamp.newt.opengl.GLWindow.destroy(GLWindow.java:389)
11-13 17:52:31.928: W/System.err(6674): at jogamp.opengl.GLAutoDrawableBase.destroyAvoidAwareOfLocking(GLAutoDrawableBase.java:196)
11-13 17:52:31.928: W/System.err(6674): at jogamp.opengl.GLAutoDrawableBase.defaultWindowDestroyNotifyOp(GLAutoDrawableBase.java:152)
11-13 17:52:31.928: W/System.err(6674): at com.jogamp.newt.opengl.GLWindow.access$200(GLWindow.java:94)
11-13 17:52:31.928: W/System.err(6674): at com.jogamp.newt.opengl.GLWindow$1.windowDestroyNotify(GLWindow.java:117)
11-13 17:52:31.928: W/System.err(6674): at jogamp.newt.WindowImpl.consumeWindowEvent(WindowImpl.java:2380)
11-13 17:52:31.928: W/System.err(6674): at jogamp.newt.WindowImpl.consumeEvent(WindowImpl.java:1943)
11-13 17:52:31.928: W/System.err(6674): at jogamp.newt.DisplayImpl.dispatchMessage(DisplayImpl.java:388)
11-13 17:52:31.936: W/System.err(6674): at jogamp.newt.DisplayImpl.dispatchMessages(DisplayImpl.java:436)
11-13 17:52:31.936: W/System.err(6674): at jogamp.newt.DisplayImpl$DispatchMessagesRunnable.run(DisplayImpl.java:371)
11-13 17:52:31.936: W/System.err(6674): at jogamp.newt.DefaultEDTUtil$EventDispatchThread.run(DefaultEDTUtil.java:293)
11-13 17:52:31.936: W/System.err(6674): main-Display-.android_nil-1-EDT-1: setRealized: EGLOnscreenDrawable true -> false
11-13 17:52:31.936: I/WindowManager(207): DIM BEHIND: Window{41ac1ce0 paused=false}
11-13 17:52:31.944: W/System.err(6674): main-Display-.android_nil-1-EDT-1: destroyHandle of EGLWrappedSurface[ EGLUpstreamSurfaceHook[ 1280x800, jogamp.newt.driver.android.WindowDriver: 0x1641f30], displayHandle 0x1, surfaceHandle 0x1641f30, size 1280x800, UOB[ ], surfaceLock <41737ea8, 41722ac0>[count 0, qsz 0, owner ] ]
11-13 17:52:31.944: W/System.err(6674): main-Display-.android_nil-1-EDT-1: EGLDrawable.setRealized(false): NOP - EGLWrappedSurface[ EGLUpstreamSurfaceHook[ 1280x800, jogamp.newt.driver.android.WindowDriver: 0x1641f30], displayHandle 0x1, surfaceHandle 0x1641f30, size 1280x800, UOB[ ], surfaceLock <41737ea8, 41722ac0>[count 0, qsz 0, owner ] ]
11-13 17:52:31.944: W/System.err(6674): EGLUpstreamSurfaceHook.destroy(EGLWrappedSurface): EGLUpstreamSurfaceHook[ 1280x800, jogamp.newt.driver.android.WindowDriver: 0x1641f30]
11-13 17:52:31.944: D/AmazonToggle(387): setText toggle_on
11-13 17:52:31.944: D/AmazonToggle(387): setText toggle_off
11-13 17:52:31.944: W/System.err(6674): GLWindow.destroy() main-Display-.android_nil-1-EDT-1, fin
11-13 17:52:31.944: D/QuickSettings-Wifi(387): handleSelection Begin
11-13 17:52:31.944: D/JogAmp.NEWT(6674): closeNativeImpl 0 - surfaceHandle 0x16030a0, eglSurfaceHandle 0x1641f30, format [a 1, n 1], 0/0 1280x800 - main-Display-.android_nil-1-EDT-1
11-13 17:52:31.952: I/WindowManager(207): DIM BEHIND: Window{41ac1ce0 paused=false}
11-13 17:52:31.967: I/WindowManager(207): DIM BEHIND: Window{41ac1ce0 paused=false}
11-13 17:52:31.991: I/WindowManager(207): DIM BEHIND: Window{41ac1ce0 paused=false}
11-13 17:52:32.014: I/WindowManager(207): DIM BEHIND: Window{41ac1ce0 paused=false}
11-13 17:52:32.022: W/System.err(6674): Screen.removeReference() (main-Display-.android_nil-1-EDT-1): 1 -> 0
11-13 17:52:32.022: W/System.err(6674): ScreenModeStatus.removeListener (size: 0): NEWT-Screen[.android_nil-1-s0, idx 0, refCount 0, 1280x800, DefaultGraphicsScreen[EGLGraphicsDevice[type EGL, connection decon, unitID 0, handle 0x1, nativeDisplayID 0x0, eglLifecycleCallback true], idx 0], NEWT-Display[.android_nil-1, excl false, refCount 1, hasEDT true, edtRunning true, EGLGraphicsDevice[type EGL, connection decon, unitID 0, handle 0x1, nativeDisplayID 0x0, eglLifecycleCallback true]]]
11-13 17:52:32.022: W/System.err(6674): ScreenModeStatus.unmap .android_nil-1-s0 -> jogamp.newt.ScreenModeStatus@415dea50
11-13 17:52:32.022: W/System.err(6674): Display.removeReference() (main-Display-.android_nil-1-EDT-1): 1 -> 0
11-13 17:52:32.022: W/System.err(6674): Display.destroy(.android_nil-1) BEGIN DisplayList[] entries: 1 - main-Display-.android_nil-1-EDT-1
11-13 17:52:32.030: W/System.err(6674): [0] : NEWT-Display[.android_nil-1, excl false, refCount 0, hasEDT true, edtRunning true, EGLGraphicsDevice[type EGL, connection decon, unitID 0, handle 0x1, nativeDisplayID 0x0, eglLifecycleCallback true]]
11-13 17:52:32.030: I/WindowManager(207): DIM BEHIND: Window{41ac1ce0 paused=false}
11-13 17:52:32.038: W/System.err(6674): Display.destroy(): NEWT-Display[.android_nil-1, excl false, refCount 0, hasEDT true, edtRunning true, EGLGraphicsDevice[type EGL, connection decon, unitID 0, handle 0x1, nativeDisplayID 0x0, eglLifecycleCallback true]] main-Display-.android_nil-1-EDT-1
11-13 17:52:32.038: W/System.err(6674): Thread[main-Display-.android_nil-1-EDT-1,5,main]: EDT signal STOP (on edt: true) - tasks: 0 - Thread[main-Display-.android_nil-1-EDT-1,5,main]
11-13 17:52:32.038: W/System.err(6674): main-Display-.android_nil-1-EDT-1 - EGLGraphicsDevice.close(): EGLGraphicsDevice[type EGL, connection decon, unitID 0, handle 0x1, nativeDisplayID 0x0, eglLifecycleCallback true]
11-13 17:52:32.038: W/System.err(6674): EGLDisplayUtil.eglTerminate(0x1 ...): #1 = true
11-13 17:52:32.038: W/System.err(6674): Thread[main-Display-.android_nil-1-EDT-1,5,main]: EDT signal STOP X edt: Thread[main-Display-.android_nil-1-EDT-1,5,main]
11-13 17:52:32.045: W/System.err(6674): Thread[main-Display-.android_nil-1-EDT-1,5,main]: EDT reset - edt: Thread[main-Display-.android_nil-1-EDT-1,5,main]
11-13 17:52:32.045: W/System.err(6674): Display.destroy(.android_nil-1) END DisplayList[] entries: 0 - main-Display-.android_nil-1-EDT-1
11-13 17:52:32.045: I/WindowManager(207): DIM BEHIND: Window{41ac1ce0 paused=false}
11-13 17:52:32.053: W/System.err(6674): consumeWindowEvent: WindowEvent[EVENT_WINDOW_DESTROYED, NEWTEvent[sys:false, source:jogamp.newt.driver.android.WindowDriver, when:1352825552055 d 4ms]], visible false 0/0 1280x800
11-13 17:52:32.053: W/System.err(6674): Window.destroy() END main-Display-.android_nil-1-EDT-1
11-13 17:52:32.061: I/WindowManager(207): DIM BEHIND: Window{41ac1ce0 paused=false}
11-13 17:52:32.069: W/System.err(6674): main-Display-.android_nil-1-EDT-1: EDT run() END main-Display-.android_nil-1-EDT-1, tasks: 0, null, null
11-13 17:52:32.069: W/System.err(6674): java.lang.Throwable: stack dump
11-13 17:52:32.077: W/System.err(6674): at java.lang.Thread.dumpStack(Thread.java:496)
11-13 17:52:32.077: W/System.err(6674): at jogamp.newt.DefaultEDTUtil$EventDispatchThread.run(DefaultEDTUtil.java:351)
11-13 17:52:32.084: W/System.err(6674): main-Display-.android_nil-1-EDT-1: EDT run() EXIT main-Display-.android_nil-1-EDT-1, exception: null
11-13 17:52:32.084: W/System.err(6674): Window.windowDestroyNotify(force: true) END main: destroyed true, jogamp.newt.driver.android.WindowDriver[Config EGLGraphicsConfiguration[DefaultGraphicsScreen[EGLGraphicsDevice[type EGL, connection decon, unitID 0, handle 0x0, nativeDisplayID 0x0, eglLifecycleCallback true], idx 0],
11-13 17:52:32.084: W/System.err(6674): eglConfigHandle 0x10, eglConfigID 0x11,
11-13 17:52:32.084: W/System.err(6674): requested GLCaps[rgba 0x8/8/8/0, opaque, accum-rgba 0/0/0/0, dp/st/ms: 16/0/0, dbl, mono , hw, GLProfile[GLES2/GLES2.hw], on-scr[.]],
11-13 17:52:32.084: W/System.err(6674): chosen GLCaps[egl cfg 0x11, vid 0x5: rgba 0x8/8/8/8, opaque, accum-rgba 0/0/0/0, dp/st/ms: 24/8/0, dbl, mono , hw, GLProfile[GLES2/GLES2.hw], on-scr[.], [0x4: GLES2]]]
11-13 17:52:32.084: W/System.err(6674): , NEWT-Screen[.android_nil-1-s0, idx 0, refCount 0, 1280x800, null, NEWT-Display[.android_nil-1, excl false, refCount 0, hasEDT true, edtRunning false, null]]
11-13 17:52:32.084: W/System.err(6674): , ParentWindow null
11-13 17:52:32.084: W/System.err(6674): , ParentWindowHandle 0x0 (false)
11-13 17:52:32.084: W/System.err(6674): , WindowHandle 0x0
11-13 17:52:32.084: W/System.err(6674): , SurfaceHandle 0x0 (lockedExt window false, surface false)
11-13 17:52:32.084: W/System.err(6674): , Pos 0/0 (auto false), size 1280x800
11-13 17:52:32.084: W/System.err(6674): , Visible false, focus false
11-13 17:52:32.084: W/System.err(6674): , Undecorated false (false)
11-13 17:52:32.084: W/System.err(6674): , AlwaysOnTop false, Fullscreen false
11-13 17:52:32.084: I/WindowManager(207): DIM BEHIND: Window{41ac1ce0 paused=false}
11-13 17:52:32.092: W/System.err(6674): , WrappedWindow null
11-13 17:52:32.092: W/System.err(6674): , ChildWindows 0, SurfaceUpdatedListeners num 0 [], WindowListeners num 1 [com.jogamp.newt.opengl.GLWindow$1@4165eaf8, ], MouseListeners num 0 [], KeyListeners num 0 [], windowLock <4163e4b0, 415ddb20>[count 0, qsz 0, owner ]]
11-13 17:52:32.092: D/OpenGLRenderer(6674): Flushing caches (mode 0)
11-13 17:52:32.100: I/WindowManager(207): DIM BEHIND: Window{41ac1ce0 paused=false}
11-13 17:52:32.108: I/WindowManager(207): DIM BEHIND: Window{41ac1ce0 paused=false}
11-13 17:52:32.116: D/OpenGLRenderer(6674): Flushing caches (mode 1)
11-13 17:52:32.116: D/JogAmp.NEWT(6674): onStop
11-13 17:52:32.116: D/JogAmp.NEWT(6674): onDestroy
11-13 17:52:32.116: I/WindowManager(207): DIM BEHIND: Window{41ac1ce0 paused=false}
11-13 17:52:32.123: W/System.err(6674): Thread[main,5,main]: EDT START - edt: Thread[main-Display-.android_nil-1-EDT-2,5,main]
11-13 17:52:32.123: W/System.err(6674): main-Display-.android_nil-1-EDT-2: EDT run() START main-Display-.android_nil-1-EDT-2
11-13 17:52:32.123: W/System.err(6674): Window DestroyAction() main-Display-.android_nil-1-EDT-2
11-13 17:52:32.123: W/System.err(6674): GLWindow.destroy() main-Display-.android_nil-1-EDT-2, start
11-13 17:52:32.123: W/System.err(6674): GLWindow.destroy() main-Display-.android_nil-1-EDT-2, fin
11-13 17:52:32.123: W/System.err(6674): Thread[main-Display-.android_nil-1-EDT-2,5,main]: EDT signal STOP (on edt: true) - tasks: 0 - Thread[main-Display-.android_nil-1-EDT-2,5,main]
11-13 17:52:32.123: W/System.err(6674): Thread[main-Display-.android_nil-1-EDT-2,5,main]: EDT signal STOP X edt: Thread[main-Display-.android_nil-1-EDT-2,5,main]
11-13 17:52:32.123: W/System.err(6674): Thread[main-Display-.android_nil-1-EDT-2,5,main]: EDT reset - edt: Thread[main-Display-.android_nil-1-EDT-2,5,main]
11-13 17:52:32.131: W/System.err(6674): consumeWindowEvent: WindowEvent[EVENT_WINDOW_DESTROYED, NEWTEvent[sys:false, source:jogamp.newt.driver.android.WindowDriver, when:1352825552138 d 1ms]], visible false 0/0 1280x800
11-13 17:52:32.131: W/System.err(6674): Window.destroy() END main-Display-.android_nil-1-EDT-2
11-13 17:52:32.131: W/System.err(6674): main-Display-.android_nil-1-EDT-2: EDT run() END main-Display-.android_nil-1-EDT-2, tasks: 0, null, null
11-13 17:52:32.131: I/WindowManager(207): DIM BEHIND: Window{41ac1ce0 paused=false}
11-13 17:52:32.131: I/WindowManager(207): DIM BEHIND: Window{41ac1ce0 paused=false}
11-13 17:52:32.139: W/System.err(6674): java.lang.Throwable: stack dump
11-13 17:52:32.139: W/System.err(6674): at java.lang.Thread.dumpStack(Thread.java:496)
11-13 17:52:32.139: W/System.err(6674): at jogamp.newt.DefaultEDTUtil$EventDispatchThread.run(DefaultEDTUtil.java:351)
11-13 17:52:32.139: W/System.err(6674): main-Display-.android_nil-1-EDT-2: EDT run() EXIT main-Display-.android_nil-1-EDT-2, exception: null
11-13 17:52:32.139: I/WindowManager(207): DIM BEHIND: Window{41ac1ce0 paused=false}
11-13 17:52:32.147: I/WindowManager(207): DIM BEHIND: Window{41ac1ce0 paused=false}
11-13 17:52:32.170: I/WindowManager(207): DIM BEHIND: Window{41ac1ce0 paused=false}
11-13 17:52:32.186: I/WindowManager(207): DIM BEHIND: Window{41ac1ce0 paused=false}
11-13 17:52:32.209: I/WindowManager(207): DIM BEHIND: Window{41ac1ce0 paused=false}
11-13 17:52:32.217: I/WindowManager(207): DIM BEHIND: Window{41ac1ce0 paused=false}
11-13 17:52:32.233: I/WindowManager(207): DIM BEHIND: Window{41ac1ce0 paused=false}
11-13 17:52:32.256: I/WindowManager(207): DIM BEHIND: Window{41ac1ce0 paused=false}
11-13 17:52:32.272: I/WindowManager(207): DIM BEHIND: Window{41ac1ce0 paused=false}
11-13 17:52:32.280: V/Sensors(207): accel data: 1.834585 0.043110 9.433982
11-13 17:52:34.811: I/WindowManager(207): DIM BEHIND: Window{41ac1ce0 paused=false}
11-13 17:52:34.858: I/WindowManager(207): DIM BEHIND: Window{41ac1ce0 paused=false}
11-13 17:52:36.108: I/Process(6674): Sending signal. PID: 6674 SIG: 9
11-13 17:52:36.147: I/WindowManager(207): DIM BEHIND: Window{41ac1ce0 paused=false}
11-13 17:52:36.147: I/ActivityManager(207): Process com.daysofwonder.android.testapp (pid 6674) has died.
11-13 17:52:36.155: I/WindowManager(207): DIM BEHIND: Window{41ac1ce0 paused=false}
11-13 17:52:36.155: I/WindowManager(207): DIM BEHIND: Window{41ac1ce0 paused=false}
11-13 17:52:36.163: V/PhoneStatusBar(387): setLightsOn(true)
11-13 17:52:36.163: W/InputManagerService(207): Got RemoteException sending setActive(false) notification to pid 6674 uid 10022
11-13 17:52:36.178: I/WindowManager(207): DIM BEHIND: Window{41ac1ce0 paused=false}
11-13 17:52:36.194: I/WindowManager(207): DIM BEHIND: Window{41ac1ce0 paused=false}
11-13 17:52:36.209: I/WindowManager(207): DIM BEHIND: Window{41ac1ce0 paused=false}
11-13 17:52:36.233: I/WindowManager(207): DIM BEHIND: Window{41ac1ce0 paused=false}
11-13 17:52:36.248: I/WindowManager(207): DIM BEHIND: Window{41ac1ce0 paused=false}
11-13 17:52:36.264: I/WindowManager(207): DIM BEHIND: Window{41ac1ce0 paused=false}
11-13 17:52:36.280: I/WindowManager(207): DIM BEHIND: Window{41ac1ce0 paused=false}
11-13 17:52:36.295: I/WindowManager(207): DIM BEHIND: Window{41ac1ce0 paused=false}
11-13 17:52:36.311: I/WindowManager(207): DIM BEHIND: Window{41ac1ce0 paused=false}
11-13 17:52:36.334: I/WindowManager(207): DIM BEHIND: Window{41ac1ce0 paused=false}
11-13 17:52:36.350: I/WindowManager(207): DIM BEHIND: Window{41ac1ce0 paused=false}
11-13 17:52:37.202: V/Sensors(207): accel data: 1.913621 0.093406 9.366921
11-13 17:52:42.123: V/Sensors(207): accel data: 1.975891 0.038320 9.412427