11-13 18:26:34.358: W/System.err(9189): glVertexPointer( GLArrayDataWrapper[mgl_Vertex, index 32884, location -1, isVertexAttribute false, dataType 0x1406, bufferClazz class java.nio.FloatBuffer, elements 84, components 3, stride 24b 6c, buffer java.nio.FloatToByteBufferAdapter, status: capacity=252 position=0 limit=252, vboEnabled true, vboName 7, vboUsage 0x88e4, vboTarget 0x8892, vboOffset 0, alive true])
11-13 18:26:34.366: W/System.err(9189): glNormalPointer( GLArrayDataWrapper[mgl_Normal, index 32885, location -1, isVertexAttribute false, dataType 0x1406, bufferClazz class java.nio.FloatBuffer, elements 84, components 3, stride 24b 6c, buffer java.nio.FloatToByteBufferAdapter, status: capacity=252 position=0 limit=252, vboEnabled true, vboName 7, vboUsage 0x88e4, vboTarget 0x8892, vboOffset 12, alive true])
11-13 18:26:34.366: W/System.err(9189): glBindBuffer( 0x8892, 0x0)
11-13 18:26:34.366: W/System.err(9189): glEnableClientState( 0x8074)
11-13 18:26:34.366: W/System.err(9189): glEnableClientState( 0x8075)
11-13 18:26:34.366: W/System.err(9189): glDrawArrays( 0x5, 0x0, 0x2A)
11-13 18:26:34.366: W/System.err(9189): glDisableClientState( 0x8074)
11-13 18:26:34.366: W/System.err(9189): glDisableClientState( 0x8075)
11-13 18:26:34.366: W/System.err(9189): glBindBuffer( 0x8892, 0x8)
11-13 18:26:34.373: W/System.err(9189): glVertexPointer( GLArrayDataWrapper[mgl_Vertex, index 32884, location -1, isVertexAttribute false, dataType 0x1406, bufferClazz class java.nio.FloatBuffer, elements 120, components 3, stride 24b 6c, buffer java.nio.FloatToByteBufferAdapter, status: capacity=360 position=0 limit=360, vboEnabled true, vboName 8, vboUsage 0x88e4, vboTarget 0x8892, vboOffset 0, alive true])
11-13 18:26:34.373: W/System.err(9189): glNormalPointer( GLArrayDataWrapper[mgl_Normal, index 32885, location -1, isVertexAttribute false, dataType 0x1406, bufferClazz class java.nio.FloatBuffer, elements 120, components 3, stride 24b 6c, buffer java.nio.FloatToByteBufferAdapter, status: capacity=360 position=0 limit=360, vboEnabled true, vboName 8, vboUsage 0x88e4, vboTarget 0x8892, vboOffset 12, alive true])
11-13 18:26:34.373: W/System.err(9189): glBindBuffer( 0x8892, 0x0)
11-13 18:26:34.373: W/System.err(9189): glEnableClientState( 0x8074)
11-13 18:26:34.373: W/System.err(9189): glEnableClientState( 0x8075)
11-13 18:26:34.373: W/System.err(9189): glDrawArrays( 0x4, 0x0, 0x3C)
11-13 18:26:34.373: W/System.err(9189): glDisableClientState( 0x8074)
11-13 18:26:34.381: W/System.err(9189): glDisableClientState( 0x8075)
11-13 18:26:34.381: W/System.err(9189): glBindBuffer( 0x8892, 0x9)
11-13 18:26:34.381: W/System.err(9189): glVertexPointer( GLArrayDataWrapper[mgl_Vertex, index 32884, location -1, isVertexAttribute false, dataType 0x1406, bufferClazz class java.nio.FloatBuffer, elements 84, components 3, stride 24b 6c, buffer java.nio.FloatToByteBufferAdapter, status: capacity=252 position=0 limit=252, vboEnabled true, vboName 9, vboUsage 0x88e4, vboTarget 0x8892, vboOffset 0, alive true])
11-13 18:26:34.381: W/System.err(9189): glNormalPointer( GLArrayDataWrapper[mgl_Normal, index 32885, location -1, isVertexAttribute false, dataType 0x1406, bufferClazz class java.nio.FloatBuffer, elements 84, components 3, stride 24b 6c, buffer java.nio.FloatToByteBufferAdapter, status: capacity=252 position=0 limit=252, vboEnabled true, vboName 9, vboUsage 0x88e4, vboTarget 0x8892, vboOffset 12, alive true])
11-13 18:26:34.381: W/System.err(9189): glBindBuffer( 0x8892, 0x0)
11-13 18:26:34.381: W/System.err(9189): glEnableClientState( 0x8074)
11-13 18:26:34.389: W/System.err(9189): glEnableClientState( 0x8075)
11-13 18:26:34.389: W/System.err(9189): glDrawArrays( 0x5, 0x0, 0x2A)
11-13 18:26:34.389: W/System.err(9189): glDisableClientState( 0x8074)
11-13 18:26:34.389: W/System.err(9189): glDisableClientState( 0x8075)
11-13 18:26:34.389: W/System.err(9189): glBindBuffer( 0x8892, 0xA)
11-13 18:26:34.389: W/System.err(9189): glVertexPointer( GLArrayDataWrapper[mgl_Vertex, index 32884, location -1, isVertexAttribute false, dataType 0x1406, bufferClazz class java.nio.FloatBuffer, elements 120, components 3, stride 24b 6c, buffer java.nio.FloatToByteBufferAdapter, status: capacity=360 position=0 limit=360, vboEnabled true, vboName 10, vboUsage 0x88e4, vboTarget 0x8892, vboOffset 0, alive true])
11-13 18:26:34.397: W/System.err(9189): glNormalPointer( GLArrayDataWrapper[mgl_Normal, index 32885, location -1, isVertexAttribute false, dataType 0x1406, bufferClazz class java.nio.FloatBuffer, elements 120, components 3, stride 24b 6c, buffer java.nio.FloatToByteBufferAdapter, status: capacity=360 position=0 limit=360, vboEnabled true, vboName 10, vboUsage 0x88e4, vboTarget 0x8892, vboOffset 12, alive true])
11-13 18:26:34.397: W/System.err(9189): glBindBuffer( 0x8892, 0x0)
11-13 18:26:34.397: W/System.err(9189): glEnableClientState( 0x8074)
11-13 18:26:34.397: W/System.err(9189): glEnableClientState( 0x8075)
11-13 18:26:34.397: W/System.err(9189): glDrawArrays( 0x4, 0x0, 0x3C)
11-13 18:26:34.397: W/System.err(9189): glDisableClientState( 0x8074)
11-13 18:26:34.397: W/System.err(9189): glDisableClientState( 0x8075)
11-13 18:26:34.397: W/System.err(9189): glBindBuffer( 0x8892, 0xB)
11-13 18:26:34.405: W/System.err(9189): glVertexPointer( GLArrayDataWrapper[mgl_Vertex, index 32884, location -1, isVertexAttribute false, dataType 0x1406, bufferClazz class java.nio.FloatBuffer, elements 324, components 3, stride 24b 6c, buffer java.nio.FloatToByteBufferAdapter, status: capacity=972 position=0 limit=972, vboEnabled true, vboName 11, vboUsage 0x88e4, vboTarget 0x8892, vboOffset 0, alive true])
11-13 18:26:34.405: W/System.err(9189): glNormalPointer( GLArrayDataWrapper[mgl_Normal, index 32885, location -1, isVertexAttribute false, dataType 0x1406, bufferClazz class java.nio.FloatBuffer, elements 324, components 3, stride 24b 6c, buffer java.nio.FloatToByteBufferAdapter, status: capacity=972 position=0 limit=972, vboEnabled true, vboName 11, vboUsage 0x88e4, vboTarget 0x8892, vboOffset 12, alive true])
11-13 18:26:34.405: W/System.err(9189): glBindBuffer( 0x8892, 0x0)
11-13 18:26:34.405: W/System.err(9189): glEnableClientState( 0x8074)
11-13 18:26:34.405: W/System.err(9189): glEnableClientState( 0x8075)
11-13 18:26:34.413: W/System.err(9189): glDrawArrays( 0x5, 0x0, 0xA2)
11-13 18:26:34.413: W/System.err(9189): glDisableClientState( 0x8074)
11-13 18:26:34.413: W/System.err(9189): glDisableClientState( 0x8075)
11-13 18:26:34.413: W/System.err(9189): glShadeModel( 0x1D01)
11-13 18:26:34.413: W/System.err(9189): glBindBuffer( 0x8892, 0xC)
11-13 18:26:34.413: W/System.err(9189): glVertexPointer( GLArrayDataWrapper[mgl_Vertex, index 32884, location -1, isVertexAttribute false, dataType 0x1406, bufferClazz class java.nio.FloatBuffer, elements 44, components 3, stride 24b 6c, buffer java.nio.FloatToByteBufferAdapter, status: capacity=132 position=0 limit=132, vboEnabled true, vboName 12, vboUsage 0x88e4, vboTarget 0x8892, vboOffset 0, alive true])
11-13 18:26:34.420: W/System.err(9189): glNormalPointer( GLArrayDataWrapper[mgl_Normal, index 32885, location -1, isVertexAttribute false, dataType 0x1406, bufferClazz class java.nio.FloatBuffer, elements 44, components 3, stride 24b 6c, buffer java.nio.FloatToByteBufferAdapter, status: capacity=132 position=0 limit=132, vboEnabled true, vboName 12, vboUsage 0x88e4, vboTarget 0x8892, vboOffset 12, alive true])
11-13 18:26:34.420: W/System.err(9189): glBindBuffer( 0x8892, 0x0)
11-13 18:26:34.420: W/System.err(9189): glEnableClientState( 0x8074)
11-13 18:26:34.420: W/System.err(9189): glEnableClientState( 0x8075)
11-13 18:26:34.420: W/System.err(9189): glDrawArrays( 0x5, 0x0, 0x16)
11-13 18:26:34.420: W/System.err(9189): glDisableClientState( 0x8074)
11-13 18:26:34.420: W/System.err(9189): glDisableClientState( 0x8075)
11-13 18:26:34.420: W/System.err(9189): glPopMatrix()
11-13 18:26:34.420: W/System.err(9189): glPushMatrix()
11-13 18:26:34.420: W/System.err(9189): glTranslatef( -3.1, 4.2, 0.0)
11-13 18:26:34.420: W/System.err(9189): glRotatef( -821.0, 0.0, 0.0, 1.0)
11-13 18:26:34.428: W/System.err(9189): glMaterialfv( 0x408, 0x1602, java.nio.FloatToByteBufferAdapter, status: capacity=4 position=0 limit=4)
11-13 18:26:34.428: W/System.err(9189): glShadeModel( 0x1D00)
11-13 18:26:34.428: W/System.err(9189): glBindBuffer( 0x8892, 0xD)
11-13 18:26:34.428: W/System.err(9189): glVertexPointer( GLArrayDataWrapper[mgl_Vertex, index 32884, location -1, isVertexAttribute false, dataType 0x1406, bufferClazz class java.nio.FloatBuffer, elements 84, components 3, stride 24b 6c, buffer java.nio.FloatToByteBufferAdapter, status: capacity=252 position=0 limit=252, vboEnabled true, vboName 13, vboUsage 0x88e4, vboTarget 0x8892, vboOffset 0, alive true])
11-13 18:26:34.428: W/System.err(9189): glNormalPointer( GLArrayDataWrapper[mgl_Normal, index 32885, location -1, isVertexAttribute false, dataType 0x1406, bufferClazz class java.nio.FloatBuffer, elements 84, components 3, stride 24b 6c, buffer java.nio.FloatToByteBufferAdapter, status: capacity=252 position=0 limit=252, vboEnabled true, vboName 13, vboUsage 0x88e4, vboTarget 0x8892, vboOffset 12, alive true])
11-13 18:26:34.436: W/System.err(9189): glBindBuffer( 0x8892, 0x0)
11-13 18:26:34.436: W/System.err(9189): glEnableClientState( 0x8074)
11-13 18:26:34.436: W/System.err(9189): glEnableClientState( 0x8075)
11-13 18:26:34.436: W/System.err(9189): glDrawArrays( 0x5, 0x0, 0x2A)
11-13 18:26:34.436: W/System.err(9189): glDisableClientState( 0x8074)
11-13 18:26:34.436: W/System.err(9189): glDisableClientState( 0x8075)
11-13 18:26:34.436: W/System.err(9189): glBindBuffer( 0x8892, 0xE)
11-13 18:26:34.444: W/System.err(9189): glVertexPointer( GLArrayDataWrapper[mgl_Vertex, index 32884, location -1, isVertexAttribute false, dataType 0x1406, bufferClazz class java.nio.FloatBuffer, elements 120, components 3, stride 24b 6c, buffer java.nio.FloatToByteBufferAdapter, status: capacity=360 position=0 limit=360, vboEnabled true, vboName 14, vboUsage 0x88e4, vboTarget 0x8892, vboOffset 0, alive true])
11-13 18:26:34.444: W/System.err(9189): glNormalPointer( GLArrayDataWrapper[mgl_Normal, index 32885, location -1, isVertexAttribute false, dataType 0x1406, bufferClazz class java.nio.FloatBuffer, elements 120, components 3, stride 24b 6c, buffer java.nio.FloatToByteBufferAdapter, status: capacity=360 position=0 limit=360, vboEnabled true, vboName 14, vboUsage 0x88e4, vboTarget 0x8892, vboOffset 12, alive true])
11-13 18:26:34.444: W/System.err(9189): glBindBuffer( 0x8892, 0x0)
11-13 18:26:34.444: W/System.err(9189): glEnableClientState( 0x8074)
11-13 18:26:34.444: W/System.err(9189): glEnableClientState( 0x8075)
11-13 18:26:34.444: W/System.err(9189): glDrawArrays( 0x4, 0x0, 0x3C)
11-13 18:26:34.452: W/System.err(9189): glDisableClientState( 0x8074)
11-13 18:26:34.452: W/System.err(9189): glDisableClientState( 0x8075)
11-13 18:26:34.452: W/System.err(9189): glBindBuffer( 0x8892, 0xF)
11-13 18:26:34.452: W/System.err(9189): glVertexPointer( GLArrayDataWrapper[mgl_Vertex, index 32884, location -1, isVertexAttribute false, dataType 0x1406, bufferClazz class java.nio.FloatBuffer, elements 84, components 3, stride 24b 6c, buffer java.nio.FloatToByteBufferAdapter, status: capacity=252 position=0 limit=252, vboEnabled true, vboName 15, vboUsage 0x88e4, vboTarget 0x8892, vboOffset 0, alive true])
11-13 18:26:34.452: W/System.err(9189): glNormalPointer( GLArrayDataWrapper[mgl_Normal, index 32885, location -1, isVertexAttribute false, dataType 0x1406, bufferClazz class java.nio.FloatBuffer, elements 84, components 3, stride 24b 6c, buffer java.nio.FloatToByteBufferAdapter, status: capacity=252 position=0 limit=252, vboEnabled true, vboName 15, vboUsage 0x88e4, vboTarget 0x8892, vboOffset 12, alive true])
11-13 18:26:34.459: W/System.err(9189): glBindBuffer( 0x8892, 0x0)
11-13 18:26:34.459: W/System.err(9189): glEnableClientState( 0x8074)
11-13 18:26:34.459: W/System.err(9189): glEnableClientState( 0x8075)
11-13 18:26:34.459: W/System.err(9189): glDrawArrays( 0x5, 0x0, 0x2A)
11-13 18:26:34.459: W/System.err(9189): glDisableClientState( 0x8074)
11-13 18:26:34.459: W/System.err(9189): glDisableClientState( 0x8075)
11-13 18:26:34.459: W/System.err(9189): glBindBuffer( 0x8892, 0x10)
11-13 18:26:34.459: W/System.err(9189): glVertexPointer( GLArrayDataWrapper[mgl_Vertex, index 32884, location -1, isVertexAttribute false, dataType 0x1406, bufferClazz class java.nio.FloatBuffer, elements 120, components 3, stride 24b 6c, buffer java.nio.FloatToByteBufferAdapter, status: capacity=360 position=0 limit=360, vboEnabled true, vboName 16, vboUsage 0x88e4, vboTarget 0x8892, vboOffset 0, alive true])
11-13 18:26:34.467: W/System.err(9189): glNormalPointer( GLArrayDataWrapper[mgl_Normal, index 32885, location -1, isVertexAttribute false, dataType 0x1406, bufferClazz class java.nio.FloatBuffer, elements 120, components 3, stride 24b 6c, buffer java.nio.FloatToByteBufferAdapter, status: capacity=360 position=0 limit=360, vboEnabled true, vboName 16, vboUsage 0x88e4, vboTarget 0x8892, vboOffset 12, alive true])
11-13 18:26:34.467: W/System.err(9189): glBindBuffer( 0x8892, 0x0)
11-13 18:26:34.467: W/System.err(9189): glEnableClientState( 0x8074)
11-13 18:26:34.467: W/System.err(9189): glEnableClientState( 0x8075)
11-13 18:26:34.467: W/System.err(9189): glDrawArrays( 0x4, 0x0, 0x3C)
11-13 18:26:34.467: W/System.err(9189): glDisableClientState( 0x8074)
11-13 18:26:34.467: W/System.err(9189): glDisableClientState( 0x8075)
11-13 18:26:34.467: W/System.err(9189): glBindBuffer( 0x8892, 0x11)
11-13 18:26:34.475: W/System.err(9189): glVertexPointer( GLArrayDataWrapper[mgl_Vertex, index 32884, location -1, isVertexAttribute false, dataType 0x1406, bufferClazz class java.nio.FloatBuffer, elements 324, components 3, stride 24b 6c, buffer java.nio.FloatToByteBufferAdapter, status: capacity=972 position=0 limit=972, vboEnabled true, vboName 17, vboUsage 0x88e4, vboTarget 0x8892, vboOffset 0, alive true])
11-13 18:26:34.475: W/System.err(9189): glNormalPointer( GLArrayDataWrapper[mgl_Normal, index 32885, location -1, isVertexAttribute false, dataType 0x1406, bufferClazz class java.nio.FloatBuffer, elements 324, components 3, stride 24b 6c, buffer java.nio.FloatToByteBufferAdapter, status: capacity=972 position=0 limit=972, vboEnabled true, vboName 17, vboUsage 0x88e4, vboTarget 0x8892, vboOffset 12, alive true])
11-13 18:26:34.475: D/FavoritesCMSServer(381): Attempting to reconnect to CMSServer
11-13 18:26:34.475: I/FavoritesCMSServer(381): Favorites-CMSServer connection status: Connecting
11-13 18:26:34.475: W/System.err(9189): glBindBuffer( 0x8892, 0x0)
11-13 18:26:34.475: W/System.err(9189): glEnableClientState( 0x8074)
11-13 18:26:34.475: W/System.err(9189): glEnableClientState( 0x8075)
11-13 18:26:34.483: W/System.err(9189): glDrawArrays( 0x5, 0x0, 0xA2)
11-13 18:26:34.483: W/System.err(9189): glDisableClientState( 0x8074)
11-13 18:26:34.483: W/System.err(9189): glDisableClientState( 0x8075)
11-13 18:26:34.483: W/System.err(9189): glShadeModel( 0x1D01)
11-13 18:26:34.483: W/System.err(9189): glBindBuffer( 0x8892, 0x12)
11-13 18:26:34.491: W/System.err(9189): glVertexPointer( GLArrayDataWrapper[mgl_Vertex, index 32884, location -1, isVertexAttribute false, dataType 0x1406, bufferClazz class java.nio.FloatBuffer, elements 44, components 3, stride 24b 6c, buffer java.nio.FloatToByteBufferAdapter, status: capacity=132 position=0 limit=132, vboEnabled true, vboName 18, vboUsage 0x88e4, vboTarget 0x8892, vboOffset 0, alive true])
11-13 18:26:34.491: W/System.err(9189): glNormalPointer( GLArrayDataWrapper[mgl_Normal, index 32885, location -1, isVertexAttribute false, dataType 0x1406, bufferClazz class java.nio.FloatBuffer, elements 44, components 3, stride 24b 6c, buffer java.nio.FloatToByteBufferAdapter, status: capacity=132 position=0 limit=132, vboEnabled true, vboName 18, vboUsage 0x88e4, vboTarget 0x8892, vboOffset 12, alive true])
11-13 18:26:34.491: W/System.err(9189): glBindBuffer( 0x8892, 0x0)
11-13 18:26:34.491: W/System.err(9189): glEnableClientState( 0x8074)
11-13 18:26:34.491: W/System.err(9189): glEnableClientState( 0x8075)
11-13 18:26:34.491: W/System.err(9189): glDrawArrays( 0x5, 0x0, 0x16)
11-13 18:26:34.491: W/System.err(9189): glDisableClientState( 0x8074)
11-13 18:26:34.498: W/System.err(9189): glDisableClientState( 0x8075)
11-13 18:26:34.498: W/System.err(9189): glPopMatrix()
11-13 18:26:34.498: W/System.err(9189): glPopMatrix()
11-13 18:26:34.506: W/System.err(9189): glClearColor( 0.0, 0.0, 0.0, 0.0)
11-13 18:26:34.522: W/System.err(9189): glClear( 0x4100)
11-13 18:26:34.530: W/System.err(9189): glNormal3f( 0.0, 0.0, 1.0)
11-13 18:26:34.530: W/System.err(9189): glPushMatrix()
11-13 18:26:34.530: D/FavoritesCMSServer(381): Attempting to reconnect to CMSServer
11-13 18:26:34.530: D/FavoritesCMSServer(381): Attempting to reconnect to CMSServer
11-13 18:26:34.530: D/FavoritesCMSServer(381): Attempting to reconnect to CMSServer
11-13 18:26:34.530: D/FavoritesCMSServer(381): Attempting to reconnect to CMSServer
11-13 18:26:34.530: D/FavoritesCMSServer(381): Attempting to reconnect to CMSServer
11-13 18:26:34.530: D/FavoritesCMSServer(381): Attempting to reconnect to CMSServer
11-13 18:26:34.530: D/FavoritesCMSServer(381): Attempting to reconnect to CMSServer
11-13 18:26:34.530: D/FavoritesCMSServer(381): Attempting to reconnect to CMSServer
11-13 18:26:34.530: D/FavoritesCMSServer(381): Attempting to reconnect to CMSServer
11-13 18:26:34.530: D/FavoritesCMSServer(381): Attempting to reconnect to CMSServer
11-13 18:26:34.530: D/FavoritesCMSServer(381): Attempting to reconnect to CMSServer
11-13 18:26:34.530: D/FavoritesCMSServer(381): Attempting to reconnect to CMSServer
11-13 18:26:34.530: D/FavoritesCMSServer(381): Attempting to reconnect to CMSServer
11-13 18:26:34.530: D/FavoritesCMSServer(381): Attempting to reconnect to CMSServer
11-13 18:26:34.530: D/FavoritesCMSServer(381): Attempting to reconnect to CMSServer
11-13 18:26:34.530: D/FavoritesCMSServer(381): Attempting to reconnect to CMSServer
11-13 18:26:34.530: W/System.err(9189): glRotatef( 20.0, 1.0, 0.0, 0.0)
11-13 18:26:34.530: I/ActivityManager(207): Start proc com.amazon.kindle.cms for service com.amazon.kindle.cms/.CMSService: pid=9349 uid=32005 gids={1015}
11-13 18:26:34.538: W/System.err(9189): glRotatef( 30.0, 0.0, 1.0, 0.0)
11-13 18:26:34.538: W/System.err(9189): glRotatef( 0.0, 0.0, 0.0, 1.0)
11-13 18:26:34.538: W/System.err(9189): glPushMatrix()
11-13 18:26:34.538: W/System.err(9189): glTranslatef( -3.0, -2.0, 0.0)
11-13 18:26:34.545: W/System.err(9189): glRotatef( 400.0, 0.0, 0.0, 1.0)
11-13 18:26:34.545: W/System.err(9189): glMaterialfv( 0x408, 0x1602, java.nio.FloatToByteBufferAdapter, status: capacity=4 position=0 limit=4)
11-13 18:26:34.545: W/System.err(9189): glShadeModel( 0x1D00)
11-13 18:26:34.545: W/System.err(9189): glBindBuffer( 0x8892, 0x1)
11-13 18:26:34.553: W/System.err(9189): glVertexPointer( GLArrayDataWrapper[mgl_Vertex, index 32884, location -1, isVertexAttribute false, dataType 0x1406, bufferClazz class java.nio.FloatBuffer, elements 164, components 3, stride 24b 6c, buffer java.nio.FloatToByteBufferAdapter, status: capacity=492 position=0 limit=492, vboEnabled true, vboName 1, vboUsage 0x88e4, vboTarget 0x8892, vboOffset 0, alive true])
11-13 18:26:34.569: W/System.err(9189): glNormalPointer( GLArrayDataWrapper[mgl_Normal, index 32885, location -1, isVertexAttribute false, dataType 0x1406, bufferClazz class java.nio.FloatBuffer, elements 164, components 3, stride 24b 6c, buffer java.nio.FloatToByteBufferAdapter, status: capacity=492 position=0 limit=492, vboEnabled true, vboName 1, vboUsage 0x88e4, vboTarget 0x8892, vboOffset 12, alive true])
11-13 18:26:34.569: W/System.err(9189): glBindBuffer( 0x8892, 0x0)
11-13 18:26:34.577: W/System.err(9189): glEnableClientState( 0x8074)
11-13 18:26:34.577: W/System.err(9189): glEnableClientState( 0x8075)
11-13 18:26:34.584: W/System.err(9189): glDrawArrays( 0x5, 0x0, 0x52)
11-13 18:26:34.584: W/System.err(9189): glDisableClientState( 0x8074)
11-13 18:26:34.584: W/System.err(9189): glDisableClientState( 0x8075)
11-13 18:26:34.584: W/System.err(9189): glBindBuffer( 0x8892, 0x2)
11-13 18:26:34.592: D/dalvikvm(9189): GC_CONCURRENT freed 770K, 7% free 13502K/14471K, paused 1ms+2ms
11-13 18:26:34.600: W/System.err(9189): glVertexPointer( GLArrayDataWrapper[mgl_Vertex, index 32884, location -1, isVertexAttribute false, dataType 0x1406, bufferClazz class java.nio.FloatBuffer, elements 240, components 3, stride 24b 6c, buffer java.nio.FloatToByteBufferAdapter, status: capacity=720 position=0 limit=720, vboEnabled true, vboName 2, vboUsage 0x88e4, vboTarget 0x8892, vboOffset 0, alive true])
11-13 18:26:34.608: W/System.err(9189): glNormalPointer( GLArrayDataWrapper[mgl_Normal, index 32885, location -1, isVertexAttribute false, dataType 0x1406, bufferClazz class java.nio.FloatBuffer, elements 240, components 3, stride 24b 6c, buffer java.nio.FloatToByteBufferAdapter, status: capacity=720 position=0 limit=720, vboEnabled true, vboName 2, vboUsage 0x88e4, vboTarget 0x8892, vboOffset 12, alive true])
11-13 18:26:34.608: W/System.err(9189): glBindBuffer( 0x8892, 0x0)
11-13 18:26:34.608: W/System.err(9189): glEnableClientState( 0x8074)
11-13 18:26:34.608: W/System.err(9189): glEnableClientState( 0x8075)
11-13 18:26:34.616: W/System.err(9189): glDrawArrays( 0x4, 0x0, 0x78)
11-13 18:26:34.616: W/System.err(9189): glDisableClientState( 0x8074)
11-13 18:26:34.623: W/System.err(9189): glDisableClientState( 0x8075)
11-13 18:26:34.623: W/System.err(9189): glBindBuffer( 0x8892, 0x3)
11-13 18:26:34.623: W/System.err(9189): glVertexPointer( GLArrayDataWrapper[mgl_Vertex, index 32884, location -1, isVertexAttribute false, dataType 0x1406, bufferClazz class java.nio.FloatBuffer, elements 164, components 3, stride 24b 6c, buffer java.nio.FloatToByteBufferAdapter, status: capacity=492 position=0 limit=492, vboEnabled true, vboName 3, vboUsage 0x88e4, vboTarget 0x8892, vboOffset 0, alive true])
11-13 18:26:34.631: W/System.err(9189): glNormalPointer( GLArrayDataWrapper[mgl_Normal, index 32885, location -1, isVertexAttribute false, dataType 0x1406, bufferClazz class java.nio.FloatBuffer, elements 164, components 3, stride 24b 6c, buffer java.nio.FloatToByteBufferAdapter, status: capacity=492 position=0 limit=492, vboEnabled true, vboName 3, vboUsage 0x88e4, vboTarget 0x8892, vboOffset 12, alive true])
11-13 18:26:34.631: W/System.err(9189): glBindBuffer( 0x8892, 0x0)
11-13 18:26:34.631: W/System.err(9189): glEnableClientState( 0x8074)
11-13 18:26:34.639: W/System.err(9189): glEnableClientState( 0x8075)
11-13 18:26:34.639: W/System.err(9189): glDrawArrays( 0x5, 0x0, 0x52)
11-13 18:26:34.639: W/System.err(9189): glDisableClientState( 0x8074)
11-13 18:26:34.639: W/System.err(9189): glDisableClientState( 0x8075)
11-13 18:26:34.639: W/System.err(9189): glBindBuffer( 0x8892, 0x4)
11-13 18:26:34.647: W/System.err(9189): glVertexPointer( GLArrayDataWrapper[mgl_Vertex, index 32884, location -1, isVertexAttribute false, dataType 0x1406, bufferClazz class java.nio.FloatBuffer, elements 240, components 3, stride 24b 6c, buffer java.nio.FloatToByteBufferAdapter, status: capacity=720 position=0 limit=720, vboEnabled true, vboName 4, vboUsage 0x88e4, vboTarget 0x8892, vboOffset 0, alive true])
11-13 18:26:34.647: W/System.err(9189): glNormalPointer( GLArrayDataWrapper[mgl_Normal, index 32885, location -1, isVertexAttribute false, dataType 0x1406, bufferClazz class java.nio.FloatBuffer, elements 240, components 3, stride 24b 6c, buffer java.nio.FloatToByteBufferAdapter, status: capacity=720 position=0 limit=720, vboEnabled true, vboName 4, vboUsage 0x88e4, vboTarget 0x8892, vboOffset 12, alive true])
11-13 18:26:34.655: W/System.err(9189): glBindBuffer( 0x8892, 0x0)
11-13 18:26:34.655: W/System.err(9189): glEnableClientState( 0x8074)
11-13 18:26:34.655: W/System.err(9189): glEnableClientState( 0x8075)
11-13 18:26:34.655: W/System.err(9189): glDrawArrays( 0x4, 0x0, 0x78)
11-13 18:26:34.655: W/System.err(9189): glDisableClientState( 0x8074)
11-13 18:26:34.655: W/System.err(9189): glDisableClientState( 0x8075)
11-13 18:26:34.663: W/System.err(9189): glBindBuffer( 0x8892, 0x5)
11-13 18:26:34.663: W/System.err(9189): glVertexPointer( GLArrayDataWrapper[mgl_Vertex, index 32884, location -1, isVertexAttribute false, dataType 0x1406, bufferClazz class java.nio.FloatBuffer, elements 644, components 3, stride 24b 6c, buffer java.nio.FloatToByteBufferAdapter, status: capacity=1932 position=0 limit=1932, vboEnabled true, vboName 5, vboUsage 0x88e4, vboTarget 0x8892, vboOffset 0, alive true])
11-13 18:26:34.670: W/System.err(9189): glNormalPointer( GLArrayDataWrapper[mgl_Normal, index 32885, location -1, isVertexAttribute false, dataType 0x1406, bufferClazz class java.nio.FloatBuffer, elements 644, components 3, stride 24b 6c, buffer java.nio.FloatToByteBufferAdapter, status: capacity=1932 position=0 limit=1932, vboEnabled true, vboName 5, vboUsage 0x88e4, vboTarget 0x8892, vboOffset 12, alive true])
11-13 18:26:34.670: W/System.err(9189): glBindBuffer( 0x8892, 0x0)
11-13 18:26:34.670: W/System.err(9189): glEnableClientState( 0x8074)
11-13 18:26:34.670: W/System.err(9189): glEnableClientState( 0x8075)
11-13 18:26:34.678: W/System.err(9189): glDrawArrays( 0x5, 0x0, 0x142)
11-13 18:26:34.678: W/System.err(9189): glDisableClientState( 0x8074)
11-13 18:26:34.678: W/System.err(9189): glDisableClientState( 0x8075)
11-13 18:26:34.678: W/System.err(9189): glShadeModel( 0x1D01)
11-13 18:26:34.686: W/System.err(9189): glBindBuffer( 0x8892, 0x6)
11-13 18:26:34.686: W/System.err(9189): glVertexPointer( GLArrayDataWrapper[mgl_Vertex, index 32884, location -1, isVertexAttribute false, dataType 0x1406, bufferClazz class java.nio.FloatBuffer, elements 84, components 3, stride 24b 6c, buffer java.nio.FloatToByteBufferAdapter, status: capacity=252 position=0 limit=252, vboEnabled true, vboName 6, vboUsage 0x88e4, vboTarget 0x8892, vboOffset 0, alive true])
11-13 18:26:34.694: W/System.err(9189): glNormalPointer( GLArrayDataWrapper[mgl_Normal, index 32885, location -1, isVertexAttribute false, dataType 0x1406, bufferClazz class java.nio.FloatBuffer, elements 84, components 3, stride 24b 6c, buffer java.nio.FloatToByteBufferAdapter, status: capacity=252 position=0 limit=252, vboEnabled true, vboName 6, vboUsage 0x88e4, vboTarget 0x8892, vboOffset 12, alive true])
11-13 18:26:34.694: W/System.err(9189): glBindBuffer( 0x8892, 0x0)
11-13 18:26:34.694: W/System.err(9189): glEnableClientState( 0x8074)
11-13 18:26:34.694: W/System.err(9189): glEnableClientState( 0x8075)
11-13 18:26:34.702: W/System.err(9189): glDrawArrays( 0x5, 0x0, 0x2A)
11-13 18:26:34.702: W/System.err(9189): glDisableClientState( 0x8074)
11-13 18:26:34.702: W/System.err(9189): glDisableClientState( 0x8075)
11-13 18:26:34.702: W/System.err(9189): glPopMatrix()
11-13 18:26:34.702: W/System.err(9189): glPushMatrix()
11-13 18:26:34.702: W/System.err(9189): glTranslatef( 3.1, -2.0, 0.0)
11-13 18:26:34.709: W/System.err(9189): glRotatef( -809.0, 0.0, 0.0, 1.0)
11-13 18:26:34.709: W/System.err(9189): glMaterialfv( 0x408, 0x1602, java.nio.FloatToByteBufferAdapter, status: capacity=4 position=0 limit=4)
11-13 18:26:34.709: W/System.err(9189): glShadeModel( 0x1D00)
11-13 18:26:34.709: W/System.err(9189): glBindBuffer( 0x8892, 0x7)
11-13 18:26:34.717: W/System.err(9189): glVertexPointer( GLArrayDataWrapper[mgl_Vertex, index 32884, location -1, isVertexAttribute false, dataType 0x1406, bufferClazz class java.nio.FloatBuffer, elements 84, components 3, stride 24b 6c, buffer java.nio.FloatToByteBufferAdapter, status: capacity=252 position=0 limit=252, vboEnabled true, vboName 7, vboUsage 0x88e4, vboTarget 0x8892, vboOffset 0, alive true])
11-13 18:26:34.717: W/System.err(9189): glNormalPointer( GLArrayDataWrapper[mgl_Normal, index 32885, location -1, isVertexAttribute false, dataType 0x1406, bufferClazz class java.nio.FloatBuffer, elements 84, components 3, stride 24b 6c, buffer java.nio.FloatToByteBufferAdapter, status: capacity=252 position=0 limit=252, vboEnabled true, vboName 7, vboUsage 0x88e4, vboTarget 0x8892, vboOffset 12, alive true])
11-13 18:26:34.725: W/System.err(9189): glBindBuffer( 0x8892, 0x0)
11-13 18:26:34.725: W/System.err(9189): glEnableClientState( 0x8074)
11-13 18:26:34.725: W/System.err(9189): glEnableClientState( 0x8075)
11-13 18:26:34.725: W/System.err(9189): glDrawArrays( 0x5, 0x0, 0x2A)
11-13 18:26:34.725: W/System.err(9189): glDisableClientState( 0x8074)
11-13 18:26:34.733: W/System.err(9189): glDisableClientState( 0x8075)
11-13 18:26:34.733: W/System.err(9189): glBindBuffer( 0x8892, 0x8)
11-13 18:26:34.733: W/System.err(9189): glVertexPointer( GLArrayDataWrapper[mgl_Vertex, index 32884, location -1, isVertexAttribute false, dataType 0x1406, bufferClazz class java.nio.FloatBuffer, elements 120, components 3, stride 24b 6c, buffer java.nio.FloatToByteBufferAdapter, status: capacity=360 position=0 limit=360, vboEnabled true, vboName 8, vboUsage 0x88e4, vboTarget 0x8892, vboOffset 0, alive true])
11-13 18:26:34.741: W/System.err(9189): glNormalPointer( GLArrayDataWrapper[mgl_Normal, index 32885, location -1, isVertexAttribute false, dataType 0x1406, bufferClazz class java.nio.FloatBuffer, elements 120, components 3, stride 24b 6c, buffer java.nio.FloatToByteBufferAdapter, status: capacity=360 position=0 limit=360, vboEnabled true, vboName 8, vboUsage 0x88e4, vboTarget 0x8892, vboOffset 12, alive true])
11-13 18:26:34.741: W/System.err(9189): glBindBuffer( 0x8892, 0x0)
11-13 18:26:34.741: W/System.err(9189): glEnableClientState( 0x8074)
11-13 18:26:34.741: W/System.err(9189): glEnableClientState( 0x8075)
11-13 18:26:34.748: W/System.err(9189): glDrawArrays( 0x4, 0x0, 0x3C)
11-13 18:26:34.748: W/System.err(9189): glDisableClientState( 0x8074)
11-13 18:26:34.748: W/System.err(9189): glDisableClientState( 0x8075)
11-13 18:26:34.748: W/System.err(9189): glBindBuffer( 0x8892, 0x9)
11-13 18:26:34.756: W/System.err(9189): glVertexPointer( GLArrayDataWrapper[mgl_Vertex, index 32884, location -1, isVertexAttribute false, dataType 0x1406, bufferClazz class java.nio.FloatBuffer, elements 84, components 3, stride 24b 6c, buffer java.nio.FloatToByteBufferAdapter, status: capacity=252 position=0 limit=252, vboEnabled true, vboName 9, vboUsage 0x88e4, vboTarget 0x8892, vboOffset 0, alive true])
11-13 18:26:34.756: W/System.err(9189): glNormalPointer( GLArrayDataWrapper[mgl_Normal, index 32885, location -1, isVertexAttribute false, dataType 0x1406, bufferClazz class java.nio.FloatBuffer, elements 84, components 3, stride 24b 6c, buffer java.nio.FloatToByteBufferAdapter, status: capacity=252 position=0 limit=252, vboEnabled true, vboName 9, vboUsage 0x88e4, vboTarget 0x8892, vboOffset 12, alive true])
11-13 18:26:34.756: W/System.err(9189): glBindBuffer( 0x8892, 0x0)
11-13 18:26:34.764: W/System.err(9189): glEnableClientState( 0x8074)
11-13 18:26:34.764: W/System.err(9189): glEnableClientState( 0x8075)
11-13 18:26:34.764: W/System.err(9189): glDrawArrays( 0x5, 0x0, 0x2A)
11-13 18:26:34.764: W/System.err(9189): glDisableClientState( 0x8074)
11-13 18:26:34.764: W/System.err(9189): glDisableClientState( 0x8075)
11-13 18:26:34.764: W/System.err(9189): glBindBuffer( 0x8892, 0xA)
11-13 18:26:34.772: W/System.err(9189): glVertexPointer( GLArrayDataWrapper[mgl_Vertex, index 32884, location -1, isVertexAttribute false, dataType 0x1406, bufferClazz class java.nio.FloatBuffer, elements 120, components 3, stride 24b 6c, buffer java.nio.FloatToByteBufferAdapter, status: capacity=360 position=0 limit=360, vboEnabled true, vboName 10, vboUsage 0x88e4, vboTarget 0x8892, vboOffset 0, alive true])
11-13 18:26:34.780: W/System.err(9189): glNormalPointer( GLArrayDataWrapper[mgl_Normal, index 32885, location -1, isVertexAttribute false, dataType 0x1406, bufferClazz class java.nio.FloatBuffer, elements 120, components 3, stride 24b 6c, buffer java.nio.FloatToByteBufferAdapter, status: capacity=360 position=0 limit=360, vboEnabled true, vboName 10, vboUsage 0x88e4, vboTarget 0x8892, vboOffset 12, alive true])
11-13 18:26:34.780: W/System.err(9189): glBindBuffer( 0x8892, 0x0)
11-13 18:26:34.780: W/System.err(9189): glEnableClientState( 0x8074)
11-13 18:26:34.780: W/System.err(9189): glEnableClientState( 0x8075)
11-13 18:26:34.780: W/System.err(9189): glDrawArrays( 0x4, 0x0, 0x3C)
11-13 18:26:34.780: W/System.err(9189): glDisableClientState( 0x8074)
11-13 18:26:34.780: W/System.err(9189): glDisableClientState( 0x8075)
11-13 18:26:34.788: W/System.err(9189): glBindBuffer( 0x8892, 0xB)
11-13 18:26:34.788: W/System.err(9189): glVertexPointer( GLArrayDataWrapper[mgl_Vertex, index 32884, location -1, isVertexAttribute false, dataType 0x1406, bufferClazz class java.nio.FloatBuffer, elements 324, components 3, stride 24b 6c, buffer java.nio.FloatToByteBufferAdapter, status: capacity=972 position=0 limit=972, vboEnabled true, vboName 11, vboUsage 0x88e4, vboTarget 0x8892, vboOffset 0, alive true])
11-13 18:26:34.795: W/System.err(9189): glNormalPointer( GLArrayDataWrapper[mgl_Normal, index 32885, location -1, isVertexAttribute false, dataType 0x1406, bufferClazz class java.nio.FloatBuffer, elements 324, components 3, stride 24b 6c, buffer java.nio.FloatToByteBufferAdapter, status: capacity=972 position=0 limit=972, vboEnabled true, vboName 11, vboUsage 0x88e4, vboTarget 0x8892, vboOffset 12, alive true])
11-13 18:26:34.795: W/System.err(9189): glBindBuffer( 0x8892, 0x0)
11-13 18:26:34.795: W/System.err(9189): glEnableClientState( 0x8074)
11-13 18:26:34.795: W/System.err(9189): glEnableClientState( 0x8075)
11-13 18:26:34.795: W/System.err(9189): glDrawArrays( 0x5, 0x0, 0xA2)
11-13 18:26:34.795: W/System.err(9189): glDisableClientState( 0x8074)
11-13 18:26:34.803: W/System.err(9189): glDisableClientState( 0x8075)
11-13 18:26:34.803: W/System.err(9189): glShadeModel( 0x1D01)
11-13 18:26:34.803: W/System.err(9189): glBindBuffer( 0x8892, 0xC)
11-13 18:26:34.803: W/System.err(9189): glVertexPointer( GLArrayDataWrapper[mgl_Vertex, index 32884, location -1, isVertexAttribute false, dataType 0x1406, bufferClazz class java.nio.FloatBuffer, elements 44, components 3, stride 24b 6c, buffer java.nio.FloatToByteBufferAdapter, status: capacity=132 position=0 limit=132, vboEnabled true, vboName 12, vboUsage 0x88e4, vboTarget 0x8892, vboOffset 0, alive true])
11-13 18:26:34.811: W/System.err(9189): glNormalPointer( GLArrayDataWrapper[mgl_Normal, index 32885, location -1, isVertexAttribute false, dataType 0x1406, bufferClazz class java.nio.FloatBuffer, elements 44, components 3, stride 24b 6c, buffer java.nio.FloatToByteBufferAdapter, status: capacity=132 position=0 limit=132, vboEnabled true, vboName 12, vboUsage 0x88e4, vboTarget 0x8892, vboOffset 12, alive true])
11-13 18:26:34.811: W/System.err(9189): glBindBuffer( 0x8892, 0x0)
11-13 18:26:34.811: W/System.err(9189): glEnableClientState( 0x8074)
11-13 18:26:34.811: W/System.err(9189): glEnableClientState( 0x8075)
11-13 18:26:34.811: W/System.err(9189): glDrawArrays( 0x5, 0x0, 0x16)
11-13 18:26:34.811: W/System.err(9189): glDisableClientState( 0x8074)
11-13 18:26:34.811: W/System.err(9189): glDisableClientState( 0x8075)
11-13 18:26:34.811: W/System.err(9189): glPopMatrix()
11-13 18:26:34.819: W/System.err(9189): glPushMatrix()
11-13 18:26:34.819: W/System.err(9189): glTranslatef( -3.1, 4.2, 0.0)
11-13 18:26:34.819: W/System.err(9189): glRotatef( -825.0, 0.0, 0.0, 1.0)
11-13 18:26:34.819: W/System.err(9189): glMaterialfv( 0x408, 0x1602, java.nio.FloatToByteBufferAdapter, status: capacity=4 position=0 limit=4)
11-13 18:26:34.819: W/System.err(9189): glShadeModel( 0x1D00)
11-13 18:26:34.819: W/System.err(9189): glBindBuffer( 0x8892, 0xD)
11-13 18:26:34.827: W/System.err(9189): glVertexPointer( GLArrayDataWrapper[mgl_Vertex, index 32884, location -1, isVertexAttribute false, dataType 0x1406, bufferClazz class java.nio.FloatBuffer, elements 84, components 3, stride 24b 6c, buffer java.nio.FloatToByteBufferAdapter, status: capacity=252 position=0 limit=252, vboEnabled true, vboName 13, vboUsage 0x88e4, vboTarget 0x8892, vboOffset 0, alive true])
11-13 18:26:34.827: W/System.err(9189): glNormalPointer( GLArrayDataWrapper[mgl_Normal, index 32885, location -1, isVertexAttribute false, dataType 0x1406, bufferClazz class java.nio.FloatBuffer, elements 84, components 3, stride 24b 6c, buffer java.nio.FloatToByteBufferAdapter, status: capacity=252 position=0 limit=252, vboEnabled true, vboName 13, vboUsage 0x88e4, vboTarget 0x8892, vboOffset 12, alive true])
11-13 18:26:34.827: W/System.err(9189): glBindBuffer( 0x8892, 0x0)
11-13 18:26:34.834: W/System.err(9189): glEnableClientState( 0x8074)
11-13 18:26:34.834: W/System.err(9189): glEnableClientState( 0x8075)
11-13 18:26:34.834: W/System.err(9189): glDrawArrays( 0x5, 0x0, 0x2A)
11-13 18:26:34.834: W/System.err(9189): glDisableClientState( 0x8074)
11-13 18:26:34.842: W/System.err(9189): glDisableClientState( 0x8075)
11-13 18:26:34.842: W/System.err(9189): glBindBuffer( 0x8892, 0xE)
11-13 18:26:34.842: I/ActivityManager(207): Start proc com.amazon.dcp:Settings for content provider com.amazon.dcp/.settings.SettingsProvider: pid=9364 uid=32028 gids={2001, 3003, 1015, 3002, 1007, 1026}
11-13 18:26:34.850: W/System.err(9189): glVertexPointer( GLArrayDataWrapper[mgl_Vertex, index 32884, location -1, isVertexAttribute false, dataType 0x1406, bufferClazz class java.nio.FloatBuffer, elements 120, components 3, stride 24b 6c, buffer java.nio.FloatToByteBufferAdapter, status: capacity=360 position=0 limit=360, vboEnabled true, vboName 14, vboUsage 0x88e4, vboTarget 0x8892, vboOffset 0, alive true])
11-13 18:26:34.858: W/System.err(9189): glNormalPointer( GLArrayDataWrapper[mgl_Normal, index 32885, location -1, isVertexAttribute false, dataType 0x1406, bufferClazz class java.nio.FloatBuffer, elements 120, components 3, stride 24b 6c, buffer java.nio.FloatToByteBufferAdapter, status: capacity=360 position=0 limit=360, vboEnabled true, vboName 14, vboUsage 0x88e4, vboTarget 0x8892, vboOffset 12, alive true])
11-13 18:26:34.858: W/System.err(9189): glBindBuffer( 0x8892, 0x0)
11-13 18:26:34.858: W/System.err(9189): glEnableClientState( 0x8074)
11-13 18:26:34.858: W/System.err(9189): glEnableClientState( 0x8075)
11-13 18:26:34.858: W/System.err(9189): glDrawArrays( 0x4, 0x0, 0x3C)
11-13 18:26:34.858: W/System.err(9189): glDisableClientState( 0x8074)
11-13 18:26:34.858: W/System.err(9189): glDisableClientState( 0x8075)
11-13 18:26:34.866: W/System.err(9189): glBindBuffer( 0x8892, 0xF)
11-13 18:26:34.866: W/System.err(9189): glVertexPointer( GLArrayDataWrapper[mgl_Vertex, index 32884, location -1, isVertexAttribute false, dataType 0x1406, bufferClazz class java.nio.FloatBuffer, elements 84, components 3, stride 24b 6c, buffer java.nio.FloatToByteBufferAdapter, status: capacity=252 position=0 limit=252, vboEnabled true, vboName 15, vboUsage 0x88e4, vboTarget 0x8892, vboOffset 0, alive true])
11-13 18:26:34.873: W/System.err(9189): glNormalPointer( GLArrayDataWrapper[mgl_Normal, index 32885, location -1, isVertexAttribute false, dataType 0x1406, bufferClazz class java.nio.FloatBuffer, elements 84, components 3, stride 24b 6c, buffer java.nio.FloatToByteBufferAdapter, status: capacity=252 position=0 limit=252, vboEnabled true, vboName 15, vboUsage 0x88e4, vboTarget 0x8892, vboOffset 12, alive true])
11-13 18:26:34.873: W/System.err(9189): glBindBuffer( 0x8892, 0x0)
11-13 18:26:34.873: W/System.err(9189): glEnableClientState( 0x8074)
11-13 18:26:34.873: W/System.err(9189): glEnableClientState( 0x8075)
11-13 18:26:34.873: W/System.err(9189): glDrawArrays( 0x5, 0x0, 0x2A)
11-13 18:26:34.873: W/System.err(9189): glDisableClientState( 0x8074)
11-13 18:26:34.873: W/System.err(9189): glDisableClientState( 0x8075)
11-13 18:26:34.873: W/System.err(9189): glBindBuffer( 0x8892, 0x10)
11-13 18:26:34.881: W/System.err(9189): glVertexPointer( GLArrayDataWrapper[mgl_Vertex, index 32884, location -1, isVertexAttribute false, dataType 0x1406, bufferClazz class java.nio.FloatBuffer, elements 120, components 3, stride 24b 6c, buffer java.nio.FloatToByteBufferAdapter, status: capacity=360 position=0 limit=360, vboEnabled true, vboName 16, vboUsage 0x88e4, vboTarget 0x8892, vboOffset 0, alive true])
11-13 18:26:34.889: W/System.err(9189): glNormalPointer( GLArrayDataWrapper[mgl_Normal, index 32885, location -1, isVertexAttribute false, dataType 0x1406, bufferClazz class java.nio.FloatBuffer, elements 120, components 3, stride 24b 6c, buffer java.nio.FloatToByteBufferAdapter, status: capacity=360 position=0 limit=360, vboEnabled true, vboName 16, vboUsage 0x88e4, vboTarget 0x8892, vboOffset 12, alive true])
11-13 18:26:34.889: W/System.err(9189): glBindBuffer( 0x8892, 0x0)
11-13 18:26:34.889: W/System.err(9189): glEnableClientState( 0x8074)
11-13 18:26:34.889: W/System.err(9189): glEnableClientState( 0x8075)
11-13 18:26:34.889: W/System.err(9189): glDrawArrays( 0x4, 0x0, 0x3C)
11-13 18:26:34.889: W/System.err(9189): glDisableClientState( 0x8074)
11-13 18:26:34.889: W/System.err(9189): glDisableClientState( 0x8075)
11-13 18:26:34.897: W/System.err(9189): glBindBuffer( 0x8892, 0x11)
11-13 18:26:34.897: W/System.err(9189): glVertexPointer( GLArrayDataWrapper[mgl_Vertex, index 32884, location -1, isVertexAttribute false, dataType 0x1406, bufferClazz class java.nio.FloatBuffer, elements 324, components 3, stride 24b 6c, buffer java.nio.FloatToByteBufferAdapter, status: capacity=972 position=0 limit=972, vboEnabled true, vboName 17, vboUsage 0x88e4, vboTarget 0x8892, vboOffset 0, alive true])
11-13 18:26:34.905: W/System.err(9189): glNormalPointer( GLArrayDataWrapper[mgl_Normal, index 32885, location -1, isVertexAttribute false, dataType 0x1406, bufferClazz class java.nio.FloatBuffer, elements 324, components 3, stride 24b 6c, buffer java.nio.FloatToByteBufferAdapter, status: capacity=972 position=0 limit=972, vboEnabled true, vboName 17, vboUsage 0x88e4, vboTarget 0x8892, vboOffset 12, alive true])
11-13 18:26:34.905: W/System.err(9189): glBindBuffer( 0x8892, 0x0)
11-13 18:26:34.905: W/System.err(9189): glEnableClientState( 0x8074)
11-13 18:26:34.905: W/System.err(9189): glEnableClientState( 0x8075)
11-13 18:26:34.905: W/System.err(9189): glDrawArrays( 0x5, 0x0, 0xA2)
11-13 18:26:34.905: W/System.err(9189): glDisableClientState( 0x8074)
11-13 18:26:34.913: W/System.err(9189): glDisableClientState( 0x8075)
11-13 18:26:34.913: W/System.err(9189): glShadeModel( 0x1D01)
11-13 18:26:34.913: W/System.err(9189): glBindBuffer( 0x8892, 0x12)
11-13 18:26:34.913: W/System.err(9189): glVertexPointer( GLArrayDataWrapper[mgl_Vertex, index 32884, location -1, isVertexAttribute false, dataType 0x1406, bufferClazz class java.nio.FloatBuffer, elements 44, components 3, stride 24b 6c, buffer java.nio.FloatToByteBufferAdapter, status: capacity=132 position=0 limit=132, vboEnabled true, vboName 18, vboUsage 0x88e4, vboTarget 0x8892, vboOffset 0, alive true])
11-13 18:26:34.920: W/System.err(9189): glNormalPointer( GLArrayDataWrapper[mgl_Normal, index 32885, location -1, isVertexAttribute false, dataType 0x1406, bufferClazz class java.nio.FloatBuffer, elements 44, components 3, stride 24b 6c, buffer java.nio.FloatToByteBufferAdapter, status: capacity=132 position=0 limit=132, vboEnabled true, vboName 18, vboUsage 0x88e4, vboTarget 0x8892, vboOffset 12, alive true])
11-13 18:26:34.920: W/System.err(9189): glBindBuffer( 0x8892, 0x0)
11-13 18:26:34.928: W/System.err(9189): glEnableClientState( 0x8074)
11-13 18:26:34.928: W/System.err(9189): glEnableClientState( 0x8075)
11-13 18:26:34.928: W/System.err(9189): glDrawArrays( 0x5, 0x0, 0x16)
11-13 18:26:34.928: W/System.err(9189): glDisableClientState( 0x8074)
11-13 18:26:34.928: W/System.err(9189): glDisableClientState( 0x8075)
11-13 18:26:34.928: I/ActivityManager(207): Start proc com.amazon.avod for service com.amazon.avod/.service.SyncService: pid=9377 uid=32000 gids={3003, 1015, 3002}
11-13 18:26:34.936: W/System.err(9189): glPopMatrix()
11-13 18:26:34.936: W/System.err(9189): glPopMatrix()
11-13 18:26:34.952: W/System.err(9189): glClearColor( 0.0, 0.0, 0.0, 0.0)
11-13 18:26:34.998: W/System.err(9189): glClear( 0x4100)
11-13 18:26:35.006: W/System.err(9189): glNormal3f( 0.0, 0.0, 1.0)
11-13 18:26:35.006: W/System.err(9189): glPushMatrix()
11-13 18:26:35.006: W/System.err(9189): glRotatef( 20.0, 1.0, 0.0, 0.0)
11-13 18:26:35.014: W/System.err(9189): glRotatef( 30.0, 0.0, 1.0, 0.0)
11-13 18:26:35.014: W/System.err(9189): glRotatef( 0.0, 0.0, 0.0, 1.0)
11-13 18:26:35.014: W/System.err(9189): glPushMatrix()
11-13 18:26:35.022: W/System.err(9189): glTranslatef( -3.0, -2.0, 0.0)
11-13 18:26:35.022: W/System.err(9189): glRotatef( 402.0, 0.0, 0.0, 1.0)
11-13 18:26:35.022: W/System.err(9189): glMaterialfv( 0x408, 0x1602, java.nio.FloatToByteBufferAdapter, status: capacity=4 position=0 limit=4)
11-13 18:26:35.030: W/System.err(9189): glShadeModel( 0x1D00)
11-13 18:26:35.030: W/System.err(9189): glBindBuffer( 0x8892, 0x1)
11-13 18:26:35.030: W/System.err(9189): glVertexPointer( GLArrayDataWrapper[mgl_Vertex, index 32884, location -1, isVertexAttribute false, dataType 0x1406, bufferClazz class java.nio.FloatBuffer, elements 164, components 3, stride 24b 6c, buffer java.nio.FloatToByteBufferAdapter, status: capacity=492 position=0 limit=492, vboEnabled true, vboName 1, vboUsage 0x88e4, vboTarget 0x8892, vboOffset 0, alive true])
11-13 18:26:35.038: W/System.err(9189): glNormalPointer( GLArrayDataWrapper[mgl_Normal, index 32885, location -1, isVertexAttribute false, dataType 0x1406, bufferClazz class java.nio.FloatBuffer, elements 164, components 3, stride 24b 6c, buffer java.nio.FloatToByteBufferAdapter, status: capacity=492 position=0 limit=492, vboEnabled true, vboName 1, vboUsage 0x88e4, vboTarget 0x8892, vboOffset 12, alive true])
11-13 18:26:35.038: W/System.err(9189): glBindBuffer( 0x8892, 0x0)
11-13 18:26:35.038: W/System.err(9189): glEnableClientState( 0x8074)
11-13 18:26:35.038: W/System.err(9189): glEnableClientState( 0x8075)
11-13 18:26:35.045: W/System.err(9189): glDrawArrays( 0x5, 0x0, 0x52)
11-13 18:26:35.045: W/System.err(9189): glDisableClientState( 0x8074)
11-13 18:26:35.045: W/System.err(9189): glDisableClientState( 0x8075)
11-13 18:26:35.045: W/System.err(9189): glBindBuffer( 0x8892, 0x2)
11-13 18:26:35.053: W/System.err(9189): glVertexPointer( GLArrayDataWrapper[mgl_Vertex, index 32884, location -1, isVertexAttribute false, dataType 0x1406, bufferClazz class java.nio.FloatBuffer, elements 240, components 3, stride 24b 6c, buffer java.nio.FloatToByteBufferAdapter, status: capacity=720 position=0 limit=720, vboEnabled true, vboName 2, vboUsage 0x88e4, vboTarget 0x8892, vboOffset 0, alive true])
11-13 18:26:35.061: W/System.err(9189): glNormalPointer( GLArrayDataWrapper[mgl_Normal, index 32885, location -1, isVertexAttribute false, dataType 0x1406, bufferClazz class java.nio.FloatBuffer, elements 240, components 3, stride 24b 6c, buffer java.nio.FloatToByteBufferAdapter, status: capacity=720 position=0 limit=720, vboEnabled true, vboName 2, vboUsage 0x88e4, vboTarget 0x8892, vboOffset 12, alive true])
11-13 18:26:35.061: W/System.err(9189): glBindBuffer( 0x8892, 0x0)
11-13 18:26:35.061: W/System.err(9189): glEnableClientState( 0x8074)
11-13 18:26:35.061: W/System.err(9189): glEnableClientState( 0x8075)
11-13 18:26:35.069: W/System.err(9189): glDrawArrays( 0x4, 0x0, 0x78)
11-13 18:26:35.069: W/System.err(9189): glDisableClientState( 0x8074)
11-13 18:26:35.069: W/System.err(9189): glDisableClientState( 0x8075)
11-13 18:26:35.069: W/System.err(9189): glBindBuffer( 0x8892, 0x3)
11-13 18:26:35.069: I/ActivityManager(207): Process com.amazon.sso (pid 8209) has died.
11-13 18:26:35.077: W/System.err(9189): glVertexPointer( GLArrayDataWrapper[mgl_Vertex, index 32884, location -1, isVertexAttribute false, dataType 0x1406, bufferClazz class java.nio.FloatBuffer, elements 164, components 3, stride 24b 6c, buffer java.nio.FloatToByteBufferAdapter, status: capacity=492 position=0 limit=492, vboEnabled true, vboName 3, vboUsage 0x88e4, vboTarget 0x8892, vboOffset 0, alive true])
11-13 18:26:35.077: W/System.err(9189): glNormalPointer( GLArrayDataWrapper[mgl_Normal, index 32885, location -1, isVertexAttribute false, dataType 0x1406, bufferClazz class java.nio.FloatBuffer, elements 164, components 3, stride 24b 6c, buffer java.nio.FloatToByteBufferAdapter, status: capacity=492 position=0 limit=492, vboEnabled true, vboName 3, vboUsage 0x88e4, vboTarget 0x8892, vboOffset 12, alive true])
11-13 18:26:35.077: D/dalvikvm(207): GC_EXPLICIT freed 836K, 54% free 19083K/41287K, paused 31ms+8ms
11-13 18:26:35.077: W/ActivityManager(207): Scheduling restart of crashed service com.amazon.sso/com.amazon.dcp.sso.AuthenticatedRequestService in 159845ms
11-13 18:26:35.077: W/ActivityManager(207): Scheduling restart of crashed service com.amazon.sso/com.amazon.dcp.sso.CORPFMChangeHandler in 169845ms
11-13 18:26:35.084: W/System.err(9189): glBindBuffer( 0x8892, 0x0)
11-13 18:26:35.084: W/System.err(9189): glEnableClientState( 0x8074)
11-13 18:26:35.084: W/System.err(9189): glEnableClientState( 0x8075)
11-13 18:26:35.092: W/System.err(9189): glDrawArrays( 0x5, 0x0, 0x52)
11-13 18:26:35.092: W/System.err(9189): glDisableClientState( 0x8074)
11-13 18:26:35.092: W/System.err(9189): glDisableClientState( 0x8075)
11-13 18:26:35.092: W/System.err(9189): glBindBuffer( 0x8892, 0x4)
11-13 18:26:35.100: W/System.err(9189): glVertexPointer( GLArrayDataWrapper[mgl_Vertex, index 32884, location -1, isVertexAttribute false, dataType 0x1406, bufferClazz class java.nio.FloatBuffer, elements 240, components 3, stride 24b 6c, buffer java.nio.FloatToByteBufferAdapter, status: capacity=720 position=0 limit=720, vboEnabled true, vboName 4, vboUsage 0x88e4, vboTarget 0x8892, vboOffset 0, alive true])
