11-13 18:26:35.100: W/System.err(9189): glNormalPointer( GLArrayDataWrapper[mgl_Normal, index 32885, location -1, isVertexAttribute false, dataType 0x1406, bufferClazz class java.nio.FloatBuffer, elements 240, components 3, stride 24b 6c, buffer java.nio.FloatToByteBufferAdapter, status: capacity=720 position=0 limit=720, vboEnabled true, vboName 4, vboUsage 0x88e4, vboTarget 0x8892, vboOffset 12, alive true])
11-13 18:26:35.100: W/System.err(9189): glBindBuffer( 0x8892, 0x0)
11-13 18:26:35.100: W/System.err(9189): glEnableClientState( 0x8074)
11-13 18:26:35.108: W/System.err(9189): glEnableClientState( 0x8075)
11-13 18:26:35.108: W/System.err(9189): glDrawArrays( 0x4, 0x0, 0x78)
11-13 18:26:35.108: W/System.err(9189): glDisableClientState( 0x8074)
11-13 18:26:35.108: W/System.err(9189): glDisableClientState( 0x8075)
11-13 18:26:35.108: W/System.err(9189): glBindBuffer( 0x8892, 0x5)
11-13 18:26:35.108: W/System.err(9189): glVertexPointer( GLArrayDataWrapper[mgl_Vertex, index 32884, location -1, isVertexAttribute false, dataType 0x1406, bufferClazz class java.nio.FloatBuffer, elements 644, components 3, stride 24b 6c, buffer java.nio.FloatToByteBufferAdapter, status: capacity=1932 position=0 limit=1932, vboEnabled true, vboName 5, vboUsage 0x88e4, vboTarget 0x8892, vboOffset 0, alive true])
11-13 18:26:35.116: W/System.err(9189): glNormalPointer( GLArrayDataWrapper[mgl_Normal, index 32885, location -1, isVertexAttribute false, dataType 0x1406, bufferClazz class java.nio.FloatBuffer, elements 644, components 3, stride 24b 6c, buffer java.nio.FloatToByteBufferAdapter, status: capacity=1932 position=0 limit=1932, vboEnabled true, vboName 5, vboUsage 0x88e4, vboTarget 0x8892, vboOffset 12, alive true])
11-13 18:26:35.116: W/System.err(9189): glBindBuffer( 0x8892, 0x0)
11-13 18:26:35.116: W/System.err(9189): glEnableClientState( 0x8074)
11-13 18:26:35.123: W/System.err(9189): glEnableClientState( 0x8075)
11-13 18:26:35.123: W/System.err(9189): glDrawArrays( 0x5, 0x0, 0x142)
11-13 18:26:35.123: W/System.err(9189): glDisableClientState( 0x8074)
11-13 18:26:35.131: W/System.err(9189): glDisableClientState( 0x8075)
11-13 18:26:35.131: W/System.err(9189): glShadeModel( 0x1D01)
11-13 18:26:35.131: W/System.err(9189): glBindBuffer( 0x8892, 0x6)
11-13 18:26:35.131: W/System.err(9189): glVertexPointer( GLArrayDataWrapper[mgl_Vertex, index 32884, location -1, isVertexAttribute false, dataType 0x1406, bufferClazz class java.nio.FloatBuffer, elements 84, components 3, stride 24b 6c, buffer java.nio.FloatToByteBufferAdapter, status: capacity=252 position=0 limit=252, vboEnabled true, vboName 6, vboUsage 0x88e4, vboTarget 0x8892, vboOffset 0, alive true])
11-13 18:26:35.139: W/System.err(9189): glNormalPointer( GLArrayDataWrapper[mgl_Normal, index 32885, location -1, isVertexAttribute false, dataType 0x1406, bufferClazz class java.nio.FloatBuffer, elements 84, components 3, stride 24b 6c, buffer java.nio.FloatToByteBufferAdapter, status: capacity=252 position=0 limit=252, vboEnabled true, vboName 6, vboUsage 0x88e4, vboTarget 0x8892, vboOffset 12, alive true])
11-13 18:26:35.139: W/System.err(9189): glBindBuffer( 0x8892, 0x0)
11-13 18:26:35.147: W/System.err(9189): glEnableClientState( 0x8074)
11-13 18:26:35.147: W/System.err(9189): glEnableClientState( 0x8075)
11-13 18:26:35.147: W/System.err(9189): glDrawArrays( 0x5, 0x0, 0x2A)
11-13 18:26:35.147: W/System.err(9189): glDisableClientState( 0x8074)
11-13 18:26:35.147: W/System.err(9189): glDisableClientState( 0x8075)
11-13 18:26:35.147: W/System.err(9189): glPopMatrix()
11-13 18:26:35.147: W/System.err(9189): glPushMatrix()
11-13 18:26:35.147: W/System.err(9189): glTranslatef( 3.1, -2.0, 0.0)
11-13 18:26:35.147: W/System.err(9189): glRotatef( -813.0, 0.0, 0.0, 1.0)
11-13 18:26:35.155: W/System.err(9189): glMaterialfv( 0x408, 0x1602, java.nio.FloatToByteBufferAdapter, status: capacity=4 position=0 limit=4)
11-13 18:26:35.155: W/System.err(9189): glShadeModel( 0x1D00)
11-13 18:26:35.155: W/System.err(9189): glBindBuffer( 0x8892, 0x7)
11-13 18:26:35.163: W/System.err(9189): glVertexPointer( GLArrayDataWrapper[mgl_Vertex, index 32884, location -1, isVertexAttribute false, dataType 0x1406, bufferClazz class java.nio.FloatBuffer, elements 84, components 3, stride 24b 6c, buffer java.nio.FloatToByteBufferAdapter, status: capacity=252 position=0 limit=252, vboEnabled true, vboName 7, vboUsage 0x88e4, vboTarget 0x8892, vboOffset 0, alive true])
11-13 18:26:35.163: W/System.err(9189): glNormalPointer( GLArrayDataWrapper[mgl_Normal, index 32885, location -1, isVertexAttribute false, dataType 0x1406, bufferClazz class java.nio.FloatBuffer, elements 84, components 3, stride 24b 6c, buffer java.nio.FloatToByteBufferAdapter, status: capacity=252 position=0 limit=252, vboEnabled true, vboName 7, vboUsage 0x88e4, vboTarget 0x8892, vboOffset 12, alive true])
11-13 18:26:35.163: W/System.err(9189): glBindBuffer( 0x8892, 0x0)
11-13 18:26:35.163: W/System.err(9189): glEnableClientState( 0x8074)
11-13 18:26:35.170: W/System.err(9189): glEnableClientState( 0x8075)
11-13 18:26:35.170: W/System.err(9189): glDrawArrays( 0x5, 0x0, 0x2A)
11-13 18:26:35.170: W/System.err(9189): glDisableClientState( 0x8074)
11-13 18:26:35.170: W/System.err(9189): glDisableClientState( 0x8075)
11-13 18:26:35.170: W/System.err(9189): glBindBuffer( 0x8892, 0x8)
11-13 18:26:35.170: I/ActivityManager(207): Start proc com.amazon.dcp for service com.amazon.dcp/.metrics.MetricsService: pid=9395 uid=32028 gids={2001, 3003, 1015, 3002, 1007, 1026}
11-13 18:26:35.202: W/System.err(9189): glVertexPointer( GLArrayDataWrapper[mgl_Vertex, index 32884, location -1, isVertexAttribute false, dataType 0x1406, bufferClazz class java.nio.FloatBuffer, elements 120, components 3, stride 24b 6c, buffer java.nio.FloatToByteBufferAdapter, status: capacity=360 position=0 limit=360, vboEnabled true, vboName 8, vboUsage 0x88e4, vboTarget 0x8892, vboOffset 0, alive true])
11-13 18:26:35.202: W/System.err(9189): glNormalPointer( GLArrayDataWrapper[mgl_Normal, index 32885, location -1, isVertexAttribute false, dataType 0x1406, bufferClazz class java.nio.FloatBuffer, elements 120, components 3, stride 24b 6c, buffer java.nio.FloatToByteBufferAdapter, status: capacity=360 position=0 limit=360, vboEnabled true, vboName 8, vboUsage 0x88e4, vboTarget 0x8892, vboOffset 12, alive true])
11-13 18:26:35.202: W/System.err(9189): glBindBuffer( 0x8892, 0x0)
11-13 18:26:35.202: W/System.err(9189): glEnableClientState( 0x8074)
11-13 18:26:35.202: W/System.err(9189): glEnableClientState( 0x8075)
11-13 18:26:35.209: W/System.err(9189): glDrawArrays( 0x4, 0x0, 0x3C)
11-13 18:26:35.209: W/System.err(9189): glDisableClientState( 0x8074)
11-13 18:26:35.209: W/System.err(9189): glDisableClientState( 0x8075)
11-13 18:26:35.209: W/System.err(9189): glBindBuffer( 0x8892, 0x9)
11-13 18:26:35.217: W/System.err(9189): glVertexPointer( GLArrayDataWrapper[mgl_Vertex, index 32884, location -1, isVertexAttribute false, dataType 0x1406, bufferClazz class java.nio.FloatBuffer, elements 84, components 3, stride 24b 6c, buffer java.nio.FloatToByteBufferAdapter, status: capacity=252 position=0 limit=252, vboEnabled true, vboName 9, vboUsage 0x88e4, vboTarget 0x8892, vboOffset 0, alive true])
11-13 18:26:35.217: W/System.err(9189): glNormalPointer( GLArrayDataWrapper[mgl_Normal, index 32885, location -1, isVertexAttribute false, dataType 0x1406, bufferClazz class java.nio.FloatBuffer, elements 84, components 3, stride 24b 6c, buffer java.nio.FloatToByteBufferAdapter, status: capacity=252 position=0 limit=252, vboEnabled true, vboName 9, vboUsage 0x88e4, vboTarget 0x8892, vboOffset 12, alive true])
11-13 18:26:35.217: W/System.err(9189): glBindBuffer( 0x8892, 0x0)
11-13 18:26:35.225: W/System.err(9189): glEnableClientState( 0x8074)
11-13 18:26:35.225: W/System.err(9189): glEnableClientState( 0x8075)
11-13 18:26:35.233: W/System.err(9189): glDrawArrays( 0x5, 0x0, 0x2A)
11-13 18:26:35.233: W/System.err(9189): glDisableClientState( 0x8074)
11-13 18:26:35.233: W/System.err(9189): glDisableClientState( 0x8075)
11-13 18:26:35.233: W/System.err(9189): glBindBuffer( 0x8892, 0xA)
11-13 18:26:35.233: I/ActivityManager(207): Process com.amazon.platform (pid 8631) has died.
11-13 18:26:35.233: W/ActivityManager(207): Scheduling restart of crashed service com.amazon.platform/com.amazon.geo.platform.GeoDeviceService in 159680ms
11-13 18:26:35.248: W/System.err(9189): glVertexPointer( GLArrayDataWrapper[mgl_Vertex, index 32884, location -1, isVertexAttribute false, dataType 0x1406, bufferClazz class java.nio.FloatBuffer, elements 120, components 3, stride 24b 6c, buffer java.nio.FloatToByteBufferAdapter, status: capacity=360 position=0 limit=360, vboEnabled true, vboName 10, vboUsage 0x88e4, vboTarget 0x8892, vboOffset 0, alive true])
11-13 18:26:35.248: W/System.err(9189): glNormalPointer( GLArrayDataWrapper[mgl_Normal, index 32885, location -1, isVertexAttribute false, dataType 0x1406, bufferClazz class java.nio.FloatBuffer, elements 120, components 3, stride 24b 6c, buffer java.nio.FloatToByteBufferAdapter, status: capacity=360 position=0 limit=360, vboEnabled true, vboName 10, vboUsage 0x88e4, vboTarget 0x8892, vboOffset 12, alive true])
11-13 18:26:35.248: W/System.err(9189): glBindBuffer( 0x8892, 0x0)
11-13 18:26:35.256: W/System.err(9189): glEnableClientState( 0x8074)
11-13 18:26:35.256: W/System.err(9189): glEnableClientState( 0x8075)
11-13 18:26:35.256: W/System.err(9189): glDrawArrays( 0x4, 0x0, 0x3C)
11-13 18:26:35.256: W/System.err(9189): glDisableClientState( 0x8074)
11-13 18:26:35.256: W/System.err(9189): glDisableClientState( 0x8075)
11-13 18:26:35.264: W/System.err(9189): glBindBuffer( 0x8892, 0xB)
11-13 18:26:35.264: W/System.err(9189): glVertexPointer( GLArrayDataWrapper[mgl_Vertex, index 32884, location -1, isVertexAttribute false, dataType 0x1406, bufferClazz class java.nio.FloatBuffer, elements 324, components 3, stride 24b 6c, buffer java.nio.FloatToByteBufferAdapter, status: capacity=972 position=0 limit=972, vboEnabled true, vboName 11, vboUsage 0x88e4, vboTarget 0x8892, vboOffset 0, alive true])
11-13 18:26:35.272: W/System.err(9189): glNormalPointer( GLArrayDataWrapper[mgl_Normal, index 32885, location -1, isVertexAttribute false, dataType 0x1406, bufferClazz class java.nio.FloatBuffer, elements 324, components 3, stride 24b 6c, buffer java.nio.FloatToByteBufferAdapter, status: capacity=972 position=0 limit=972, vboEnabled true, vboName 11, vboUsage 0x88e4, vboTarget 0x8892, vboOffset 12, alive true])
11-13 18:26:35.272: W/System.err(9189): glBindBuffer( 0x8892, 0x0)
11-13 18:26:35.280: W/System.err(9189): glEnableClientState( 0x8074)
11-13 18:26:35.280: W/System.err(9189): glEnableClientState( 0x8075)
11-13 18:26:35.280: W/System.err(9189): glDrawArrays( 0x5, 0x0, 0xA2)
11-13 18:26:35.311: I/ActivityManager(207): Process com.dolby.dolbysurround:remote (pid 8863) has died.
11-13 18:26:35.311: W/System.err(9189): glDisableClientState( 0x8074)
11-13 18:26:35.311: W/ActivityManager(207): Scheduling restart of crashed service com.dolby.dolbysurround/.DolbySurroundService in 179606ms
11-13 18:26:35.319: W/System.err(9189): glDisableClientState( 0x8075)
11-13 18:26:35.319: W/System.err(9189): glShadeModel( 0x1D01)
11-13 18:26:35.319: W/System.err(9189): glBindBuffer( 0x8892, 0xC)
11-13 18:26:35.327: W/System.err(9189): glVertexPointer( GLArrayDataWrapper[mgl_Vertex, index 32884, location -1, isVertexAttribute false, dataType 0x1406, bufferClazz class java.nio.FloatBuffer, elements 44, components 3, stride 24b 6c, buffer java.nio.FloatToByteBufferAdapter, status: capacity=132 position=0 limit=132, vboEnabled true, vboName 12, vboUsage 0x88e4, vboTarget 0x8892, vboOffset 0, alive true])
11-13 18:26:35.327: W/System.err(9189): glNormalPointer( GLArrayDataWrapper[mgl_Normal, index 32885, location -1, isVertexAttribute false, dataType 0x1406, bufferClazz class java.nio.FloatBuffer, elements 44, components 3, stride 24b 6c, buffer java.nio.FloatToByteBufferAdapter, status: capacity=132 position=0 limit=132, vboEnabled true, vboName 12, vboUsage 0x88e4, vboTarget 0x8892, vboOffset 12, alive true])
11-13 18:26:35.327: W/System.err(9189): glBindBuffer( 0x8892, 0x0)
11-13 18:26:35.327: W/System.err(9189): glEnableClientState( 0x8074)
11-13 18:26:35.327: W/System.err(9189): glEnableClientState( 0x8075)
11-13 18:26:35.334: W/System.err(9189): glDrawArrays( 0x5, 0x0, 0x16)
11-13 18:26:35.334: W/System.err(9189): glDisableClientState( 0x8074)
11-13 18:26:35.334: W/System.err(9189): glDisableClientState( 0x8075)
11-13 18:26:35.334: W/System.err(9189): glPopMatrix()
11-13 18:26:35.334: W/System.err(9189): glPushMatrix()
11-13 18:26:35.334: W/System.err(9189): glTranslatef( -3.1, 4.2, 0.0)
11-13 18:26:35.342: V/Sensors(207): accel data: 1.899251 -0.040715 9.493857
11-13 18:26:35.342: W/System.err(9189): glRotatef( -829.0, 0.0, 0.0, 1.0)
11-13 18:26:35.342: W/System.err(9189): glMaterialfv( 0x408, 0x1602, java.nio.FloatToByteBufferAdapter, status: capacity=4 position=0 limit=4)
11-13 18:26:35.342: W/System.err(9189): glShadeModel( 0x1D00)
11-13 18:26:35.342: W/System.err(9189): glBindBuffer( 0x8892, 0xD)
11-13 18:26:35.350: W/System.err(9189): glVertexPointer( GLArrayDataWrapper[mgl_Vertex, index 32884, location -1, isVertexAttribute false, dataType 0x1406, bufferClazz class java.nio.FloatBuffer, elements 84, components 3, stride 24b 6c, buffer java.nio.FloatToByteBufferAdapter, status: capacity=252 position=0 limit=252, vboEnabled true, vboName 13, vboUsage 0x88e4, vboTarget 0x8892, vboOffset 0, alive true])
11-13 18:26:35.358: W/System.err(9189): glNormalPointer( GLArrayDataWrapper[mgl_Normal, index 32885, location -1, isVertexAttribute false, dataType 0x1406, bufferClazz class java.nio.FloatBuffer, elements 84, components 3, stride 24b 6c, buffer java.nio.FloatToByteBufferAdapter, status: capacity=252 position=0 limit=252, vboEnabled true, vboName 13, vboUsage 0x88e4, vboTarget 0x8892, vboOffset 12, alive true])
11-13 18:26:35.358: W/System.err(9189): glBindBuffer( 0x8892, 0x0)
11-13 18:26:35.358: W/System.err(9189): glEnableClientState( 0x8074)
11-13 18:26:35.358: W/System.err(9189): glEnableClientState( 0x8075)
11-13 18:26:35.358: W/System.err(9189): glDrawArrays( 0x5, 0x0, 0x2A)
11-13 18:26:35.366: W/System.err(9189): glDisableClientState( 0x8074)
11-13 18:26:35.366: W/System.err(9189): glDisableClientState( 0x8075)
11-13 18:26:35.366: W/System.err(9189): glBindBuffer( 0x8892, 0xE)
11-13 18:26:35.373: W/System.err(9189): glVertexPointer( GLArrayDataWrapper[mgl_Vertex, index 32884, location -1, isVertexAttribute false, dataType 0x1406, bufferClazz class java.nio.FloatBuffer, elements 120, components 3, stride 24b 6c, buffer java.nio.FloatToByteBufferAdapter, status: capacity=360 position=0 limit=360, vboEnabled true, vboName 14, vboUsage 0x88e4, vboTarget 0x8892, vboOffset 0, alive true])
11-13 18:26:35.373: W/System.err(9189): glNormalPointer( GLArrayDataWrapper[mgl_Normal, index 32885, location -1, isVertexAttribute false, dataType 0x1406, bufferClazz class java.nio.FloatBuffer, elements 120, components 3, stride 24b 6c, buffer java.nio.FloatToByteBufferAdapter, status: capacity=360 position=0 limit=360, vboEnabled true, vboName 14, vboUsage 0x88e4, vboTarget 0x8892, vboOffset 12, alive true])
11-13 18:26:35.373: W/System.err(9189): glBindBuffer( 0x8892, 0x0)
11-13 18:26:35.373: W/System.err(9189): glEnableClientState( 0x8074)
11-13 18:26:35.381: W/System.err(9189): glEnableClientState( 0x8075)
11-13 18:26:35.381: W/System.err(9189): glDrawArrays( 0x4, 0x0, 0x3C)
11-13 18:26:35.381: W/System.err(9189): glDisableClientState( 0x8074)
11-13 18:26:35.381: W/System.err(9189): glDisableClientState( 0x8075)
11-13 18:26:35.389: W/System.err(9189): glBindBuffer( 0x8892, 0xF)
11-13 18:26:35.389: W/System.err(9189): glVertexPointer( GLArrayDataWrapper[mgl_Vertex, index 32884, location -1, isVertexAttribute false, dataType 0x1406, bufferClazz class java.nio.FloatBuffer, elements 84, components 3, stride 24b 6c, buffer java.nio.FloatToByteBufferAdapter, status: capacity=252 position=0 limit=252, vboEnabled true, vboName 15, vboUsage 0x88e4, vboTarget 0x8892, vboOffset 0, alive true])
11-13 18:26:35.397: W/System.err(9189): glNormalPointer( GLArrayDataWrapper[mgl_Normal, index 32885, location -1, isVertexAttribute false, dataType 0x1406, bufferClazz class java.nio.FloatBuffer, elements 84, components 3, stride 24b 6c, buffer java.nio.FloatToByteBufferAdapter, status: capacity=252 position=0 limit=252, vboEnabled true, vboName 15, vboUsage 0x88e4, vboTarget 0x8892, vboOffset 12, alive true])
11-13 18:26:35.397: W/System.err(9189): glBindBuffer( 0x8892, 0x0)
11-13 18:26:35.397: W/System.err(9189): glEnableClientState( 0x8074)
11-13 18:26:35.397: W/System.err(9189): glEnableClientState( 0x8075)
11-13 18:26:35.397: W/System.err(9189): glDrawArrays( 0x5, 0x0, 0x2A)
11-13 18:26:35.405: W/System.err(9189): glDisableClientState( 0x8074)
11-13 18:26:35.405: W/System.err(9189): glDisableClientState( 0x8075)
11-13 18:26:35.405: W/System.err(9189): glBindBuffer( 0x8892, 0x10)
11-13 18:26:35.405: W/System.err(9189): glVertexPointer( GLArrayDataWrapper[mgl_Vertex, index 32884, location -1, isVertexAttribute false, dataType 0x1406, bufferClazz class java.nio.FloatBuffer, elements 120, components 3, stride 24b 6c, buffer java.nio.FloatToByteBufferAdapter, status: capacity=360 position=0 limit=360, vboEnabled true, vboName 16, vboUsage 0x88e4, vboTarget 0x8892, vboOffset 0, alive true])
11-13 18:26:35.413: W/System.err(9189): glNormalPointer( GLArrayDataWrapper[mgl_Normal, index 32885, location -1, isVertexAttribute false, dataType 0x1406, bufferClazz class java.nio.FloatBuffer, elements 120, components 3, stride 24b 6c, buffer java.nio.FloatToByteBufferAdapter, status: capacity=360 position=0 limit=360, vboEnabled true, vboName 16, vboUsage 0x88e4, vboTarget 0x8892, vboOffset 12, alive true])
11-13 18:26:35.413: W/System.err(9189): glBindBuffer( 0x8892, 0x0)
11-13 18:26:35.420: W/System.err(9189): glEnableClientState( 0x8074)
11-13 18:26:35.420: I/ForwardUtilService(207): /Client disconnected
11-13 18:26:35.420: I/ForwardUtilService(207): Reset client ready true
11-13 18:26:35.420: W/System.err(9189): glEnableClientState( 0x8075)
11-13 18:26:35.420: W/System.err(9189): glDrawArrays( 0x4, 0x0, 0x3C)
11-13 18:26:35.420: W/System.err(9189): glDisableClientState( 0x8074)
11-13 18:26:35.420: W/System.err(9189): glDisableClientState( 0x8075)
11-13 18:26:35.420: W/System.err(9189): glBindBuffer( 0x8892, 0x11)
11-13 18:26:35.436: W/System.err(9189): glVertexPointer( GLArrayDataWrapper[mgl_Vertex, index 32884, location -1, isVertexAttribute false, dataType 0x1406, bufferClazz class java.nio.FloatBuffer, elements 324, components 3, stride 24b 6c, buffer java.nio.FloatToByteBufferAdapter, status: capacity=972 position=0 limit=972, vboEnabled true, vboName 17, vboUsage 0x88e4, vboTarget 0x8892, vboOffset 0, alive true])
11-13 18:26:35.459: W/System.err(9189): glNormalPointer( GLArrayDataWrapper[mgl_Normal, index 32885, location -1, isVertexAttribute false, dataType 0x1406, bufferClazz class java.nio.FloatBuffer, elements 324, components 3, stride 24b 6c, buffer java.nio.FloatToByteBufferAdapter, status: capacity=972 position=0 limit=972, vboEnabled true, vboName 17, vboUsage 0x88e4, vboTarget 0x8892, vboOffset 12, alive true])
11-13 18:26:35.459: W/System.err(9189): glBindBuffer( 0x8892, 0x0)
11-13 18:26:35.459: W/System.err(9189): glEnableClientState( 0x8074)
11-13 18:26:35.459: W/System.err(9189): glEnableClientState( 0x8075)
11-13 18:26:35.459: W/System.err(9189): glDrawArrays( 0x5, 0x0, 0xA2)
11-13 18:26:35.459: W/System.err(9189): glDisableClientState( 0x8074)
11-13 18:26:35.459: W/System.err(9189): glDisableClientState( 0x8075)
11-13 18:26:35.459: W/System.err(9189): glShadeModel( 0x1D01)
11-13 18:26:35.459: W/System.err(9189): glBindBuffer( 0x8892, 0x12)
11-13 18:26:35.467: W/System.err(9189): glVertexPointer( GLArrayDataWrapper[mgl_Vertex, index 32884, location -1, isVertexAttribute false, dataType 0x1406, bufferClazz class java.nio.FloatBuffer, elements 44, components 3, stride 24b 6c, buffer java.nio.FloatToByteBufferAdapter, status: capacity=132 position=0 limit=132, vboEnabled true, vboName 18, vboUsage 0x88e4, vboTarget 0x8892, vboOffset 0, alive true])
11-13 18:26:35.467: W/System.err(9189): glNormalPointer( GLArrayDataWrapper[mgl_Normal, index 32885, location -1, isVertexAttribute false, dataType 0x1406, bufferClazz class java.nio.FloatBuffer, elements 44, components 3, stride 24b 6c, buffer java.nio.FloatToByteBufferAdapter, status: capacity=132 position=0 limit=132, vboEnabled true, vboName 18, vboUsage 0x88e4, vboTarget 0x8892, vboOffset 12, alive true])
11-13 18:26:35.467: W/System.err(9189): glBindBuffer( 0x8892, 0x0)
11-13 18:26:35.475: W/System.err(9189): glEnableClientState( 0x8074)
11-13 18:26:35.475: W/System.err(9189): glEnableClientState( 0x8075)
11-13 18:26:35.475: W/System.err(9189): glDrawArrays( 0x5, 0x0, 0x16)
11-13 18:26:35.475: W/System.err(9189): glDisableClientState( 0x8074)
11-13 18:26:35.475: W/System.err(9189): glDisableClientState( 0x8075)
11-13 18:26:35.475: W/System.err(9189): glPopMatrix()
11-13 18:26:35.475: W/System.err(9189): glPopMatrix()
11-13 18:26:35.491: W/System.err(9189): glClearColor( 0.0, 0.0, 0.0, 0.0)
11-13 18:26:35.506: I/FavoritesCMSServer(381): onConnect from CMSServer
11-13 18:26:35.506: I/FavoritesCMSServer(381): Favorites-CMSServer connection status: Connected
11-13 18:26:35.506: I/FavoritesCMSServer(381): onConnect from CMSServer
11-13 18:26:35.506: I/FavoritesCMSServer(381): onConnect from CMSServer
11-13 18:26:35.506: I/FavoritesCMSServer(381): onConnect from CMSServer
11-13 18:26:35.506: I/FavoritesCMSServer(381): onConnect from CMSServer
11-13 18:26:35.506: I/FavoritesCMSServer(381): onConnect from CMSServer
11-13 18:26:35.506: I/FavoritesCMSServer(381): onConnect from CMSServer
11-13 18:26:35.506: I/FavoritesCMSServer(381): onConnect from CMSServer
11-13 18:26:35.506: I/FavoritesCMSServer(381): onConnect from CMSServer
11-13 18:26:35.506: I/FavoritesCMSServer(381): onConnect from CMSServer
11-13 18:26:35.506: I/FavoritesCMSServer(381): onConnect from CMSServer
11-13 18:26:35.506: I/FavoritesCMSServer(381): onConnect from CMSServer
11-13 18:26:35.506: I/FavoritesCMSServer(381): onConnect from CMSServer
11-13 18:26:35.506: I/FavoritesCMSServer(381): onConnect from CMSServer
11-13 18:26:35.506: I/FavoritesCMSServer(381): onConnect from CMSServer
11-13 18:26:35.506: I/FavoritesCMSServer(381): onConnect from CMSServer
11-13 18:26:35.506: I/FavoritesCMSServer(381): onConnect from CMSServer
11-13 18:26:35.506: I/FavoritesCMSServer(381): onConnect from CMSServer
11-13 18:26:35.530: I/FavoritesCmsActionService(381): onConnect from CMSActionService
11-13 18:26:35.530: W/System.err(9189): glClear( 0x4100)
11-13 18:26:35.530: I/FavoritesCmsActionService(381): onConnect from CMSActionService
11-13 18:26:35.530: I/FavoritesCmsActionService(381): onConnect from CMSActionService
11-13 18:26:35.530: I/FavoritesCmsActionService(381): onConnect from CMSActionService
11-13 18:26:35.530: I/FavoritesCmsActionService(381): onConnect from CMSActionService
11-13 18:26:35.530: I/FavoritesCmsActionService(381): onConnect from CMSActionService
11-13 18:26:35.530: I/FavoritesCmsActionService(381): onConnect from CMSActionService
11-13 18:26:35.530: I/FavoritesCmsActionService(381): onConnect from CMSActionService
11-13 18:26:35.530: I/FavoritesCmsActionService(381): onConnect from CMSActionService
11-13 18:26:35.530: I/FavoritesCmsActionService(381): onConnect from CMSActionService
11-13 18:26:35.530: I/FavoritesCmsActionService(381): onConnect from CMSActionService
11-13 18:26:35.530: I/FavoritesCmsActionService(381): onConnect from CMSActionService
11-13 18:26:35.530: I/FavoritesCmsActionService(381): onConnect from CMSActionService
11-13 18:26:35.530: I/FavoritesCmsActionService(381): onConnect from CMSActionService
11-13 18:26:35.530: I/FavoritesCmsActionService(381): onConnect from CMSActionService
11-13 18:26:35.530: W/System.err(9189): glNormal3f( 0.0, 0.0, 1.0)
11-13 18:26:35.530: I/FavoritesCmsActionService(381): onConnect from CMSActionService
11-13 18:26:35.530: I/FavoritesCmsActionService(381): onConnect from CMSActionService
11-13 18:26:35.530: I/FavoritesCmsActionService(381): onConnect from CMSActionService
11-13 18:26:35.530: I/ActivityManager(207): Process com.amazon.dcp (pid 9395) has died.
11-13 18:26:35.530: W/ActivityManager(207): Scheduling restart of crashed service com.amazon.dcp/.metrics.MetricsService in 189390ms
11-13 18:26:35.545: W/System.err(9189): glPushMatrix()
11-13 18:26:35.545: W/System.err(9189): glRotatef( 20.0, 1.0, 0.0, 0.0)
11-13 18:26:35.545: W/System.err(9189): glRotatef( 30.0, 0.0, 1.0, 0.0)
11-13 18:26:35.553: W/System.err(9189): glRotatef( 0.0, 0.0, 0.0, 1.0)
11-13 18:26:35.553: W/System.err(9189): glPushMatrix()
11-13 18:26:35.561: W/System.err(9189): glTranslatef( -3.0, -2.0, 0.0)
11-13 18:26:35.577: W/System.err(9189): glRotatef( 404.0, 0.0, 0.0, 1.0)
11-13 18:26:35.577: W/System.err(9189): glMaterialfv( 0x408, 0x1602, java.nio.FloatToByteBufferAdapter, status: capacity=4 position=0 limit=4)
11-13 18:26:35.577: W/System.err(9189): glShadeModel( 0x1D00)
11-13 18:26:35.584: W/System.err(9189): glBindBuffer( 0x8892, 0x1)
11-13 18:26:35.584: W/System.err(9189): glVertexPointer( GLArrayDataWrapper[mgl_Vertex, index 32884, location -1, isVertexAttribute false, dataType 0x1406, bufferClazz class java.nio.FloatBuffer, elements 164, components 3, stride 24b 6c, buffer java.nio.FloatToByteBufferAdapter, status: capacity=492 position=0 limit=492, vboEnabled true, vboName 1, vboUsage 0x88e4, vboTarget 0x8892, vboOffset 0, alive true])
11-13 18:26:35.592: W/System.err(9189): glNormalPointer( GLArrayDataWrapper[mgl_Normal, index 32885, location -1, isVertexAttribute false, dataType 0x1406, bufferClazz class java.nio.FloatBuffer, elements 164, components 3, stride 24b 6c, buffer java.nio.FloatToByteBufferAdapter, status: capacity=492 position=0 limit=492, vboEnabled true, vboName 1, vboUsage 0x88e4, vboTarget 0x8892, vboOffset 12, alive true])
11-13 18:26:35.592: W/System.err(9189): glBindBuffer( 0x8892, 0x0)
11-13 18:26:35.592: I/ActivityManager(207): Start proc com.audible.application.kindle for service com.audible.application.kindle/com.amazon.kindle.cms.api.CallbackService: pid=9423 uid=32004 gids={3003, 1015, 3002}
11-13 18:26:35.600: W/System.err(9189): glEnableClientState( 0x8074)
11-13 18:26:35.608: W/System.err(9189): glEnableClientState( 0x8075)
11-13 18:26:35.639: W/System.err(9189): glDrawArrays( 0x5, 0x0, 0x52)
11-13 18:26:35.639: W/System.err(9189): glDisableClientState( 0x8074)
11-13 18:26:35.639: W/System.err(9189): glDisableClientState( 0x8075)
11-13 18:26:35.639: W/System.err(9189): glBindBuffer( 0x8892, 0x2)
11-13 18:26:35.647: W/System.err(9189): glVertexPointer( GLArrayDataWrapper[mgl_Vertex, index 32884, location -1, isVertexAttribute false, dataType 0x1406, bufferClazz class java.nio.FloatBuffer, elements 240, components 3, stride 24b 6c, buffer java.nio.FloatToByteBufferAdapter, status: capacity=720 position=0 limit=720, vboEnabled true, vboName 2, vboUsage 0x88e4, vboTarget 0x8892, vboOffset 0, alive true])
11-13 18:26:35.647: I/ActivityManager(207): Start proc com.amazon.photos for service com.amazon.photos/com.amazon.kindle.cms.api.CallbackService: pid=9436 uid=32021 gids={3003, 1015}
11-13 18:26:35.655: W/System.err(9189): glNormalPointer( GLArrayDataWrapper[mgl_Normal, index 32885, location -1, isVertexAttribute false, dataType 0x1406, bufferClazz class java.nio.FloatBuffer, elements 240, components 3, stride 24b 6c, buffer java.nio.FloatToByteBufferAdapter, status: capacity=720 position=0 limit=720, vboEnabled true, vboName 2, vboUsage 0x88e4, vboTarget 0x8892, vboOffset 12, alive true])
11-13 18:26:35.655: W/System.err(9189): glBindBuffer( 0x8892, 0x0)
11-13 18:26:35.663: W/System.err(9189): glEnableClientState( 0x8074)
11-13 18:26:35.663: W/System.err(9189): glEnableClientState( 0x8075)
11-13 18:26:35.663: I/ActivityManager(207): Process com.amazon.dcp:Settings (pid 9364) has died.
11-13 18:26:35.678: W/System.err(9189): glDrawArrays( 0x4, 0x0, 0x78)
11-13 18:26:35.678: W/System.err(9189): glDisableClientState( 0x8074)
11-13 18:26:35.678: W/System.err(9189): glDisableClientState( 0x8075)
11-13 18:26:35.686: W/System.err(9189): glBindBuffer( 0x8892, 0x3)
11-13 18:26:35.702: W/System.err(9189): glVertexPointer( GLArrayDataWrapper[mgl_Vertex, index 32884, location -1, isVertexAttribute false, dataType 0x1406, bufferClazz class java.nio.FloatBuffer, elements 164, components 3, stride 24b 6c, buffer java.nio.FloatToByteBufferAdapter, status: capacity=492 position=0 limit=492, vboEnabled true, vboName 3, vboUsage 0x88e4, vboTarget 0x8892, vboOffset 0, alive true])
11-13 18:26:35.725: W/System.err(9189): glNormalPointer( GLArrayDataWrapper[mgl_Normal, index 32885, location -1, isVertexAttribute false, dataType 0x1406, bufferClazz class java.nio.FloatBuffer, elements 164, components 3, stride 24b 6c, buffer java.nio.FloatToByteBufferAdapter, status: capacity=492 position=0 limit=492, vboEnabled true, vboName 3, vboUsage 0x88e4, vboTarget 0x8892, vboOffset 12, alive true])
11-13 18:26:35.725: W/System.err(9189): glBindBuffer( 0x8892, 0x0)
11-13 18:26:35.725: W/System.err(9189): glEnableClientState( 0x8074)
11-13 18:26:35.733: W/System.err(9189): glEnableClientState( 0x8075)
11-13 18:26:35.733: W/System.err(9189): glDrawArrays( 0x5, 0x0, 0x52)
11-13 18:26:35.741: W/System.err(9189): glDisableClientState( 0x8074)
11-13 18:26:35.748: W/System.err(9189): glDisableClientState( 0x8075)
11-13 18:26:35.748: D/dalvikvm(103): GC_EXPLICIT freed 38K, 3% free 10830K/11139K, paused 1ms+41ms
11-13 18:26:35.756: W/System.err(9189): glBindBuffer( 0x8892, 0x4)
11-13 18:26:35.756: W/System.err(9189): glVertexPointer( GLArrayDataWrapper[mgl_Vertex, index 32884, location -1, isVertexAttribute false, dataType 0x1406, bufferClazz class java.nio.FloatBuffer, elements 240, components 3, stride 24b 6c, buffer java.nio.FloatToByteBufferAdapter, status: capacity=720 position=0 limit=720, vboEnabled true, vboName 4, vboUsage 0x88e4, vboTarget 0x8892, vboOffset 0, alive true])
11-13 18:26:35.756: W/System.err(9189): glNormalPointer( GLArrayDataWrapper[mgl_Normal, index 32885, location -1, isVertexAttribute false, dataType 0x1406, bufferClazz class java.nio.FloatBuffer, elements 240, components 3, stride 24b 6c, buffer java.nio.FloatToByteBufferAdapter, status: capacity=720 position=0 limit=720, vboEnabled true, vboName 4, vboUsage 0x88e4, vboTarget 0x8892, vboOffset 12, alive true])
11-13 18:26:35.756: W/System.err(9189): glBindBuffer( 0x8892, 0x0)
11-13 18:26:35.756: W/System.err(9189): glEnableClientState( 0x8074)
11-13 18:26:35.780: D/dalvikvm(9189): GC_CONCURRENT freed 802K, 7% free 13501K/14471K, paused 2ms+2ms
11-13 18:26:35.788: W/System.err(9189): glEnableClientState( 0x8075)
11-13 18:26:35.795: W/System.err(9189): glDrawArrays( 0x4, 0x0, 0x78)
11-13 18:26:35.795: W/System.err(9189): glDisableClientState( 0x8074)
11-13 18:26:35.795: W/System.err(9189): glDisableClientState( 0x8075)
11-13 18:26:35.795: W/System.err(9189): glBindBuffer( 0x8892, 0x5)
11-13 18:26:35.811: W/System.err(9189): glVertexPointer( GLArrayDataWrapper[mgl_Vertex, index 32884, location -1, isVertexAttribute false, dataType 0x1406, bufferClazz class java.nio.FloatBuffer, elements 644, components 3, stride 24b 6c, buffer java.nio.FloatToByteBufferAdapter, status: capacity=1932 position=0 limit=1932, vboEnabled true, vboName 5, vboUsage 0x88e4, vboTarget 0x8892, vboOffset 0, alive true])
11-13 18:26:35.811: D/dalvikvm(103): GC_EXPLICIT freed <1K, 3% free 10830K/11139K, paused 3ms+1ms
11-13 18:26:35.819: W/System.err(9189): glNormalPointer( GLArrayDataWrapper[mgl_Normal, index 32885, location -1, isVertexAttribute false, dataType 0x1406, bufferClazz class java.nio.FloatBuffer, elements 644, components 3, stride 24b 6c, buffer java.nio.FloatToByteBufferAdapter, status: capacity=1932 position=0 limit=1932, vboEnabled true, vboName 5, vboUsage 0x88e4, vboTarget 0x8892, vboOffset 12, alive true])
11-13 18:26:35.819: W/System.err(9189): glBindBuffer( 0x8892, 0x0)
11-13 18:26:35.827: W/System.err(9189): glEnableClientState( 0x8074)
11-13 18:26:35.827: W/System.err(9189): glEnableClientState( 0x8075)
11-13 18:26:35.834: W/System.err(9189): glDrawArrays( 0x5, 0x0, 0x142)
11-13 18:26:35.834: W/System.err(9189): glDisableClientState( 0x8074)
11-13 18:26:35.834: W/System.err(9189): glDisableClientState( 0x8075)
11-13 18:26:35.842: W/System.err(9189): glShadeModel( 0x1D01)
11-13 18:26:35.842: W/System.err(9189): glBindBuffer( 0x8892, 0x6)
11-13 18:26:35.842: W/System.err(9189): glVertexPointer( GLArrayDataWrapper[mgl_Vertex, index 32884, location -1, isVertexAttribute false, dataType 0x1406, bufferClazz class java.nio.FloatBuffer, elements 84, components 3, stride 24b 6c, buffer java.nio.FloatToByteBufferAdapter, status: capacity=252 position=0 limit=252, vboEnabled true, vboName 6, vboUsage 0x88e4, vboTarget 0x8892, vboOffset 0, alive true])
11-13 18:26:35.850: W/System.err(9189): glNormalPointer( GLArrayDataWrapper[mgl_Normal, index 32885, location -1, isVertexAttribute false, dataType 0x1406, bufferClazz class java.nio.FloatBuffer, elements 84, components 3, stride 24b 6c, buffer java.nio.FloatToByteBufferAdapter, status: capacity=252 position=0 limit=252, vboEnabled true, vboName 6, vboUsage 0x88e4, vboTarget 0x8892, vboOffset 12, alive true])
11-13 18:26:35.850: W/System.err(9189): glBindBuffer( 0x8892, 0x0)
11-13 18:26:35.850: W/System.err(9189): glEnableClientState( 0x8074)
11-13 18:26:35.850: W/System.err(9189): glEnableClientState( 0x8075)
11-13 18:26:35.850: W/System.err(9189): glDrawArrays( 0x5, 0x0, 0x2A)
11-13 18:26:35.850: W/System.err(9189): glDisableClientState( 0x8074)
11-13 18:26:35.850: W/System.err(9189): glDisableClientState( 0x8075)
11-13 18:26:35.850: W/System.err(9189): glPopMatrix()
11-13 18:26:35.850: W/System.err(9189): glPushMatrix()
11-13 18:26:35.866: W/System.err(9189): glTranslatef( 3.1, -2.0, 0.0)
11-13 18:26:35.873: W/System.err(9189): glRotatef( -817.0, 0.0, 0.0, 1.0)
11-13 18:26:35.873: W/System.err(9189): glMaterialfv( 0x408, 0x1602, java.nio.FloatToByteBufferAdapter, status: capacity=4 position=0 limit=4)
11-13 18:26:35.881: W/System.err(9189): glShadeModel( 0x1D00)
11-13 18:26:35.881: W/System.err(9189): glBindBuffer( 0x8892, 0x7)
11-13 18:26:35.889: W/System.err(9189): glVertexPointer( GLArrayDataWrapper[mgl_Vertex, index 32884, location -1, isVertexAttribute false, dataType 0x1406, bufferClazz class java.nio.FloatBuffer, elements 84, components 3, stride 24b 6c, buffer java.nio.FloatToByteBufferAdapter, status: capacity=252 position=0 limit=252, vboEnabled true, vboName 7, vboUsage 0x88e4, vboTarget 0x8892, vboOffset 0, alive true])
11-13 18:26:35.889: W/System.err(9189): glNormalPointer( GLArrayDataWrapper[mgl_Normal, index 32885, location -1, isVertexAttribute false, dataType 0x1406, bufferClazz class java.nio.FloatBuffer, elements 84, components 3, stride 24b 6c, buffer java.nio.FloatToByteBufferAdapter, status: capacity=252 position=0 limit=252, vboEnabled true, vboName 7, vboUsage 0x88e4, vboTarget 0x8892, vboOffset 12, alive true])
11-13 18:26:35.897: D/dalvikvm(103): GC_EXPLICIT freed <1K, 3% free 10830K/11139K, paused 1ms+2ms
11-13 18:26:35.905: W/System.err(9189): glBindBuffer( 0x8892, 0x0)
11-13 18:26:35.905: W/System.err(9189): glEnableClientState( 0x8074)
11-13 18:26:35.913: W/System.err(9189): glEnableClientState( 0x8075)
11-13 18:26:35.920: W/System.err(9189): glDrawArrays( 0x5, 0x0, 0x2A)
11-13 18:26:35.920: W/System.err(9189): glDisableClientState( 0x8074)
11-13 18:26:35.928: W/System.err(9189): glDisableClientState( 0x8075)
11-13 18:26:35.928: W/System.err(9189): glBindBuffer( 0x8892, 0x8)
11-13 18:26:35.936: W/System.err(9189): glVertexPointer( GLArrayDataWrapper[mgl_Vertex, index 32884, location -1, isVertexAttribute false, dataType 0x1406, bufferClazz class java.nio.FloatBuffer, elements 120, components 3, stride 24b 6c, buffer java.nio.FloatToByteBufferAdapter, status: capacity=360 position=0 limit=360, vboEnabled true, vboName 8, vboUsage 0x88e4, vboTarget 0x8892, vboOffset 0, alive true])
11-13 18:26:35.944: W/System.err(9189): glNormalPointer( GLArrayDataWrapper[mgl_Normal, index 32885, location -1, isVertexAttribute false, dataType 0x1406, bufferClazz class java.nio.FloatBuffer, elements 120, components 3, stride 24b 6c, buffer java.nio.FloatToByteBufferAdapter, status: capacity=360 position=0 limit=360, vboEnabled true, vboName 8, vboUsage 0x88e4, vboTarget 0x8892, vboOffset 12, alive true])
11-13 18:26:35.944: I/ActivityManager(207): Start proc com.amazon.webapp for service com.amazon.webapp/com.amazon.kindle.cms.api.CallbackService: pid=9455 uid=32017 gids={3003, 1015}
11-13 18:26:35.952: W/System.err(9189): glBindBuffer( 0x8892, 0x0)
11-13 18:26:35.952: W/System.err(9189): glEnableClientState( 0x8074)
11-13 18:26:35.952: W/System.err(9189): glEnableClientState( 0x8075)
11-13 18:26:35.967: W/System.err(9189): glDrawArrays( 0x4, 0x0, 0x3C)
11-13 18:26:35.975: W/System.err(9189): glDisableClientState( 0x8074)
11-13 18:26:35.975: W/System.err(9189): glDisableClientState( 0x8075)
11-13 18:26:35.983: W/System.err(9189): glBindBuffer( 0x8892, 0x9)
11-13 18:26:35.998: W/System.err(9189): glVertexPointer( GLArrayDataWrapper[mgl_Vertex, index 32884, location -1, isVertexAttribute false, dataType 0x1406, bufferClazz class java.nio.FloatBuffer, elements 84, components 3, stride 24b 6c, buffer java.nio.FloatToByteBufferAdapter, status: capacity=252 position=0 limit=252, vboEnabled true, vboName 9, vboUsage 0x88e4, vboTarget 0x8892, vboOffset 0, alive true])
11-13 18:26:35.998: I/ActivityManager(207): Start proc com.amazon.venezia for service com.amazon.venezia/com.amazon.kindle.cms.api.CallbackService: pid=9461 uid=32003 gids={3003, 1015, 1007}
11-13 18:26:36.061: W/System.err(9189): glNormalPointer( GLArrayDataWrapper[mgl_Normal, index 32885, location -1, isVertexAttribute false, dataType 0x1406, bufferClazz class java.nio.FloatBuffer, elements 84, components 3, stride 24b 6c, buffer java.nio.FloatToByteBufferAdapter, status: capacity=252 position=0 limit=252, vboEnabled true, vboName 9, vboUsage 0x88e4, vboTarget 0x8892, vboOffset 12, alive true])
11-13 18:26:36.061: W/System.err(9189): glBindBuffer( 0x8892, 0x0)
11-13 18:26:36.061: W/System.err(9189): glEnableClientState( 0x8074)
11-13 18:26:36.061: W/System.err(9189): glEnableClientState( 0x8075)
11-13 18:26:36.061: W/System.err(9189): glDrawArrays( 0x5, 0x0, 0x2A)
11-13 18:26:36.069: W/System.err(9189): glDisableClientState( 0x8074)
11-13 18:26:36.069: W/System.err(9189): glDisableClientState( 0x8075)
11-13 18:26:36.077: W/System.err(9189): glBindBuffer( 0x8892, 0xA)
11-13 18:26:36.084: W/System.err(9189): glVertexPointer( GLArrayDataWrapper[mgl_Vertex, index 32884, location -1, isVertexAttribute false, dataType 0x1406, bufferClazz class java.nio.FloatBuffer, elements 120, components 3, stride 24b 6c, buffer java.nio.FloatToByteBufferAdapter, status: capacity=360 position=0 limit=360, vboEnabled true, vboName 10, vboUsage 0x88e4, vboTarget 0x8892, vboOffset 0, alive true])
11-13 18:26:36.092: W/System.err(9189): glNormalPointer( GLArrayDataWrapper[mgl_Normal, index 32885, location -1, isVertexAttribute false, dataType 0x1406, bufferClazz class java.nio.FloatBuffer, elements 120, components 3, stride 24b 6c, buffer java.nio.FloatToByteBufferAdapter, status: capacity=360 position=0 limit=360, vboEnabled true, vboName 10, vboUsage 0x88e4, vboTarget 0x8892, vboOffset 12, alive true])
11-13 18:26:36.100: W/System.err(9189): glBindBuffer( 0x8892, 0x0)
11-13 18:26:36.100: W/System.err(9189): glEnableClientState( 0x8074)
11-13 18:26:36.100: I/ActivityManager(207): Start proc com.amazon.cloud9 for service com.amazon.cloud9/com.amazon.kindle.cms.api.CallbackService: pid=9473 uid=32009 gids={3003, 1015}
11-13 18:26:36.108: W/System.err(9189): glEnableClientState( 0x8075)
11-13 18:26:36.108: W/System.err(9189): glDrawArrays( 0x4, 0x0, 0x3C)
11-13 18:26:36.108: W/System.err(9189): glDisableClientState( 0x8074)
11-13 18:26:36.108: W/System.err(9189): glDisableClientState( 0x8075)
11-13 18:26:36.108: W/System.err(9189): glBindBuffer( 0x8892, 0xB)
11-13 18:26:36.116: W/System.err(9189): glVertexPointer( GLArrayDataWrapper[mgl_Vertex, index 32884, location -1, isVertexAttribute false, dataType 0x1406, bufferClazz class java.nio.FloatBuffer, elements 324, components 3, stride 24b 6c, buffer java.nio.FloatToByteBufferAdapter, status: capacity=972 position=0 limit=972, vboEnabled true, vboName 11, vboUsage 0x88e4, vboTarget 0x8892, vboOffset 0, alive true])
11-13 18:26:36.116: W/System.err(9189): glNormalPointer( GLArrayDataWrapper[mgl_Normal, index 32885, location -1, isVertexAttribute false, dataType 0x1406, bufferClazz class java.nio.FloatBuffer, elements 324, components 3, stride 24b 6c, buffer java.nio.FloatToByteBufferAdapter, status: capacity=972 position=0 limit=972, vboEnabled true, vboName 11, vboUsage 0x88e4, vboTarget 0x8892, vboOffset 12, alive true])
11-13 18:26:36.116: W/System.err(9189): glBindBuffer( 0x8892, 0x0)
11-13 18:26:36.123: W/System.err(9189): glEnableClientState( 0x8074)
11-13 18:26:36.123: W/System.err(9189): glEnableClientState( 0x8075)
11-13 18:26:36.139: W/System.err(9189): glDrawArrays( 0x5, 0x0, 0xA2)
11-13 18:26:36.139: W/System.err(9189): glDisableClientState( 0x8074)
11-13 18:26:36.139: W/System.err(9189): glDisableClientState( 0x8075)
11-13 18:26:36.139: W/System.err(9189): glShadeModel( 0x1D01)
11-13 18:26:36.139: W/System.err(9189): glBindBuffer( 0x8892, 0xC)
11-13 18:26:36.147: W/FavoritesCMSServer(381): Unexpected onDisconnect from CMSServer
11-13 18:26:36.147: I/FavoritesCMSServer(381): Favorites-CMSServer connection status: NotConnected
11-13 18:26:36.147: W/FavoritesCMSServer(381): Unexpected onDisconnect from CMSServer
11-13 18:26:36.147: W/FavoritesCMSServer(381): Unexpected onDisconnect from CMSServer
11-13 18:26:36.147: W/FavoritesCMSServer(381): Unexpected onDisconnect from CMSServer
11-13 18:26:36.147: W/FavoritesCMSServer(381): Unexpected onDisconnect from CMSServer
11-13 18:26:36.147: W/FavoritesCMSServer(381): Unexpected onDisconnect from CMSServer
11-13 18:26:36.147: W/FavoritesCMSServer(381): Unexpected onDisconnect from CMSServer
11-13 18:26:36.147: W/FavoritesCMSServer(381): Unexpected onDisconnect from CMSServer
11-13 18:26:36.147: W/FavoritesCMSServer(381): Unexpected onDisconnect from CMSServer
11-13 18:26:36.147: W/FavoritesCMSServer(381): Unexpected onDisconnect from CMSServer
11-13 18:26:36.147: W/FavoritesCMSServer(381): Unexpected onDisconnect from CMSServer
11-13 18:26:36.147: W/FavoritesCMSServer(381): Unexpected onDisconnect from CMSServer
11-13 18:26:36.147: W/FavoritesCMSServer(381): Unexpected onDisconnect from CMSServer
11-13 18:26:36.147: W/FavoritesCMSServer(381): Unexpected onDisconnect from CMSServer
11-13 18:26:36.147: W/FavoritesCMSServer(381): Unexpected onDisconnect from CMSServer
11-13 18:26:36.147: W/FavoritesCMSServer(381): Unexpected onDisconnect from CMSServer
11-13 18:26:36.147: W/FavoritesCMSServer(381): Unexpected onDisconnect from CMSServer
11-13 18:26:36.147: W/FavoritesCMSServer(381): Unexpected onDisconnect from CMSServer
11-13 18:26:36.147: W/FavoritesCmsActionService(381): Unexpected onDisconnect from CMSActionService
11-13 18:26:36.147: W/FavoritesCmsActionService(381): Unexpected onDisconnect from CMSActionService
11-13 18:26:36.147: W/FavoritesCmsActionService(381): Unexpected onDisconnect from CMSActionService
11-13 18:26:36.147: W/FavoritesCmsActionService(381): Unexpected onDisconnect from CMSActionService
11-13 18:26:36.147: W/FavoritesCmsActionService(381): Unexpected onDisconnect from CMSActionService
11-13 18:26:36.147: W/FavoritesCmsActionService(381): Unexpected onDisconnect from CMSActionService
11-13 18:26:36.147: W/FavoritesCmsActionService(381): Unexpected onDisconnect from CMSActionService
11-13 18:26:36.147: W/FavoritesCmsActionService(381): Unexpected onDisconnect from CMSActionService
11-13 18:26:36.147: W/FavoritesCmsActionService(381): Unexpected onDisconnect from CMSActionService
11-13 18:26:36.147: W/FavoritesCmsActionService(381): Unexpected onDisconnect from CMSActionService
11-13 18:26:36.147: W/FavoritesCmsActionService(381): Unexpected onDisconnect from CMSActionService
11-13 18:26:36.147: W/FavoritesCmsActionService(381): Unexpected onDisconnect from CMSActionService
11-13 18:26:36.147: I/ActivityManager(207): Process com.amazon.kindle.cms (pid 9349) has died.
11-13 18:26:36.147: W/ActivityManager(207): Scheduling restart of crashed service com.amazon.kindle.cms/.MaintenanceService in 198776ms
11-13 18:26:36.147: W/ActivityManager(207): Scheduling restart of crashed service com.amazon.kindle.cms/.CMSService in 208776ms
11-13 18:26:36.147: W/FavoritesCmsActionService(381): Unexpected onDisconnect from CMSActionService
11-13 18:26:36.147: W/FavoritesCmsActionService(381): Unexpected onDisconnect from CMSActionService
11-13 18:26:36.147: W/FavoritesCmsActionService(381): Unexpected onDisconnect from CMSActionService
11-13 18:26:36.147: W/FavoritesCmsActionService(381): Unexpected onDisconnect from CMSActionService
11-13 18:26:36.147: W/FavoritesCmsActionService(381): Unexpected onDisconnect from CMSActionService
11-13 18:26:36.147: W/FavoritesCmsActionService(381): Unexpected onDisconnect from CMSActionService
11-13 18:26:36.147: W/System.err(9189): glVertexPointer( GLArrayDataWrapper[mgl_Vertex, index 32884, location -1, isVertexAttribute false, dataType 0x1406, bufferClazz class java.nio.FloatBuffer, elements 44, components 3, stride 24b 6c, buffer java.nio.FloatToByteBufferAdapter, status: capacity=132 position=0 limit=132, vboEnabled true, vboName 12, vboUsage 0x88e4, vboTarget 0x8892, vboOffset 0, alive true])
11-13 18:26:36.155: W/System.err(9189): glNormalPointer( GLArrayDataWrapper[mgl_Normal, index 32885, location -1, isVertexAttribute false, dataType 0x1406, bufferClazz class java.nio.FloatBuffer, elements 44, components 3, stride 24b 6c, buffer java.nio.FloatToByteBufferAdapter, status: capacity=132 position=0 limit=132, vboEnabled true, vboName 12, vboUsage 0x88e4, vboTarget 0x8892, vboOffset 12, alive true])
11-13 18:26:36.155: W/System.err(9189): glBindBuffer( 0x8892, 0x0)
11-13 18:26:36.155: W/System.err(9189): glEnableClientState( 0x8074)
11-13 18:26:36.155: W/System.err(9189): glEnableClientState( 0x8075)
11-13 18:26:36.155: W/System.err(9189): glDrawArrays( 0x5, 0x0, 0x16)
11-13 18:26:36.163: W/System.err(9189): glDisableClientState( 0x8074)
11-13 18:26:36.163: W/System.err(9189): glDisableClientState( 0x8075)
11-13 18:26:36.163: W/System.err(9189): glPopMatrix()
11-13 18:26:36.163: W/System.err(9189): glPushMatrix()
11-13 18:26:36.163: W/System.err(9189): glTranslatef( -3.1, 4.2, 0.0)
11-13 18:26:36.163: W/System.err(9189): glRotatef( -833.0, 0.0, 0.0, 1.0)
11-13 18:26:36.163: W/System.err(9189): glMaterialfv( 0x408, 0x1602, java.nio.FloatToByteBufferAdapter, status: capacity=4 position=0 limit=4)
11-13 18:26:36.163: W/System.err(9189): glShadeModel( 0x1D00)
11-13 18:26:36.163: W/System.err(9189): glBindBuffer( 0x8892, 0xD)
11-13 18:26:36.170: W/System.err(9189): glVertexPointer( GLArrayDataWrapper[mgl_Vertex, index 32884, location -1, isVertexAttribute false, dataType 0x1406, bufferClazz class java.nio.FloatBuffer, elements 84, components 3, stride 24b 6c, buffer java.nio.FloatToByteBufferAdapter, status: capacity=252 position=0 limit=252, vboEnabled true, vboName 13, vboUsage 0x88e4, vboTarget 0x8892, vboOffset 0, alive true])
11-13 18:26:36.170: W/System.err(9189): glNormalPointer( GLArrayDataWrapper[mgl_Normal, index 32885, location -1, isVertexAttribute false, dataType 0x1406, bufferClazz class java.nio.FloatBuffer, elements 84, components 3, stride 24b 6c, buffer java.nio.FloatToByteBufferAdapter, status: capacity=252 position=0 limit=252, vboEnabled true, vboName 13, vboUsage 0x88e4, vboTarget 0x8892, vboOffset 12, alive true])
11-13 18:26:36.170: W/System.err(9189): glBindBuffer( 0x8892, 0x0)
11-13 18:26:36.170: W/System.err(9189): glEnableClientState( 0x8074)
11-13 18:26:36.170: W/System.err(9189): glEnableClientState( 0x8075)
11-13 18:26:36.178: W/System.err(9189): glDrawArrays( 0x5, 0x0, 0x2A)
11-13 18:26:36.178: W/System.err(9189): glDisableClientState( 0x8074)
11-13 18:26:36.178: W/System.err(9189): glDisableClientState( 0x8075)
11-13 18:26:36.178: W/System.err(9189): glBindBuffer( 0x8892, 0xE)
11-13 18:26:36.186: W/System.err(9189): glVertexPointer( GLArrayDataWrapper[mgl_Vertex, index 32884, location -1, isVertexAttribute false, dataType 0x1406, bufferClazz class java.nio.FloatBuffer, elements 120, components 3, stride 24b 6c, buffer java.nio.FloatToByteBufferAdapter, status: capacity=360 position=0 limit=360, vboEnabled true, vboName 14, vboUsage 0x88e4, vboTarget 0x8892, vboOffset 0, alive true])
11-13 18:26:36.186: W/System.err(9189): glNormalPointer( GLArrayDataWrapper[mgl_Normal, index 32885, location -1, isVertexAttribute false, dataType 0x1406, bufferClazz class java.nio.FloatBuffer, elements 120, components 3, stride 24b 6c, buffer java.nio.FloatToByteBufferAdapter, status: capacity=360 position=0 limit=360, vboEnabled true, vboName 14, vboUsage 0x88e4, vboTarget 0x8892, vboOffset 12, alive true])
11-13 18:26:36.194: W/System.err(9189): glBindBuffer( 0x8892, 0x0)
11-13 18:26:36.194: W/System.err(9189): glEnableClientState( 0x8074)
11-13 18:26:36.194: W/System.err(9189): glEnableClientState( 0x8075)
11-13 18:26:36.194: W/System.err(9189): glDrawArrays( 0x4, 0x0, 0x3C)
11-13 18:26:36.194: W/System.err(9189): glDisableClientState( 0x8074)
11-13 18:26:36.194: W/System.err(9189): glDisableClientState( 0x8075)
11-13 18:26:36.194: W/System.err(9189): glBindBuffer( 0x8892, 0xF)
