11-13 18:26:36.202: W/System.err(9189): glVertexPointer( GLArrayDataWrapper[mgl_Vertex, index 32884, location -1, isVertexAttribute false, dataType 0x1406, bufferClazz class java.nio.FloatBuffer, elements 84, components 3, stride 24b 6c, buffer java.nio.FloatToByteBufferAdapter, status: capacity=252 position=0 limit=252, vboEnabled true, vboName 15, vboUsage 0x88e4, vboTarget 0x8892, vboOffset 0, alive true])
11-13 18:26:36.202: W/System.err(9189): glNormalPointer( GLArrayDataWrapper[mgl_Normal, index 32885, location -1, isVertexAttribute false, dataType 0x1406, bufferClazz class java.nio.FloatBuffer, elements 84, components 3, stride 24b 6c, buffer java.nio.FloatToByteBufferAdapter, status: capacity=252 position=0 limit=252, vboEnabled true, vboName 15, vboUsage 0x88e4, vboTarget 0x8892, vboOffset 12, alive true])
11-13 18:26:36.202: W/System.err(9189): glBindBuffer( 0x8892, 0x0)
11-13 18:26:36.202: W/System.err(9189): glEnableClientState( 0x8074)
11-13 18:26:36.202: W/System.err(9189): glEnableClientState( 0x8075)
11-13 18:26:36.202: W/System.err(9189): glDrawArrays( 0x5, 0x0, 0x2A)
11-13 18:26:36.209: W/System.err(9189): glDisableClientState( 0x8074)
11-13 18:26:36.209: W/System.err(9189): glDisableClientState( 0x8075)
11-13 18:26:36.209: W/System.err(9189): glBindBuffer( 0x8892, 0x10)
11-13 18:26:36.209: W/System.err(9189): glVertexPointer( GLArrayDataWrapper[mgl_Vertex, index 32884, location -1, isVertexAttribute false, dataType 0x1406, bufferClazz class java.nio.FloatBuffer, elements 120, components 3, stride 24b 6c, buffer java.nio.FloatToByteBufferAdapter, status: capacity=360 position=0 limit=360, vboEnabled true, vboName 16, vboUsage 0x88e4, vboTarget 0x8892, vboOffset 0, alive true])
11-13 18:26:36.209: W/System.err(9189): glNormalPointer( GLArrayDataWrapper[mgl_Normal, index 32885, location -1, isVertexAttribute false, dataType 0x1406, bufferClazz class java.nio.FloatBuffer, elements 120, components 3, stride 24b 6c, buffer java.nio.FloatToByteBufferAdapter, status: capacity=360 position=0 limit=360, vboEnabled true, vboName 16, vboUsage 0x88e4, vboTarget 0x8892, vboOffset 12, alive true])
11-13 18:26:36.217: W/System.err(9189): glBindBuffer( 0x8892, 0x0)
11-13 18:26:36.217: W/System.err(9189): glEnableClientState( 0x8074)
11-13 18:26:36.217: W/System.err(9189): glEnableClientState( 0x8075)
11-13 18:26:36.217: W/System.err(9189): glDrawArrays( 0x4, 0x0, 0x3C)
11-13 18:26:36.217: W/System.err(9189): glDisableClientState( 0x8074)
11-13 18:26:36.217: W/System.err(9189): glDisableClientState( 0x8075)
11-13 18:26:36.217: W/System.err(9189): glBindBuffer( 0x8892, 0x11)
11-13 18:26:36.225: W/System.err(9189): glVertexPointer( GLArrayDataWrapper[mgl_Vertex, index 32884, location -1, isVertexAttribute false, dataType 0x1406, bufferClazz class java.nio.FloatBuffer, elements 324, components 3, stride 24b 6c, buffer java.nio.FloatToByteBufferAdapter, status: capacity=972 position=0 limit=972, vboEnabled true, vboName 17, vboUsage 0x88e4, vboTarget 0x8892, vboOffset 0, alive true])
11-13 18:26:36.225: W/System.err(9189): glNormalPointer( GLArrayDataWrapper[mgl_Normal, index 32885, location -1, isVertexAttribute false, dataType 0x1406, bufferClazz class java.nio.FloatBuffer, elements 324, components 3, stride 24b 6c, buffer java.nio.FloatToByteBufferAdapter, status: capacity=972 position=0 limit=972, vboEnabled true, vboName 17, vboUsage 0x88e4, vboTarget 0x8892, vboOffset 12, alive true])
11-13 18:26:36.225: W/System.err(9189): glBindBuffer( 0x8892, 0x0)
11-13 18:26:36.225: W/System.err(9189): glEnableClientState( 0x8074)
11-13 18:26:36.225: W/System.err(9189): glEnableClientState( 0x8075)
11-13 18:26:36.225: W/System.err(9189): glDrawArrays( 0x5, 0x0, 0xA2)
11-13 18:26:36.233: W/System.err(9189): glDisableClientState( 0x8074)
11-13 18:26:36.233: W/System.err(9189): glDisableClientState( 0x8075)
11-13 18:26:36.233: W/System.err(9189): glShadeModel( 0x1D01)
11-13 18:26:36.233: W/System.err(9189): glBindBuffer( 0x8892, 0x12)
11-13 18:26:36.233: W/System.err(9189): glVertexPointer( GLArrayDataWrapper[mgl_Vertex, index 32884, location -1, isVertexAttribute false, dataType 0x1406, bufferClazz class java.nio.FloatBuffer, elements 44, components 3, stride 24b 6c, buffer java.nio.FloatToByteBufferAdapter, status: capacity=132 position=0 limit=132, vboEnabled true, vboName 18, vboUsage 0x88e4, vboTarget 0x8892, vboOffset 0, alive true])
11-13 18:26:36.241: W/System.err(9189): glNormalPointer( GLArrayDataWrapper[mgl_Normal, index 32885, location -1, isVertexAttribute false, dataType 0x1406, bufferClazz class java.nio.FloatBuffer, elements 44, components 3, stride 24b 6c, buffer java.nio.FloatToByteBufferAdapter, status: capacity=132 position=0 limit=132, vboEnabled true, vboName 18, vboUsage 0x88e4, vboTarget 0x8892, vboOffset 12, alive true])
11-13 18:26:36.241: W/System.err(9189): glBindBuffer( 0x8892, 0x0)
11-13 18:26:36.241: W/System.err(9189): glEnableClientState( 0x8074)
11-13 18:26:36.241: W/System.err(9189): glEnableClientState( 0x8075)
11-13 18:26:36.241: W/System.err(9189): glDrawArrays( 0x5, 0x0, 0x16)
11-13 18:26:36.241: W/System.err(9189): glDisableClientState( 0x8074)
11-13 18:26:36.241: W/System.err(9189): glDisableClientState( 0x8075)
11-13 18:26:36.241: W/System.err(9189): glPopMatrix()
11-13 18:26:36.241: W/System.err(9189): glPopMatrix()
11-13 18:26:36.256: W/System.err(9189): glClearColor( 0.0, 0.0, 0.0, 0.0)
11-13 18:26:36.272: W/System.err(9189): glClear( 0x4100)
11-13 18:26:36.272: W/System.err(9189): glNormal3f( 0.0, 0.0, 1.0)
11-13 18:26:36.272: W/System.err(9189): glPushMatrix()
11-13 18:26:36.272: W/System.err(9189): glRotatef( 20.0, 1.0, 0.0, 0.0)
11-13 18:26:36.272: W/System.err(9189): glRotatef( 30.0, 0.0, 1.0, 0.0)
11-13 18:26:36.272: W/System.err(9189): glRotatef( 0.0, 0.0, 0.0, 1.0)
11-13 18:26:36.280: W/System.err(9189): glPushMatrix()
11-13 18:26:36.280: W/System.err(9189): glTranslatef( -3.0, -2.0, 0.0)
11-13 18:26:36.280: W/System.err(9189): glRotatef( 406.0, 0.0, 0.0, 1.0)
11-13 18:26:36.280: W/System.err(9189): glMaterialfv( 0x408, 0x1602, java.nio.FloatToByteBufferAdapter, status: capacity=4 position=0 limit=4)
11-13 18:26:36.280: W/System.err(9189): glShadeModel( 0x1D00)
11-13 18:26:36.280: W/System.err(9189): glBindBuffer( 0x8892, 0x1)
11-13 18:26:36.288: W/System.err(9189): glVertexPointer( GLArrayDataWrapper[mgl_Vertex, index 32884, location -1, isVertexAttribute false, dataType 0x1406, bufferClazz class java.nio.FloatBuffer, elements 164, components 3, stride 24b 6c, buffer java.nio.FloatToByteBufferAdapter, status: capacity=492 position=0 limit=492, vboEnabled true, vboName 1, vboUsage 0x88e4, vboTarget 0x8892, vboOffset 0, alive true])
11-13 18:26:36.288: W/System.err(9189): glNormalPointer( GLArrayDataWrapper[mgl_Normal, index 32885, location -1, isVertexAttribute false, dataType 0x1406, bufferClazz class java.nio.FloatBuffer, elements 164, components 3, stride 24b 6c, buffer java.nio.FloatToByteBufferAdapter, status: capacity=492 position=0 limit=492, vboEnabled true, vboName 1, vboUsage 0x88e4, vboTarget 0x8892, vboOffset 12, alive true])
11-13 18:26:36.295: W/System.err(9189): glBindBuffer( 0x8892, 0x0)
11-13 18:26:36.295: W/System.err(9189): glEnableClientState( 0x8074)
11-13 18:26:36.295: W/System.err(9189): glEnableClientState( 0x8075)
11-13 18:26:36.295: W/System.err(9189): glDrawArrays( 0x5, 0x0, 0x52)
11-13 18:26:36.295: W/System.err(9189): glDisableClientState( 0x8074)
11-13 18:26:36.303: W/System.err(9189): glDisableClientState( 0x8075)
11-13 18:26:36.303: W/System.err(9189): glBindBuffer( 0x8892, 0x2)
11-13 18:26:36.303: W/System.err(9189): glVertexPointer( GLArrayDataWrapper[mgl_Vertex, index 32884, location -1, isVertexAttribute false, dataType 0x1406, bufferClazz class java.nio.FloatBuffer, elements 240, components 3, stride 24b 6c, buffer java.nio.FloatToByteBufferAdapter, status: capacity=720 position=0 limit=720, vboEnabled true, vboName 2, vboUsage 0x88e4, vboTarget 0x8892, vboOffset 0, alive true])
11-13 18:26:36.303: W/System.err(9189): glNormalPointer( GLArrayDataWrapper[mgl_Normal, index 32885, location -1, isVertexAttribute false, dataType 0x1406, bufferClazz class java.nio.FloatBuffer, elements 240, components 3, stride 24b 6c, buffer java.nio.FloatToByteBufferAdapter, status: capacity=720 position=0 limit=720, vboEnabled true, vboName 2, vboUsage 0x88e4, vboTarget 0x8892, vboOffset 12, alive true])
11-13 18:26:36.311: W/System.err(9189): glBindBuffer( 0x8892, 0x0)
11-13 18:26:36.311: W/System.err(9189): glEnableClientState( 0x8074)
11-13 18:26:36.311: W/System.err(9189): glEnableClientState( 0x8075)
11-13 18:26:36.311: W/System.err(9189): glDrawArrays( 0x4, 0x0, 0x78)
11-13 18:26:36.311: W/System.err(9189): glDisableClientState( 0x8074)
11-13 18:26:36.311: W/System.err(9189): glDisableClientState( 0x8075)
11-13 18:26:36.311: W/System.err(9189): glBindBuffer( 0x8892, 0x3)
11-13 18:26:36.319: W/System.err(9189): glVertexPointer( GLArrayDataWrapper[mgl_Vertex, index 32884, location -1, isVertexAttribute false, dataType 0x1406, bufferClazz class java.nio.FloatBuffer, elements 164, components 3, stride 24b 6c, buffer java.nio.FloatToByteBufferAdapter, status: capacity=492 position=0 limit=492, vboEnabled true, vboName 3, vboUsage 0x88e4, vboTarget 0x8892, vboOffset 0, alive true])
11-13 18:26:36.319: W/System.err(9189): glNormalPointer( GLArrayDataWrapper[mgl_Normal, index 32885, location -1, isVertexAttribute false, dataType 0x1406, bufferClazz class java.nio.FloatBuffer, elements 164, components 3, stride 24b 6c, buffer java.nio.FloatToByteBufferAdapter, status: capacity=492 position=0 limit=492, vboEnabled true, vboName 3, vboUsage 0x88e4, vboTarget 0x8892, vboOffset 12, alive true])
11-13 18:26:36.319: W/System.err(9189): glBindBuffer( 0x8892, 0x0)
11-13 18:26:36.319: W/System.err(9189): glEnableClientState( 0x8074)
11-13 18:26:36.319: W/System.err(9189): glEnableClientState( 0x8075)
11-13 18:26:36.319: W/System.err(9189): glDrawArrays( 0x5, 0x0, 0x52)
11-13 18:26:36.327: W/System.err(9189): glDisableClientState( 0x8074)
11-13 18:26:36.327: W/System.err(9189): glDisableClientState( 0x8075)
11-13 18:26:36.327: W/System.err(9189): glBindBuffer( 0x8892, 0x4)
11-13 18:26:36.327: W/System.err(9189): glVertexPointer( GLArrayDataWrapper[mgl_Vertex, index 32884, location -1, isVertexAttribute false, dataType 0x1406, bufferClazz class java.nio.FloatBuffer, elements 240, components 3, stride 24b 6c, buffer java.nio.FloatToByteBufferAdapter, status: capacity=720 position=0 limit=720, vboEnabled true, vboName 4, vboUsage 0x88e4, vboTarget 0x8892, vboOffset 0, alive true])
11-13 18:26:36.327: I/ActivityManager(207): Process com.amazon.cloud9 (pid 9473) has died.
11-13 18:26:36.334: W/System.err(9189): glNormalPointer( GLArrayDataWrapper[mgl_Normal, index 32885, location -1, isVertexAttribute false, dataType 0x1406, bufferClazz class java.nio.FloatBuffer, elements 240, components 3, stride 24b 6c, buffer java.nio.FloatToByteBufferAdapter, status: capacity=720 position=0 limit=720, vboEnabled true, vboName 4, vboUsage 0x88e4, vboTarget 0x8892, vboOffset 12, alive true])
11-13 18:26:36.334: W/System.err(9189): glBindBuffer( 0x8892, 0x0)
11-13 18:26:36.334: W/System.err(9189): glEnableClientState( 0x8074)
11-13 18:26:36.334: W/System.err(9189): glEnableClientState( 0x8075)
11-13 18:26:36.334: W/System.err(9189): glDrawArrays( 0x4, 0x0, 0x78)
11-13 18:26:36.334: W/System.err(9189): glDisableClientState( 0x8074)
11-13 18:26:36.334: W/System.err(9189): glDisableClientState( 0x8075)
11-13 18:26:36.334: W/System.err(9189): glBindBuffer( 0x8892, 0x5)
11-13 18:26:36.342: W/System.err(9189): glVertexPointer( GLArrayDataWrapper[mgl_Vertex, index 32884, location -1, isVertexAttribute false, dataType 0x1406, bufferClazz class java.nio.FloatBuffer, elements 644, components 3, stride 24b 6c, buffer java.nio.FloatToByteBufferAdapter, status: capacity=1932 position=0 limit=1932, vboEnabled true, vboName 5, vboUsage 0x88e4, vboTarget 0x8892, vboOffset 0, alive true])
11-13 18:26:36.342: D/FavoritesCMSServer(381): Attempting to reconnect to CMSServer
11-13 18:26:36.342: I/FavoritesCMSServer(381): Favorites-CMSServer connection status: Connecting
11-13 18:26:36.342: W/System.err(9189): glNormalPointer( GLArrayDataWrapper[mgl_Normal, index 32885, location -1, isVertexAttribute false, dataType 0x1406, bufferClazz class java.nio.FloatBuffer, elements 644, components 3, stride 24b 6c, buffer java.nio.FloatToByteBufferAdapter, status: capacity=1932 position=0 limit=1932, vboEnabled true, vboName 5, vboUsage 0x88e4, vboTarget 0x8892, vboOffset 12, alive true])
11-13 18:26:36.342: W/System.err(9189): glBindBuffer( 0x8892, 0x0)
11-13 18:26:36.342: W/System.err(9189): glEnableClientState( 0x8074)
11-13 18:26:36.342: W/System.err(9189): glEnableClientState( 0x8075)
11-13 18:26:36.350: W/System.err(9189): glDrawArrays( 0x5, 0x0, 0x142)
11-13 18:26:36.350: W/System.err(9189): glDisableClientState( 0x8074)
11-13 18:26:36.350: W/System.err(9189): glDisableClientState( 0x8075)
11-13 18:26:36.350: W/System.err(9189): glShadeModel( 0x1D01)
11-13 18:26:36.350: D/FavoritesCMSServer(381): Attempting to reconnect to CMSServer
11-13 18:26:36.350: D/FavoritesCMSServer(381): Attempting to reconnect to CMSServer
11-13 18:26:36.350: D/FavoritesCMSServer(381): Attempting to reconnect to CMSServer
11-13 18:26:36.350: D/FavoritesCMSServer(381): Attempting to reconnect to CMSServer
11-13 18:26:36.350: D/FavoritesCMSServer(381): Attempting to reconnect to CMSServer
11-13 18:26:36.350: D/FavoritesCMSServer(381): Attempting to reconnect to CMSServer
11-13 18:26:36.350: D/FavoritesCMSServer(381): Attempting to reconnect to CMSServer
11-13 18:26:36.350: D/FavoritesCMSServer(381): Attempting to reconnect to CMSServer
11-13 18:26:36.350: D/FavoritesCMSServer(381): Attempting to reconnect to CMSServer
11-13 18:26:36.350: D/FavoritesCMSServer(381): Attempting to reconnect to CMSServer
11-13 18:26:36.350: D/FavoritesCMSServer(381): Attempting to reconnect to CMSServer
11-13 18:26:36.350: D/FavoritesCMSServer(381): Attempting to reconnect to CMSServer
11-13 18:26:36.350: D/FavoritesCMSServer(381): Attempting to reconnect to CMSServer
11-13 18:26:36.350: D/FavoritesCMSServer(381): Attempting to reconnect to CMSServer
11-13 18:26:36.350: D/FavoritesCMSServer(381): Attempting to reconnect to CMSServer
11-13 18:26:36.350: D/FavoritesCMSServer(381): Attempting to reconnect to CMSServer
11-13 18:26:36.350: D/FavoritesCMSServer(381): Attempting to reconnect to CMSServer
11-13 18:26:36.350: I/ActivityManager(207): Start proc com.amazon.kindle.cms for service com.amazon.kindle.cms/.CMSService: pid=9491 uid=32005 gids={1015}
11-13 18:26:36.358: W/System.err(9189): glBindBuffer( 0x8892, 0x6)
11-13 18:26:36.366: W/System.err(9189): glVertexPointer( GLArrayDataWrapper[mgl_Vertex, index 32884, location -1, isVertexAttribute false, dataType 0x1406, bufferClazz class java.nio.FloatBuffer, elements 84, components 3, stride 24b 6c, buffer java.nio.FloatToByteBufferAdapter, status: capacity=252 position=0 limit=252, vboEnabled true, vboName 6, vboUsage 0x88e4, vboTarget 0x8892, vboOffset 0, alive true])
11-13 18:26:36.366: W/System.err(9189): glNormalPointer( GLArrayDataWrapper[mgl_Normal, index 32885, location -1, isVertexAttribute false, dataType 0x1406, bufferClazz class java.nio.FloatBuffer, elements 84, components 3, stride 24b 6c, buffer java.nio.FloatToByteBufferAdapter, status: capacity=252 position=0 limit=252, vboEnabled true, vboName 6, vboUsage 0x88e4, vboTarget 0x8892, vboOffset 12, alive true])
11-13 18:26:36.373: W/System.err(9189): glBindBuffer( 0x8892, 0x0)
11-13 18:26:36.397: W/System.err(9189): glEnableClientState( 0x8074)
11-13 18:26:36.397: W/System.err(9189): glEnableClientState( 0x8075)
11-13 18:26:36.397: W/System.err(9189): glDrawArrays( 0x5, 0x0, 0x2A)
11-13 18:26:36.397: W/System.err(9189): glDisableClientState( 0x8074)
11-13 18:26:36.397: W/System.err(9189): glDisableClientState( 0x8075)
11-13 18:26:36.397: W/System.err(9189): glPopMatrix()
11-13 18:26:36.397: W/System.err(9189): glPushMatrix()
11-13 18:26:36.397: W/System.err(9189): glTranslatef( 3.1, -2.0, 0.0)
11-13 18:26:36.405: W/System.err(9189): glRotatef( -821.0, 0.0, 0.0, 1.0)
11-13 18:26:36.405: W/System.err(9189): glMaterialfv( 0x408, 0x1602, java.nio.FloatToByteBufferAdapter, status: capacity=4 position=0 limit=4)
11-13 18:26:36.405: W/System.err(9189): glShadeModel( 0x1D00)
11-13 18:26:36.405: I/ActivityManager(207): Process com.amazon.venezia (pid 9461) has died.
11-13 18:26:36.405: W/System.err(9189): glBindBuffer( 0x8892, 0x7)
11-13 18:26:36.405: W/System.err(9189): glVertexPointer( GLArrayDataWrapper[mgl_Vertex, index 32884, location -1, isVertexAttribute false, dataType 0x1406, bufferClazz class java.nio.FloatBuffer, elements 84, components 3, stride 24b 6c, buffer java.nio.FloatToByteBufferAdapter, status: capacity=252 position=0 limit=252, vboEnabled true, vboName 7, vboUsage 0x88e4, vboTarget 0x8892, vboOffset 0, alive true])
11-13 18:26:36.413: W/System.err(9189): glNormalPointer( GLArrayDataWrapper[mgl_Normal, index 32885, location -1, isVertexAttribute false, dataType 0x1406, bufferClazz class java.nio.FloatBuffer, elements 84, components 3, stride 24b 6c, buffer java.nio.FloatToByteBufferAdapter, status: capacity=252 position=0 limit=252, vboEnabled true, vboName 7, vboUsage 0x88e4, vboTarget 0x8892, vboOffset 12, alive true])
11-13 18:26:36.413: W/System.err(9189): glBindBuffer( 0x8892, 0x0)
11-13 18:26:36.413: W/System.err(9189): glEnableClientState( 0x8074)
11-13 18:26:36.413: W/System.err(9189): glEnableClientState( 0x8075)
11-13 18:26:36.413: W/System.err(9189): glDrawArrays( 0x5, 0x0, 0x2A)
11-13 18:26:36.420: W/System.err(9189): glDisableClientState( 0x8074)
11-13 18:26:36.420: W/System.err(9189): glDisableClientState( 0x8075)
11-13 18:26:36.420: W/System.err(9189): glBindBuffer( 0x8892, 0x8)
11-13 18:26:36.420: W/System.err(9189): glVertexPointer( GLArrayDataWrapper[mgl_Vertex, index 32884, location -1, isVertexAttribute false, dataType 0x1406, bufferClazz class java.nio.FloatBuffer, elements 120, components 3, stride 24b 6c, buffer java.nio.FloatToByteBufferAdapter, status: capacity=360 position=0 limit=360, vboEnabled true, vboName 8, vboUsage 0x88e4, vboTarget 0x8892, vboOffset 0, alive true])
11-13 18:26:36.428: W/System.err(9189): glNormalPointer( GLArrayDataWrapper[mgl_Normal, index 32885, location -1, isVertexAttribute false, dataType 0x1406, bufferClazz class java.nio.FloatBuffer, elements 120, components 3, stride 24b 6c, buffer java.nio.FloatToByteBufferAdapter, status: capacity=360 position=0 limit=360, vboEnabled true, vboName 8, vboUsage 0x88e4, vboTarget 0x8892, vboOffset 12, alive true])
11-13 18:26:36.428: W/System.err(9189): glBindBuffer( 0x8892, 0x0)
11-13 18:26:36.428: W/System.err(9189): glEnableClientState( 0x8074)
11-13 18:26:36.428: W/System.err(9189): glEnableClientState( 0x8075)
11-13 18:26:36.428: W/System.err(9189): glDrawArrays( 0x4, 0x0, 0x3C)
11-13 18:26:36.428: W/System.err(9189): glDisableClientState( 0x8074)
11-13 18:26:36.428: W/System.err(9189): glDisableClientState( 0x8075)
11-13 18:26:36.428: W/System.err(9189): glBindBuffer( 0x8892, 0x9)
11-13 18:26:36.436: W/System.err(9189): glVertexPointer( GLArrayDataWrapper[mgl_Vertex, index 32884, location -1, isVertexAttribute false, dataType 0x1406, bufferClazz class java.nio.FloatBuffer, elements 84, components 3, stride 24b 6c, buffer java.nio.FloatToByteBufferAdapter, status: capacity=252 position=0 limit=252, vboEnabled true, vboName 9, vboUsage 0x88e4, vboTarget 0x8892, vboOffset 0, alive true])
11-13 18:26:36.436: W/System.err(9189): glNormalPointer( GLArrayDataWrapper[mgl_Normal, index 32885, location -1, isVertexAttribute false, dataType 0x1406, bufferClazz class java.nio.FloatBuffer, elements 84, components 3, stride 24b 6c, buffer java.nio.FloatToByteBufferAdapter, status: capacity=252 position=0 limit=252, vboEnabled true, vboName 9, vboUsage 0x88e4, vboTarget 0x8892, vboOffset 12, alive true])
11-13 18:26:36.436: W/System.err(9189): glBindBuffer( 0x8892, 0x0)
11-13 18:26:36.436: W/System.err(9189): glEnableClientState( 0x8074)
11-13 18:26:36.436: W/System.err(9189): glEnableClientState( 0x8075)
11-13 18:26:36.444: W/System.err(9189): glDrawArrays( 0x5, 0x0, 0x2A)
11-13 18:26:36.444: W/System.err(9189): glDisableClientState( 0x8074)
11-13 18:26:36.444: W/System.err(9189): glDisableClientState( 0x8075)
11-13 18:26:36.444: W/System.err(9189): glBindBuffer( 0x8892, 0xA)
11-13 18:26:36.444: W/System.err(9189): glVertexPointer( GLArrayDataWrapper[mgl_Vertex, index 32884, location -1, isVertexAttribute false, dataType 0x1406, bufferClazz class java.nio.FloatBuffer, elements 120, components 3, stride 24b 6c, buffer java.nio.FloatToByteBufferAdapter, status: capacity=360 position=0 limit=360, vboEnabled true, vboName 10, vboUsage 0x88e4, vboTarget 0x8892, vboOffset 0, alive true])
11-13 18:26:36.444: W/System.err(9189): glNormalPointer( GLArrayDataWrapper[mgl_Normal, index 32885, location -1, isVertexAttribute false, dataType 0x1406, bufferClazz class java.nio.FloatBuffer, elements 120, components 3, stride 24b 6c, buffer java.nio.FloatToByteBufferAdapter, status: capacity=360 position=0 limit=360, vboEnabled true, vboName 10, vboUsage 0x88e4, vboTarget 0x8892, vboOffset 12, alive true])
11-13 18:26:36.444: W/System.err(9189): glBindBuffer( 0x8892, 0x0)
11-13 18:26:36.444: W/System.err(9189): glEnableClientState( 0x8074)
11-13 18:26:36.444: W/System.err(9189): glEnableClientState( 0x8075)
11-13 18:26:36.444: W/System.err(9189): glDrawArrays( 0x4, 0x0, 0x3C)
11-13 18:26:36.444: W/System.err(9189): glDisableClientState( 0x8074)
11-13 18:26:36.444: W/System.err(9189): glDisableClientState( 0x8075)
11-13 18:26:36.459: W/System.err(9189): glBindBuffer( 0x8892, 0xB)
11-13 18:26:36.459: I/ActivityManager(207): Process com.android.smspush (pid 7968) has died.
11-13 18:26:36.459: W/ActivityManager(207): Scheduling restart of crashed service com.android.smspush/.WapPushManager in 208456ms
11-13 18:26:36.467: W/System.err(9189): glVertexPointer( GLArrayDataWrapper[mgl_Vertex, index 32884, location -1, isVertexAttribute false, dataType 0x1406, bufferClazz class java.nio.FloatBuffer, elements 324, components 3, stride 24b 6c, buffer java.nio.FloatToByteBufferAdapter, status: capacity=972 position=0 limit=972, vboEnabled true, vboName 11, vboUsage 0x88e4, vboTarget 0x8892, vboOffset 0, alive true])
11-13 18:26:36.475: W/System.err(9189): glNormalPointer( GLArrayDataWrapper[mgl_Normal, index 32885, location -1, isVertexAttribute false, dataType 0x1406, bufferClazz class java.nio.FloatBuffer, elements 324, components 3, stride 24b 6c, buffer java.nio.FloatToByteBufferAdapter, status: capacity=972 position=0 limit=972, vboEnabled true, vboName 11, vboUsage 0x88e4, vboTarget 0x8892, vboOffset 12, alive true])
11-13 18:26:36.483: W/System.err(9189): glBindBuffer( 0x8892, 0x0)
11-13 18:26:36.483: W/System.err(9189): glEnableClientState( 0x8074)
11-13 18:26:36.483: W/System.err(9189): glEnableClientState( 0x8075)
11-13 18:26:36.483: W/System.err(9189): glDrawArrays( 0x5, 0x0, 0xA2)
11-13 18:26:36.491: W/System.err(9189): glDisableClientState( 0x8074)
11-13 18:26:36.491: W/System.err(9189): glDisableClientState( 0x8075)
11-13 18:26:36.491: W/System.err(9189): glShadeModel( 0x1D01)
11-13 18:26:36.491: W/System.err(9189): glBindBuffer( 0x8892, 0xC)
11-13 18:26:36.491: W/System.err(9189): glVertexPointer( GLArrayDataWrapper[mgl_Vertex, index 32884, location -1, isVertexAttribute false, dataType 0x1406, bufferClazz class java.nio.FloatBuffer, elements 44, components 3, stride 24b 6c, buffer java.nio.FloatToByteBufferAdapter, status: capacity=132 position=0 limit=132, vboEnabled true, vboName 12, vboUsage 0x88e4, vboTarget 0x8892, vboOffset 0, alive true])
11-13 18:26:36.498: W/System.err(9189): glNormalPointer( GLArrayDataWrapper[mgl_Normal, index 32885, location -1, isVertexAttribute false, dataType 0x1406, bufferClazz class java.nio.FloatBuffer, elements 44, components 3, stride 24b 6c, buffer java.nio.FloatToByteBufferAdapter, status: capacity=132 position=0 limit=132, vboEnabled true, vboName 12, vboUsage 0x88e4, vboTarget 0x8892, vboOffset 12, alive true])
11-13 18:26:36.498: W/System.err(9189): glBindBuffer( 0x8892, 0x0)
11-13 18:26:36.498: W/System.err(9189): glEnableClientState( 0x8074)
11-13 18:26:36.498: W/System.err(9189): glEnableClientState( 0x8075)
11-13 18:26:36.498: W/System.err(9189): glDrawArrays( 0x5, 0x0, 0x16)
11-13 18:26:36.506: W/System.err(9189): glDisableClientState( 0x8074)
11-13 18:26:36.506: W/System.err(9189): glDisableClientState( 0x8075)
11-13 18:26:36.506: W/System.err(9189): glPopMatrix()
11-13 18:26:36.506: W/System.err(9189): glPushMatrix()
11-13 18:26:36.506: W/System.err(9189): glTranslatef( -3.1, 4.2, 0.0)
11-13 18:26:36.506: W/System.err(9189): glRotatef( -837.0, 0.0, 0.0, 1.0)
11-13 18:26:36.514: W/System.err(9189): glMaterialfv( 0x408, 0x1602, java.nio.FloatToByteBufferAdapter, status: capacity=4 position=0 limit=4)
11-13 18:26:36.514: W/System.err(9189): glShadeModel( 0x1D00)
11-13 18:26:36.514: W/System.err(9189): glBindBuffer( 0x8892, 0xD)
11-13 18:26:36.514: W/System.err(9189): glVertexPointer( GLArrayDataWrapper[mgl_Vertex, index 32884, location -1, isVertexAttribute false, dataType 0x1406, bufferClazz class java.nio.FloatBuffer, elements 84, components 3, stride 24b 6c, buffer java.nio.FloatToByteBufferAdapter, status: capacity=252 position=0 limit=252, vboEnabled true, vboName 13, vboUsage 0x88e4, vboTarget 0x8892, vboOffset 0, alive true])
11-13 18:26:36.522: W/System.err(9189): glNormalPointer( GLArrayDataWrapper[mgl_Normal, index 32885, location -1, isVertexAttribute false, dataType 0x1406, bufferClazz class java.nio.FloatBuffer, elements 84, components 3, stride 24b 6c, buffer java.nio.FloatToByteBufferAdapter, status: capacity=252 position=0 limit=252, vboEnabled true, vboName 13, vboUsage 0x88e4, vboTarget 0x8892, vboOffset 12, alive true])
11-13 18:26:36.522: W/System.err(9189): glBindBuffer( 0x8892, 0x0)
11-13 18:26:36.522: W/System.err(9189): glEnableClientState( 0x8074)
11-13 18:26:36.522: W/System.err(9189): glEnableClientState( 0x8075)
11-13 18:26:36.522: W/System.err(9189): glDrawArrays( 0x5, 0x0, 0x2A)
11-13 18:26:36.522: W/System.err(9189): glDisableClientState( 0x8074)
11-13 18:26:36.530: W/System.err(9189): glDisableClientState( 0x8075)
11-13 18:26:36.530: W/System.err(9189): glBindBuffer( 0x8892, 0xE)
11-13 18:26:36.530: W/System.err(9189): glVertexPointer( GLArrayDataWrapper[mgl_Vertex, index 32884, location -1, isVertexAttribute false, dataType 0x1406, bufferClazz class java.nio.FloatBuffer, elements 120, components 3, stride 24b 6c, buffer java.nio.FloatToByteBufferAdapter, status: capacity=360 position=0 limit=360, vboEnabled true, vboName 14, vboUsage 0x88e4, vboTarget 0x8892, vboOffset 0, alive true])
11-13 18:26:36.538: W/System.err(9189): glNormalPointer( GLArrayDataWrapper[mgl_Normal, index 32885, location -1, isVertexAttribute false, dataType 0x1406, bufferClazz class java.nio.FloatBuffer, elements 120, components 3, stride 24b 6c, buffer java.nio.FloatToByteBufferAdapter, status: capacity=360 position=0 limit=360, vboEnabled true, vboName 14, vboUsage 0x88e4, vboTarget 0x8892, vboOffset 12, alive true])
11-13 18:26:36.545: W/System.err(9189): glBindBuffer( 0x8892, 0x0)
11-13 18:26:36.545: W/System.err(9189): glEnableClientState( 0x8074)
11-13 18:26:36.545: W/System.err(9189): glEnableClientState( 0x8075)
11-13 18:26:36.553: W/System.err(9189): glDrawArrays( 0x4, 0x0, 0x3C)
11-13 18:26:36.553: W/System.err(9189): glDisableClientState( 0x8074)
11-13 18:26:36.553: W/System.err(9189): glDisableClientState( 0x8075)
11-13 18:26:36.553: W/System.err(9189): glBindBuffer( 0x8892, 0xF)
11-13 18:26:36.553: W/System.err(9189): glVertexPointer( GLArrayDataWrapper[mgl_Vertex, index 32884, location -1, isVertexAttribute false, dataType 0x1406, bufferClazz class java.nio.FloatBuffer, elements 84, components 3, stride 24b 6c, buffer java.nio.FloatToByteBufferAdapter, status: capacity=252 position=0 limit=252, vboEnabled true, vboName 15, vboUsage 0x88e4, vboTarget 0x8892, vboOffset 0, alive true])
11-13 18:26:36.561: W/System.err(9189): glNormalPointer( GLArrayDataWrapper[mgl_Normal, index 32885, location -1, isVertexAttribute false, dataType 0x1406, bufferClazz class java.nio.FloatBuffer, elements 84, components 3, stride 24b 6c, buffer java.nio.FloatToByteBufferAdapter, status: capacity=252 position=0 limit=252, vboEnabled true, vboName 15, vboUsage 0x88e4, vboTarget 0x8892, vboOffset 12, alive true])
11-13 18:26:36.569: W/System.err(9189): glBindBuffer( 0x8892, 0x0)
11-13 18:26:36.569: W/System.err(9189): glEnableClientState( 0x8074)
11-13 18:26:36.569: W/System.err(9189): glEnableClientState( 0x8075)
11-13 18:26:36.569: W/System.err(9189): glDrawArrays( 0x5, 0x0, 0x2A)
11-13 18:26:36.569: W/System.err(9189): glDisableClientState( 0x8074)
11-13 18:26:36.569: W/System.err(9189): glDisableClientState( 0x8075)
11-13 18:26:36.569: W/System.err(9189): glBindBuffer( 0x8892, 0x10)
11-13 18:26:36.577: W/System.err(9189): glVertexPointer( GLArrayDataWrapper[mgl_Vertex, index 32884, location -1, isVertexAttribute false, dataType 0x1406, bufferClazz class java.nio.FloatBuffer, elements 120, components 3, stride 24b 6c, buffer java.nio.FloatToByteBufferAdapter, status: capacity=360 position=0 limit=360, vboEnabled true, vboName 16, vboUsage 0x88e4, vboTarget 0x8892, vboOffset 0, alive true])
11-13 18:26:36.584: W/System.err(9189): glNormalPointer( GLArrayDataWrapper[mgl_Normal, index 32885, location -1, isVertexAttribute false, dataType 0x1406, bufferClazz class java.nio.FloatBuffer, elements 120, components 3, stride 24b 6c, buffer java.nio.FloatToByteBufferAdapter, status: capacity=360 position=0 limit=360, vboEnabled true, vboName 16, vboUsage 0x88e4, vboTarget 0x8892, vboOffset 12, alive true])
11-13 18:26:36.584: W/System.err(9189): glBindBuffer( 0x8892, 0x0)
11-13 18:26:36.584: W/System.err(9189): glEnableClientState( 0x8074)
11-13 18:26:36.592: W/System.err(9189): glEnableClientState( 0x8075)
11-13 18:26:36.592: W/System.err(9189): glDrawArrays( 0x4, 0x0, 0x3C)
11-13 18:26:36.592: W/System.err(9189): glDisableClientState( 0x8074)
11-13 18:26:36.592: W/System.err(9189): glDisableClientState( 0x8075)
11-13 18:26:36.592: W/System.err(9189): glBindBuffer( 0x8892, 0x11)
11-13 18:26:36.600: W/System.err(9189): glVertexPointer( GLArrayDataWrapper[mgl_Vertex, index 32884, location -1, isVertexAttribute false, dataType 0x1406, bufferClazz class java.nio.FloatBuffer, elements 324, components 3, stride 24b 6c, buffer java.nio.FloatToByteBufferAdapter, status: capacity=972 position=0 limit=972, vboEnabled true, vboName 17, vboUsage 0x88e4, vboTarget 0x8892, vboOffset 0, alive true])
11-13 18:26:36.600: W/System.err(9189): glNormalPointer( GLArrayDataWrapper[mgl_Normal, index 32885, location -1, isVertexAttribute false, dataType 0x1406, bufferClazz class java.nio.FloatBuffer, elements 324, components 3, stride 24b 6c, buffer java.nio.FloatToByteBufferAdapter, status: capacity=972 position=0 limit=972, vboEnabled true, vboName 17, vboUsage 0x88e4, vboTarget 0x8892, vboOffset 12, alive true])
11-13 18:26:36.608: W/System.err(9189): glBindBuffer( 0x8892, 0x0)
11-13 18:26:36.608: W/System.err(9189): glEnableClientState( 0x8074)
11-13 18:26:36.608: W/System.err(9189): glEnableClientState( 0x8075)
11-13 18:26:36.608: W/System.err(9189): glDrawArrays( 0x5, 0x0, 0xA2)
11-13 18:26:36.608: W/System.err(9189): glDisableClientState( 0x8074)
11-13 18:26:36.608: W/System.err(9189): glDisableClientState( 0x8075)
11-13 18:26:36.608: I/ActivityManager(207): Start proc com.android.smspush for service com.android.smspush/.WapPushManager: pid=9507 uid=10017 gids={}
11-13 18:26:36.616: W/System.err(9189): glShadeModel( 0x1D01)
11-13 18:26:36.616: W/System.err(9189): glBindBuffer( 0x8892, 0x12)
11-13 18:26:36.616: W/System.err(9189): glVertexPointer( GLArrayDataWrapper[mgl_Vertex, index 32884, location -1, isVertexAttribute false, dataType 0x1406, bufferClazz class java.nio.FloatBuffer, elements 44, components 3, stride 24b 6c, buffer java.nio.FloatToByteBufferAdapter, status: capacity=132 position=0 limit=132, vboEnabled true, vboName 18, vboUsage 0x88e4, vboTarget 0x8892, vboOffset 0, alive true])
11-13 18:26:36.655: W/System.err(9189): glNormalPointer( GLArrayDataWrapper[mgl_Normal, index 32885, location -1, isVertexAttribute false, dataType 0x1406, bufferClazz class java.nio.FloatBuffer, elements 44, components 3, stride 24b 6c, buffer java.nio.FloatToByteBufferAdapter, status: capacity=132 position=0 limit=132, vboEnabled true, vboName 18, vboUsage 0x88e4, vboTarget 0x8892, vboOffset 12, alive true])
11-13 18:26:36.655: W/System.err(9189): glBindBuffer( 0x8892, 0x0)
11-13 18:26:36.655: W/System.err(9189): glEnableClientState( 0x8074)
11-13 18:26:36.655: W/System.err(9189): glEnableClientState( 0x8075)
11-13 18:26:36.655: W/System.err(9189): glDrawArrays( 0x5, 0x0, 0x16)
11-13 18:26:36.663: W/System.err(9189): glDisableClientState( 0x8074)
11-13 18:26:36.663: W/System.err(9189): glDisableClientState( 0x8075)
11-13 18:26:36.663: W/System.err(9189): glPopMatrix()
11-13 18:26:36.663: W/System.err(9189): glPopMatrix()
11-13 18:26:36.678: W/System.err(9189): glClearColor( 0.0, 0.0, 0.0, 0.0)
11-13 18:26:36.694: W/System.err(9189): glClear( 0x4100)
11-13 18:26:36.702: W/System.err(9189): glNormal3f( 0.0, 0.0, 1.0)
11-13 18:26:36.702: W/System.err(9189): glPushMatrix()
11-13 18:26:36.702: W/System.err(9189): glRotatef( 20.0, 1.0, 0.0, 0.0)
11-13 18:26:36.702: W/System.err(9189): glRotatef( 30.0, 0.0, 1.0, 0.0)
11-13 18:26:36.702: W/System.err(9189): glRotatef( 0.0, 0.0, 0.0, 1.0)
11-13 18:26:36.702: W/System.err(9189): glPushMatrix()
11-13 18:26:36.709: W/System.err(9189): glTranslatef( -3.0, -2.0, 0.0)
11-13 18:26:36.709: W/System.err(9189): glRotatef( 408.0, 0.0, 0.0, 1.0)
11-13 18:26:36.709: W/System.err(9189): glMaterialfv( 0x408, 0x1602, java.nio.FloatToByteBufferAdapter, status: capacity=4 position=0 limit=4)
11-13 18:26:36.709: W/System.err(9189): glShadeModel( 0x1D00)
11-13 18:26:36.709: W/System.err(9189): glBindBuffer( 0x8892, 0x1)
11-13 18:26:36.717: W/System.err(9189): glVertexPointer( GLArrayDataWrapper[mgl_Vertex, index 32884, location -1, isVertexAttribute false, dataType 0x1406, bufferClazz class java.nio.FloatBuffer, elements 164, components 3, stride 24b 6c, buffer java.nio.FloatToByteBufferAdapter, status: capacity=492 position=0 limit=492, vboEnabled true, vboName 1, vboUsage 0x88e4, vboTarget 0x8892, vboOffset 0, alive true])
11-13 18:26:36.717: I/ActivityManager(207): Process com.amazon.webapp (pid 9455) has died.
11-13 18:26:36.725: W/System.err(9189): glNormalPointer( GLArrayDataWrapper[mgl_Normal, index 32885, location -1, isVertexAttribute false, dataType 0x1406, bufferClazz class java.nio.FloatBuffer, elements 164, components 3, stride 24b 6c, buffer java.nio.FloatToByteBufferAdapter, status: capacity=492 position=0 limit=492, vboEnabled true, vboName 1, vboUsage 0x88e4, vboTarget 0x8892, vboOffset 12, alive true])
11-13 18:26:36.725: W/System.err(9189): glBindBuffer( 0x8892, 0x0)
11-13 18:26:36.725: W/System.err(9189): glEnableClientState( 0x8074)
11-13 18:26:36.725: W/System.err(9189): glEnableClientState( 0x8075)
11-13 18:26:36.725: W/System.err(9189): glDrawArrays( 0x5, 0x0, 0x52)
11-13 18:26:36.733: W/System.err(9189): glDisableClientState( 0x8074)
11-13 18:26:36.733: W/System.err(9189): glDisableClientState( 0x8075)
11-13 18:26:36.733: W/System.err(9189): glBindBuffer( 0x8892, 0x2)
11-13 18:26:36.733: W/System.err(9189): glVertexPointer( GLArrayDataWrapper[mgl_Vertex, index 32884, location -1, isVertexAttribute false, dataType 0x1406, bufferClazz class java.nio.FloatBuffer, elements 240, components 3, stride 24b 6c, buffer java.nio.FloatToByteBufferAdapter, status: capacity=720 position=0 limit=720, vboEnabled true, vboName 2, vboUsage 0x88e4, vboTarget 0x8892, vboOffset 0, alive true])
11-13 18:26:36.741: W/System.err(9189): glNormalPointer( GLArrayDataWrapper[mgl_Normal, index 32885, location -1, isVertexAttribute false, dataType 0x1406, bufferClazz class java.nio.FloatBuffer, elements 240, components 3, stride 24b 6c, buffer java.nio.FloatToByteBufferAdapter, status: capacity=720 position=0 limit=720, vboEnabled true, vboName 2, vboUsage 0x88e4, vboTarget 0x8892, vboOffset 12, alive true])
11-13 18:26:36.741: W/System.err(9189): glBindBuffer( 0x8892, 0x0)
11-13 18:26:36.741: W/System.err(9189): glEnableClientState( 0x8074)
11-13 18:26:36.741: W/System.err(9189): glEnableClientState( 0x8075)
11-13 18:26:36.741: W/System.err(9189): glDrawArrays( 0x4, 0x0, 0x78)
11-13 18:26:36.741: W/System.err(9189): glDisableClientState( 0x8074)
11-13 18:26:36.741: W/System.err(9189): glDisableClientState( 0x8075)
11-13 18:26:36.748: W/System.err(9189): glBindBuffer( 0x8892, 0x3)
11-13 18:26:36.756: W/System.err(9189): glVertexPointer( GLArrayDataWrapper[mgl_Vertex, index 32884, location -1, isVertexAttribute false, dataType 0x1406, bufferClazz class java.nio.FloatBuffer, elements 164, components 3, stride 24b 6c, buffer java.nio.FloatToByteBufferAdapter, status: capacity=492 position=0 limit=492, vboEnabled true, vboName 3, vboUsage 0x88e4, vboTarget 0x8892, vboOffset 0, alive true])
11-13 18:26:36.756: W/System.err(9189): glNormalPointer( GLArrayDataWrapper[mgl_Normal, index 32885, location -1, isVertexAttribute false, dataType 0x1406, bufferClazz class java.nio.FloatBuffer, elements 164, components 3, stride 24b 6c, buffer java.nio.FloatToByteBufferAdapter, status: capacity=492 position=0 limit=492, vboEnabled true, vboName 3, vboUsage 0x88e4, vboTarget 0x8892, vboOffset 12, alive true])
11-13 18:26:36.780: I/ActivityManager(207): Start proc com.amazon.dcp:Settings for content provider com.amazon.dcp/.settings.SettingsProvider: pid=9523 uid=32028 gids={2001, 3003, 1015, 3002, 1007, 1026}
11-13 18:26:36.944: I/ActivityManager(207): Start proc com.amazon.dcp for service com.amazon.dcp/.metrics.MetricsService: pid=9540 uid=32028 gids={2001, 3003, 1015, 3002, 1007, 1026}
11-13 18:26:36.983: I/WindowManager(207): WIN DEATH: Window{418b7d58 paused=false}
11-13 18:26:36.983: I/ActivityManager(207): Process com.daysofwonder.android.testapp (pid 9189) has died.
11-13 18:26:37.038: W/ActivityManager(207): Force removing ActivityRecord{41576090 com.daysofwonder.android.testapp/.GearsActivity}: app died, no saved state
11-13 18:26:37.069: W/InputDispatcher(207): channel '41ae4788 com.daysofwonder.android.testapp/com.daysofwonder.android.testapp.GearsActivity (server)' ~ Consumer closed input channel or an error occurred. events=0x8
11-13 18:26:37.069: E/InputDispatcher(207): channel '41ae4788 com.daysofwonder.android.testapp/com.daysofwonder.android.testapp.GearsActivity (server)' ~ Channel is unrecoverably broken and will be disposed!
11-13 18:26:37.077: W/InputDispatcher(207): Attempted to unregister already unregistered input channel '41ae4788 com.daysofwonder.android.testapp/com.daysofwonder.android.testapp.GearsActivity (server)'
11-13 18:26:37.077: I/WindowManager(207): WIN DEATH: Window{41ae4788 paused=false}
11-13 18:26:37.139: I/WindowManager(207): WINDOW DIED Window{41ae4788 paused=false}
11-13 18:26:37.155: I/ActivityManager(207): Start proc com.amazon.kindle.otter for activity com.amazon.kindle.otter/.Launcher: pid=9555 uid=32018 gids={3003, 1015}
11-13 18:26:37.358: W/ActivityManager(207): Permission denied: checkComponentPermission() owningUid=10006
11-13 18:26:37.358: W/ActivityManager(207): Permission Denial: broadcasting Intent { act=android.intent.action.MEDIA_MOUNTED flg=0x10 } from com.amazon.photos (pid=9436, uid=32021) is not exported from uid 10006 due to receiver com.android.providers.downloads/com.android.providers.downloads.DownloadReceiver
11-13 18:26:37.381: I/ActivityManager(207): Start proc android.process.media for broadcast com.android.providers.media/.MediaScannerReceiver: pid=9574 uid=10006 gids={1015, 1023, 1024, 2001, 3003, 3007}
11-13 18:26:37.483: I/ActivityThread(9574): Pub media: com.android.providers.media.MediaProvider
11-13 18:26:37.498: E/MediaProvider(9574): Send intent: Intent { act=android.process.media.MTP_STATUS (has extras) }
11-13 18:26:37.991: I/FavoritesCMSServer(381): onConnect from CMSServer
11-13 18:26:37.991: I/FavoritesCMSServer(381): Favorites-CMSServer connection status: Connected
11-13 18:26:37.991: I/FavoritesCMSServer(381): onConnect from CMSServer
11-13 18:26:37.991: I/FavoritesCMSServer(381): onConnect from CMSServer
11-13 18:26:37.991: I/FavoritesCMSServer(381): onConnect from CMSServer
11-13 18:26:37.991: I/FavoritesCMSServer(381): onConnect from CMSServer
11-13 18:26:37.991: I/FavoritesCMSServer(381): onConnect from CMSServer
11-13 18:26:37.991: I/FavoritesCMSServer(381): onConnect from CMSServer
11-13 18:26:37.998: I/FavoritesCMSServer(381): onConnect from CMSServer
11-13 18:26:37.998: I/FavoritesCMSServer(381): onConnect from CMSServer
11-13 18:26:37.998: I/FavoritesCMSServer(381): onConnect from CMSServer
11-13 18:26:37.998: I/FavoritesCMSServer(381): onConnect from CMSServer
11-13 18:26:37.998: I/FavoritesCMSServer(381): onConnect from CMSServer
11-13 18:26:37.998: I/FavoritesCMSServer(381): onConnect from CMSServer
11-13 18:26:37.998: I/FavoritesCMSServer(381): onConnect from CMSServer
11-13 18:26:37.998: I/FavoritesCMSServer(381): onConnect from CMSServer
11-13 18:26:37.998: I/FavoritesCMSServer(381): onConnect from CMSServer
11-13 18:26:37.998: I/FavoritesCMSServer(381): onConnect from CMSServer
11-13 18:26:37.998: I/FavoritesCMSServer(381): onConnect from CMSServer
11-13 18:26:38.014: I/FavoritesCmsActionService(381): onConnect from CMSActionService
11-13 18:26:38.014: I/FavoritesCmsActionService(381): onConnect from CMSActionService
11-13 18:26:38.014: I/FavoritesCmsActionService(381): onConnect from CMSActionService
11-13 18:26:38.014: I/FavoritesCmsActionService(381): onConnect from CMSActionService
11-13 18:26:38.014: I/FavoritesCmsActionService(381): onConnect from CMSActionService
11-13 18:26:38.014: I/FavoritesCmsActionService(381): onConnect from CMSActionService
11-13 18:26:38.014: I/FavoritesCmsActionService(381): onConnect from CMSActionService
11-13 18:26:38.014: I/FavoritesCmsActionService(381): onConnect from CMSActionService
11-13 18:26:38.014: I/FavoritesCmsActionService(381): onConnect from CMSActionService
11-13 18:26:38.014: I/FavoritesCmsActionService(381): onConnect from CMSActionService
11-13 18:26:38.014: I/FavoritesCmsActionService(381): onConnect from CMSActionService
11-13 18:26:38.014: I/FavoritesCmsActionService(381): onConnect from CMSActionService
11-13 18:26:38.014: I/FavoritesCmsActionService(381): onConnect from CMSActionService
11-13 18:26:38.014: I/FavoritesCmsActionService(381): onConnect from CMSActionService
11-13 18:26:38.014: I/FavoritesCmsActionService(381): onConnect from CMSActionService
11-13 18:26:38.014: I/FavoritesCmsActionService(381): onConnect from CMSActionService
11-13 18:26:38.014: I/FavoritesCmsActionService(381): onConnect from CMSActionService
11-13 18:26:38.014: I/FavoritesCmsActionService(381): onConnect from CMSActionService
11-13 18:26:38.014: I/FavoritesCmsActionService(381): onConnect from CMSActionService
11-13 18:26:38.014: I/FavoritesCMSServer(381): onConnect from CMSServer
11-13 18:26:38.092: I/ActivityThread(9574): Pub downloads: com.android.providers.downloads.DownloadProvider
11-13 18:26:38.155: I/ActivityThread(9574): Pub drm: com.android.providers.drm.DrmProvider
11-13 18:26:38.155: I/DownloadManager(9574): in removeSpuriousFiles
11-13 18:26:38.209: I/ActivityManager(207): Start proc com.amazon.venezia for service com.amazon.venezia/com.amazon.kindle.cms.api.CallbackService: pid=9625 uid=32003 gids={3003, 1015, 1007}
11-13 18:26:38.225: D/MediaScannerReceiver(9574): action: android.intent.action.MEDIA_MOUNTED path: /mnt/sdcard
11-13 18:26:38.225: I/DownloadManager(9574): in removeSpuriousFiles, preserving file /mnt/sdcard/Download/AmazonApps-release.apk
11-13 18:26:38.225: I/DownloadManager(9574): in removeSpuriousFiles, preserving file /mnt/sdcard/Download/AmazonApps-release-1.apk
11-13 18:26:38.225: I/DownloadManager(9574): in removeSpuriousFiles, preserving file /mnt/sdcard/Download/3DPlatformTutorial.pdf
11-13 18:26:38.225: I/DownloadManager(9574): in removeSpuriousFiles, preserving file /mnt/sdcard/Download/MultiplayerTutorial.pdf
11-13 18:26:38.225: I/DownloadManager(9574): in removeSpuriousFiles, preserving file /mnt/sdcard/Download/2DGameplayTutorial.pdf
11-13 18:26:38.225: I/DownloadManager(9574): in removeSpuriousFiles, preserving file /mnt/sdcard/Download/Kelly_Link_Magic_for.pdf
11-13 18:26:38.225: I/DownloadManager(9574): in removeSpuriousFiles, preserving file /mnt/sdcard/Download/Kelly_Link_Magic_for-1.pdf
11-13 18:26:38.264: I/ActivityManager(207): Start proc com.amazon.webapp for service com.amazon.webapp/com.amazon.kindle.cms.api.CallbackService: pid=9644 uid=32017 gids={3003, 1015}
11-13 18:26:38.311: D/dalvikvm(103): GC_EXPLICIT freed 37K, 3% free 10830K/11139K, paused 2ms+2ms
11-13 18:26:38.327: D/dalvikvm(103): GC_EXPLICIT freed <1K, 3% free 10830K/11139K, paused 1ms+2ms
11-13 18:26:38.358: D/dalvikvm(103): GC_EXPLICIT freed <1K, 3% free 10830K/11139K, paused 2ms+2ms
11-13 18:26:38.366: I/ActivityManager(207): Start proc com.amazon.dcp:UpdatesLookupService for broadcast com.amazon.dcp/.ota.UpdatesLookupService$MountStatusChangedReceiver: pid=9664 uid=32028 gids={2001, 3003, 1015, 3002, 1007, 1026}
11-13 18:26:38.405: I/ActivityManager(207): Start proc com.amazon.cloud9 for service com.amazon.cloud9/com.amazon.kindle.cms.api.CallbackService: pid=9671 uid=32009 gids={3003, 1015}
11-13 18:26:38.498: I/ActivityManager(207): Start proc com.amazon.sso for service com.amazon.sso/com.amazon.dcp.sso.AuthenticatedRequestService: pid=9690 uid=32033 gids={3003, 3002}
11-13 18:26:38.530: I/ActivityManager(207): Start proc com.amazon.kindle.kso for service com.amazon.kindle.kso/com.amazon.kindle.cms.api.CallbackService: pid=9698 uid=32029 gids={3003}
11-13 18:26:38.663: I/ActivityManager(207): Start proc com.amazon.zico for service com.amazon.zico/com.amazon.kindle.cms.api.CallbackService: pid=9719 uid=32026 gids={3003, 1015}
11-13 18:26:38.772: I/ActivityManager(207): Start proc com.amazon.mp3 for service com.amazon.mp3/com.amazon.kindle.cms.api.CallbackService: pid=9733 uid=32027 gids={3003, 1007, 1015, 3002}
11-13 18:26:38.811: I/ActivityManager(207): Start proc com.android.calendar for service com.android.calendar/com.amazon.kindle.cms.api.CallbackService: pid=9738 uid=32007 gids={3003, 1015}
11-13 18:26:38.811: E/NotificationService(207): Ignoring notification with icon==0: Notification(contentView=null toastView=null vibrate=null,sound=null,defaults=0x0,flags=0x62)
11-13 18:26:38.834: I/ActivityManager(207): Start proc com.amazon.tahoe for service com.amazon.tahoe/com.amazon.kindle.cms.api.CallbackService: pid=9752 uid=32031 gids={3003, 1015}
11-13 18:26:38.905: I/ActivityManager(207): Start proc com.amazon.kindle for service com.amazon.kindle/.cms.api.CallbackService: pid=9773 uid=32016 gids={3003, 1015}
11-13 18:26:38.967: I/ActivityManager(207): Start proc com.amazon.dcp:OSMetrics for broadcast com.amazon.dcp/.metrics.OSMetricsService$TrampolineReceiver: pid=9782 uid=32028 gids={2001, 3003, 1015, 3002, 1007, 1026}
11-13 18:26:39.233: E/NotificationService(207): Ignoring notification with icon==0: Notification(contentView=null toastView=null vibrate=null,sound=null,defaults=0x0,flags=0x62)
11-13 18:26:39.311: I/ActivityManager(207): Start proc com.audible.application.kindle:remote for service com.audible.application.kindle/com.audible.application.media.AudioPlayerService: pid=9809 uid=32004 gids={3003, 1015, 3002}
11-13 18:26:39.381: D/dalvikvm(103): GC_EXPLICIT freed 38K, 3% free 10830K/11139K, paused 1ms+2ms
11-13 18:26:39.553: D/dalvikvm(103): GC_EXPLICIT freed <1K, 3% free 10830K/11139K, paused 12ms+2ms
11-13 18:26:39.623: D/dalvikvm(103): GC_EXPLICIT freed <1K, 3% free 10830K/11139K, paused 1ms+9ms
11-13 18:26:39.647: I/PhoneWindowManager(207): repositioning status bar
11-13 18:26:39.678: V/PhoneStatusBar(387): setLightsOn(true)
11-13 18:26:39.811: D/dalvikvm(207): GC_EXPLICIT freed 1090K, 53% free 19783K/41287K, paused 5ms+39ms
11-13 18:26:39.819: E/NotificationService(207): Ignoring notification with icon==0: Notification(contentView=null toastView=null vibrate=null,sound=null,defaults=0x0,flags=0x62)
11-13 18:26:40.061: I/ActivityManager(207): Start proc com.amazon.webruntime for service com.amazon.webruntime/.WebRuntimeControlService: pid=9843 uid=32023 gids={3003, 1015}
11-13 18:26:40.069: E/NotificationService(207): Ignoring notification with icon==0: Notification(contentView=null toastView=null vibrate=null,sound=null,defaults=0x0,flags=0x62)
11-13 18:26:40.272: V/Sensors(207): accel data: 1.894460 0.043110 9.402846
11-13 18:26:40.413: I/AudioService(207): Remote Control registerMediaButtonIntent() for PendingIntent{418aca60: PendingIntentRecord{41b567f8 com.audible.application.kindle broadcastIntent}}
11-13 18:26:40.506: E/NotificationService(207): Ignoring notification with icon==0: Notification(contentView=null toastView=null vibrate=null,sound=null,defaults=0x0,flags=0x62)
11-13 18:26:41.030: I/ActivityManager(207): Start proc com.amazon.ags.app for service com.amazon.ags.app/com.amazon.kindle.cms.api.CallbackService: pid=9894 uid=32001 gids={3003, 1015, 1007}
11-13 18:26:41.045: W/InputManagerService(207): Got RemoteException sending setActive(false) notification to pid 9189 uid 10022
11-13 18:26:41.319: D/ActivityThread(9377): Loading provider com.amazon.avod.downloadinfo: com.amazon.avod.content.database.DownloadInfoProvider
11-13 18:26:41.678: I/ActivityManager(207): Displayed com.amazon.kindle.otter/.Launcher: +4s530ms
