10-28 17:20:55.023: D/GLStatistics(11997): ###### Frame Stats - draw 8 / shader 0 / texture 3 / batch 0 / bDrawed 0 / bLength 0
10-28 17:20:55.183: D/StateMachine(580): handleMessage: E msg.what=131155
10-28 17:20:55.183: D/StateMachine(580): processMsg: ConnectedState
10-28 17:20:55.183: D/WifiStateMachine(580): ConnectedState{ what=131155 when=-3ms arg1=24 }
10-28 17:20:55.183: D/StateMachine(580): processMsg: L2ConnectedState
10-28 17:20:55.183: D/WifiStateMachine(580): L2ConnectedState{ what=131155 when=-4ms arg1=24 }
10-28 17:20:55.193: D/StateMachine(580): handleMessage: X
10-28 17:20:55.663: D/PackRectGlyphCacheES2(11997): recycling...
10-28 17:20:56.104: D/StatusBar.NetworkController(847): refreshViews: Data not connected!! Set no data type icon
10-28 17:20:56.865: W/System.err(11997): 272 s: 120 f / 4043 ms, 29.6 fps, 33 ms/f; total: 8040 f, 29.5 fps, 33 ms/f
10-28 17:20:58.196: D/StateMachine(580): handleMessage: E msg.what=131155
10-28 17:20:58.196: D/StateMachine(580): processMsg: ConnectedState
10-28 17:20:58.196: D/WifiStateMachine(580): ConnectedState{ what=131155 when=-1ms arg1=24 }
10-28 17:20:58.196: D/StateMachine(580): processMsg: L2ConnectedState
10-28 17:20:58.196: D/WifiStateMachine(580): L2ConnectedState{ what=131155 when=-2ms arg1=24 }
10-28 17:20:58.206: D/StateMachine(580): handleMessage: X
10-28 17:20:59.107: D/GLStatistics(11997): ###### Frame Stats - draw 8 / shader 0 / texture 3 / batch 0 / bDrawed 0 / bLength 0
10-28 17:20:59.557: D/PowerManagerService(580): acquireWakeLock flags=0x1 tag=*vibrator*
10-28 17:20:59.598: I/ActivityManager(580): START {act=android.intent.action.MAIN cat=[android.intent.category.HOME] flg=0x10200000 cmp=com.sonyericsson.home/.HomeActivity u=0} from pid 580
10-28 17:20:59.638: D/JogAmp.NEWT(11997): onPause.0
10-28 17:20:59.638: W/System.err(11997): GLAutoDrawableBase.setPreserveGLStateAtDestroy: (main): false -> true - surfaceHandle 0x67cb5b60
10-28 17:20:59.638: D/JogAmp.NEWT(11997): GLStateKeeper.Mark2Preserve: Total 1, OK 1, Fail 0
10-28 17:20:59.638: D/PowerManagerService(580): releaseWakeLock flags=0x1 tag=*vibrator*
10-28 17:20:59.638: D/PowerManagerService(580): acquireWakeLock flags=0x1 tag=ActivityManager-Launch
10-28 17:20:59.668: W/System.err(11997): AnimatorBase.setExclusiveContextImpl exlusive true: Enable false for com.jogamp.opengl.util.Animator[started true, animating true, paused false, drawable 1, totals[dt 272434, frames 8121, fps 29.511734], modeBits 1, init'ed true, animThread Thread[main-Animator,5,main], exclCtxThread true(Thread[main-Animator,5,main])] - Thread[main-Animator,5,main]
10-28 17:20:59.668: W/System.err(11997): GLDrawableHelper.setExclusiveContextThread(): START switch nop, thread Thread[main-Animator,5,main] -> null -- currentThread Thread[main-Animator,5,main]
10-28 17:20:59.668: W/System.err(11997): GLDrawableHelper.setExclusiveContextThread(): END switch released, thread Thread[main-Animator,5,main] -- currentThread Thread[main-Animator,5,main]
10-28 17:20:59.688: W/System.err(11997): GLDrawableHelper.invokeGL() - Release ExclusiveContextThread -- currentThread Thread[main-Animator,5,main]
10-28 17:20:59.688: W/System.err(11997): Animator stop on main-Animator: [started true, animating true, paused false, drawable 1, drawablesEmpty false]
10-28 17:20:59.688: W/System.err(11997): finishLifecycleAction(com.jogamp.opengl.util.Animator$2): OK true- pollPeriod 1000, blocking true, waited 49/1000 - main
10-28 17:20:59.688: W/System.err(11997): - com.jogamp.opengl.util.Animator[started false, animating false, paused false, drawable 1, totals[dt 272434, frames 8122, fps 29.511734], modeBits 1, init'ed true, animThread null, exclCtxThread true(null)]
10-28 17:20:59.688: D/JogAmp.NEWT(11997): Animator global: start false, result true
10-28 17:20:59.688: D/JogAmp.NEWT(11997): Animator glad[0]: start false, result false
10-28 17:20:59.688: D/JogAmp.NEWT(11997): onPause.X
10-28 17:20:59.688: D/TTActivity(11997): -> onPause
10-28 17:20:59.698: D/PowerManagerService(580): acquireWakeLock flags=0x1 tag=SCREEN_FROZEN
10-28 17:20:59.728: I/ActivityManager(580): Config changed: {1.0 0mcc0mnc en_US sw360dp w360dp h567dp nrml port finger -keyb/v/h -nav/h skinPackage=com.sonyericsson.blackthemeblueaccent s.37}
10-28 17:20:59.838: D/JogAmp.NEWT(11997): surfaceDestroyed - on thread main
10-28 17:20:59.838: W/System.err(11997): GLAutoDrawableBase.setPreserveGLStateAtDestroy: (main-Display-.android_nil-1-EDT-1): true -> false - surfaceHandle 0x67cb5b60
10-28 17:20:59.838: D/JogAmp.NEWT(11997): GLStateKeeper Preserving: 0x42fae148
10-28 17:20:59.838: W/System.err(11997): Animator remove: 0x42fae148 - com.jogamp.opengl.util.Animator[started false, animating false, paused false, drawable 1, totals[dt 272434, frames 8122, fps 29.511734], modeBits 1, init'ed true, animThread null, exclCtxThread true(null)] - main-Display-.android_nil-1-EDT-1
10-28 17:20:59.838: W/System.err(11997): finishLifecycleAction(com.jogamp.opengl.util.AnimatorBase$3): OK true- pollPeriod 1000, blocking true, waited 0/1000 - main-Display-.android_nil-1-EDT-1
10-28 17:20:59.838: W/System.err(11997): - com.jogamp.opengl.util.Animator[started false, animating false, paused false, drawable 0, totals[dt 272434, frames 8122, fps 29.511734], modeBits 1, init'ed true, animThread null, exclCtxThread true(null)]
10-28 17:20:59.838: W/System.err(11997): Animator remove: Wait for !Animating-if-empty OK: true, com.jogamp.opengl.util.Animator[started false, animating false, paused false, drawable 0, totals[dt 272434, frames 8122, fps 29.511734], modeBits 1, init'ed true, animThread null, exclCtxThread true(null)]
10-28 17:20:59.838: D/ConnectivityService(580): getMobileDataEnabled returning true
10-28 17:20:59.848: W/System.err(11997): GLEventListenerState.moveFrom.0a: orig 0x42a6bb90, EGLGraphicsDevice[type .egl, connection decon, unitID 0, handle 0x1, owner false, NullToolkitLock[]]
10-28 17:20:59.848: W/System.err(11997): GLEventListenerState.moveFrom.0b: pres 0x42d0ea50, EGLGraphicsDevice[type .egl, connection decon, unitID 0, handle 0x1, owner true, NullToolkitLock[]]
10-28 17:20:59.848: W/System.err(11997): GLEventListenerState.moveFrom.1: jogamp.opengl.egl.EGLWrappedSurface
10-28 17:20:59.848: W/System.err(11997): GLEventListenerState.moveFrom.2: jogamp.newt.driver.android.WindowDriver, jogamp.newt.driver.android.WindowDriver[Config EGLGraphicsConfiguration[DefaultGraphicsScreen[EGLGraphicsDevice[type .egl, connection decon, unitID 0, handle 0x1, owner false, NullToolkitLock[]], idx 0],
10-28 17:20:59.848: W/System.err(11997): eglConfigHandle 0x8, eglConfigID 0x8,
10-28 17:20:59.848: W/System.err(11997): requested GLCaps[rgba 8/8/8/0, opaque, accum-rgba 0/0/0/0, dp/st/ms 16/0/0, dbl, mono , hw, GLProfile[GLES2/GLES2.hw], on-scr[.]],
10-28 17:20:59.848: W/System.err(11997): chosen GLCaps[egl cfg 0x8, vid 0x2: rgba 8/8/8/0, opaque, accum-rgba 0/0/0/0, dp/st/ms 16/0/0, dbl, mono , hw, GLProfile[GLES2/GLES2.hw], on-scr[.], [0x7: GLES1, GLES2, VG]]]
10-28 17:20:59.848: W/System.err(11997): , NEWT-Screen[.android_nil-1-s0, idx 0, refCount 1, vsize [ 0 / 0 1794 x 1080 ], DefaultGraphicsScreen[EGLGraphicsDevice[type .egl, connection decon, unitID 0, handle 0x1, owner true, NullToolkitLock[]], idx 0], NEWT-Display[.android_nil-1, excl false, refCount 1, hasEDT true, edtRunning true, EGLGraphicsDevice[type .egl, connection decon, unitID 0, handle 0x1, owner true, NullToolkitLock[]]], monitors: [Monitor[Id 0x0, 103 x 62 mm, viewport [ 0 / 0 1794 x 1080 ], orig [Id 0x0, [ 1794 x 1080 x 32 bpp ] @ 60.0 Hz, flags [], 90 degr], curr [Id 0x0, [ 1794 x 1080 x 32 bpp ] @ 60.0 Hz, flags [], 90 degr], modeChanged false, modeCount 4]]]
10-28 17:20:59.848: W/System.err(11997): , ParentWindow null
10-28 17:20:59.848: W/System.err(11997): , ParentWindowHandle 0x0 (false)
10-28 17:20:59.848: W/System.err(11997): , WindowHandle 0x67b97548
10-28 17:20:59.848: W/System.err(11997): , SurfaceHandle 0x67cb5b60 (lockedExt window false, surface false)
10-28 17:20:59.848: W/System.err(11997): , Pos 0/0 (auto false), size 1794x1080
10-28 17:20:59.848: W/System.err(11997): , Visible false, focus true
10-28 17:20:59.848: W/System.err(11997): , Undecorated false (true)
10-28 17:20:59.848: W/System.err(11997): , AlwaysOnTop false, Fullscreen true
10-28 17:20:59.848: W/System.err(11997): , WrappedSurface null
10-28 17:20:59.848: W/System.err(11997): , ChildWindows 0, SurfaceUpdatedListeners num 0 [], WindowListeners num 1 [com.jogamp.newt.opengl.GLWindow$2@42b738b8, ], MouseListeners num 1 [com.daysofwonder.gamelib.android.AndroidInputEngine@42973228, ], KeyListeners num 1 [com.daysofwonder.gamelib.android.AndroidInputEngine@42973228, ], windowLock <42a3e128, 42737740>[count 1, qsz 0, owner ], surfaceLockCount 0]
10-28 17:20:59.848: W/System.err(11997): GLEventListenerState.moveFrom.3a: up-orig 0x42a6bb90, EGLGraphicsDevice[type .egl, connection decon, unitID 0, handle 0x1, owner false, NullToolkitLock[]]
10-28 17:20:59.848: W/System.err(11997): GLEventListenerState.moveFrom.3b: up-pres 0x4277b2b8, EGLGraphicsDevice[type .egl, connection decon, unitID 0, handle 0x1, owner false, NullToolkitLock[]]
10-28 17:20:59.848: W/System.err(11997): GLEventListenerState.moveFrom.3c: jogamp.opengl.egl.EGLWrappedSurface, EGLWrappedSurface[ displayHandle 0x1
10-28 17:20:59.848: W/System.err(11997): , surfaceHandle 0x67cb5b60
10-28 17:20:59.848: W/System.err(11997): , size 1794x1080
10-28 17:20:59.848: W/System.err(11997): , UOB[ ]
10-28 17:20:59.848: W/System.err(11997): , EGLGraphicsConfiguration[DefaultGraphicsScreen[EGLGraphicsDevice[type .egl, connection decon, unitID 0, handle 0x1, owner false, NullToolkitLock[]], idx 0],
10-28 17:20:59.848: W/System.err(11997): eglConfigHandle 0x8, eglConfigID 0x8,
10-28 17:20:59.848: W/System.err(11997): requested GLCaps[rgba 8/8/8/0, opaque, accum-rgba 0/0/0/0, dp/st/ms 16/0/0, dbl, mono , hw, GLProfile[GLES2/GLES2.hw], on-scr[.]],
10-28 17:20:59.848: W/System.err(11997): chosen GLCaps[egl cfg 0x8, vid 0x2: rgba 8/8/8/0, opaque, accum-rgba 0/0/0/0, dp/st/ms 16/0/0, dbl, mono , hw, GLProfile[GLES2/GLES2.hw], on-scr[.], [0x7: GLES1, GLES2, VG]]]
10-28 17:20:59.848: W/System.err(11997): , surfaceLock <42617a50, 42d3e628>[count 0, qsz 0, owner ]
10-28 17:20:59.848: W/System.err(11997): , EGLUpstreamSurfaceHook[ 1794x1080, jogamp.newt.driver.android.WindowDriver: 0x67cb5b60]
10-28 17:20:59.848: W/System.err(11997): , upstreamSurface true ]
10-28 17:20:59.848: W/System.err(11997): GLEventListenerState.moveFrom.3d: jogamp.newt.driver.android.WindowDriverUOB[ ]
10-28 17:20:59.848: W/System.err(11997): main-Display-.android_nil-1-EDT-1: setRealized: drawable EGLOnscreenDrawable, surface EGLWrappedSurface, isProxySurface true: true -> false
10-28 17:20:59.848: W/System.err(11997): java.lang.Throwable: stack dump
10-28 17:20:59.848: W/System.err(11997): at java.lang.Thread.dumpStack(Thread.java:496)
10-28 17:20:59.848: W/System.err(11997): at jogamp.opengl.GLDrawableImpl.setRealized(GLDrawableImpl.java:178)
10-28 17:20:59.848: W/System.err(11997): at jogamp.opengl.GLAutoDrawableBase.destroyImplInLock(GLAutoDrawableBase.java:339)
10-28 17:20:59.848: W/System.err(11997): at com.jogamp.newt.opengl.GLWindow.access$300(GLWindow.java:109)
10-28 17:20:59.848: W/System.err(11997): at com.jogamp.newt.opengl.GLWindow$GLLifecycleHook.destroyActionInLock(GLWindow.java:467)
10-28 17:20:59.848: W/System.err(11997): at jogamp.newt.WindowImpl$DestroyAction.run(WindowImpl.java:1021)
10-28 17:20:59.848: W/System.err(11997): at com.jogamp.common.util.RunnableTask.run(RunnableTask.java:112)
10-28 17:20:59.848: W/System.err(11997): at jogamp.newt.DefaultEDTUtil$NEDT.run(DefaultEDTUtil.java:349)
10-28 17:20:59.858: W/System.err(11997): main-Display-.android_nil-1-EDT-1: destroyHandle of EGLWrappedSurface[ displayHandle 0x1
10-28 17:20:59.858: W/System.err(11997): , surfaceHandle 0x67cb5b60
10-28 17:20:59.858: W/System.err(11997): , size 1794x1080
10-28 17:20:59.858: W/System.err(11997): , UOB[ ]
10-28 17:20:59.858: W/System.err(11997): , EGLGraphicsConfiguration[DefaultGraphicsScreen[EGLGraphicsDevice[type .egl, connection decon, unitID 0, handle 0x1, owner false, NullToolkitLock[]], idx 0],
10-28 17:20:59.858: W/System.err(11997): eglConfigHandle 0x8, eglConfigID 0x8,
10-28 17:20:59.858: W/System.err(11997): requested GLCaps[rgba 8/8/8/0, opaque, accum-rgba 0/0/0/0, dp/st/ms 16/0/0, dbl, mono , hw, GLProfile[GLES2/GLES2.hw], on-scr[.]],
10-28 17:20:59.858: W/System.err(11997): chosen GLCaps[egl cfg 0x8, vid 0x2: rgba 8/8/8/0, opaque, accum-rgba 0/0/0/0, dp/st/ms 16/0/0, dbl, mono , hw, GLProfile[GLES2/GLES2.hw], on-scr[.], [0x7: GLES1, GLES2, VG]]]
10-28 17:20:59.858: W/System.err(11997): , surfaceLock <42617a50, 42d3e628>[count 0, qsz 0, owner ]
10-28 17:20:59.858: W/System.err(11997): , EGLUpstreamSurfaceHook[ 1794x1080, jogamp.newt.driver.android.WindowDriver: 0x67cb5b60]
10-28 17:20:59.858: W/System.err(11997): , upstreamSurface true ]
10-28 17:20:59.858: W/System.err(11997): main-Display-.android_nil-1-EDT-1: EGLDrawable.setRealized(false): NOP - EGLWrappedSurface[ displayHandle 0x1
10-28 17:20:59.858: W/System.err(11997): , surfaceHandle 0x67cb5b60
10-28 17:20:59.858: W/System.err(11997): , size 1794x1080
10-28 17:20:59.858: W/System.err(11997): , UOB[ ]
10-28 17:20:59.858: W/System.err(11997): , EGLGraphicsConfiguration[DefaultGraphicsScreen[EGLGraphicsDevice[type .egl, connection decon, unitID 0, handle 0x1, owner false, NullToolkitLock[]], idx 0],
10-28 17:20:59.858: W/System.err(11997): eglConfigHandle 0x8, eglConfigID 0x8,
10-28 17:20:59.858: W/System.err(11997): requested GLCaps[rgba 8/8/8/0, opaque, accum-rgba 0/0/0/0, dp/st/ms 16/0/0, dbl, mono , hw, GLProfile[GLES2/GLES2.hw], on-scr[.]],
10-28 17:20:59.858: W/System.err(11997): chosen GLCaps[egl cfg 0x8, vid 0x2: rgba 8/8/8/0, opaque, accum-rgba 0/0/0/0, dp/st/ms 16/0/0, dbl, mono , hw, GLProfile[GLES2/GLES2.hw], on-scr[.], [0x7: GLES1, GLES2, VG]]]
10-28 17:20:59.858: W/System.err(11997): , surfaceLock <42617a50, 42d3e628>[count 0, qsz 0, owner ]
10-28 17:20:59.858: W/System.err(11997): , EGLUpstreamSurfaceHook[ 1794x1080, jogamp.newt.driver.android.WindowDriver: 0x67cb5b60]
10-28 17:20:59.858: W/System.err(11997): , upstreamSurface true ]
10-28 17:20:59.858: W/System.err(11997): EGLUpstreamSurfaceHook.destroy(EGLWrappedSurface): EGLUpstreamSurfaceHook[ 1794x1080, jogamp.newt.driver.android.WindowDriver: 0x67cb5b60]
10-28 17:20:59.858: D/JogAmp.NEWT(11997): closeNativeImpl 0 - eglDevice 0x42a6bb90, EGLGraphicsDevice[type .egl, connection decon, unitID 0, handle 0x1, owner false, NullToolkitLock[]], surfaceHandle 0x67b97548, eglSurfaceHandle 0x67cb5b60, format [a 3, n 2], 0/0 1794x1080 - on thread main-Display-.android_nil-1-EDT-1
10-28 17:20:59.858: D/JogAmp.NEWT(11997): setupInputListener(enable false) - main-Display-.android_nil-1-EDT-1
10-28 17:20:59.858: D/JogAmp.NEWT(11997): setupInputListener - enable GenericMotionListener - main-Display-.android_nil-1-EDT-1
10-28 17:20:59.868: W/System.err(11997): EGLDisplayUtil.eglTerminate(0x1 ...): #2 = true
10-28 17:20:59.878: W/System.err(11997): java.lang.Throwable: stack dump
10-28 17:20:59.878: I/Adreno200-C2D(2575): : C2D2 initializing a3xx version: libc2d2_a3xx.so
10-28 17:20:59.878: I/Adreno200-C2D(2575): : C2D2 wrapper initialized successfully
10-28 17:20:59.878: I/Adreno200-C2D(2575): : Allocate CMD Buffer Address 0x68bc5000 0x1009a000
10-28 17:20:59.888: W/System.err(11997): at java.lang.Thread.dumpStack(Thread.java:496)
10-28 17:20:59.888: W/System.err(11997): at jogamp.newt.driver.android.WindowDriver.surfaceDestroyed(WindowDriver.java:607)
10-28 17:20:59.888: W/System.err(11997): at android.view.SurfaceView.updateWindow(SurfaceView.java:531)
10-28 17:20:59.888: W/System.err(11997): at android.view.SurfaceView.onWindowVisibilityChanged(SurfaceView.java:230)
10-28 17:20:59.888: W/System.err(11997): at android.view.View.dispatchWindowVisibilityChanged(View.java:7488)
10-28 17:20:59.888: W/System.err(11997): at android.view.ViewGroup.dispatchWindowVisibilityChanged(ViewGroup.java:1146)
10-28 17:20:59.888: W/System.err(11997): at android.view.ViewGroup.dispatchWindowVisibilityChanged(ViewGroup.java:1146)
10-28 17:20:59.888: W/System.err(11997): at android.view.ViewGroup.dispatchWindowVisibilityChanged(ViewGroup.java:1146)
10-28 17:20:59.888: W/System.err(11997): at android.view.ViewRootImpl.performTraversals(ViewRootImpl.java:1229)
10-28 17:20:59.888: W/System.err(11997): at android.view.ViewRootImpl.doTraversal(ViewRootImpl.java:1009)
10-28 17:20:59.888: W/System.err(11997): at android.view.ViewRootImpl$TraversalRunnable.run(ViewRootImpl.java:4242)
10-28 17:20:59.888: W/System.err(11997): at android.view.Choreographer$CallbackRecord.run(Choreographer.java:725)
10-28 17:20:59.888: W/System.err(11997): at android.view.Choreographer.doCallbacks(Choreographer.java:555)
10-28 17:20:59.888: W/System.err(11997): at android.view.Choreographer.doFrame(Choreographer.java:525)
10-28 17:20:59.888: W/System.err(11997): at android.view.Choreographer$FrameDisplayEventReceiver.run(Choreographer.java:711)
10-28 17:20:59.888: W/System.err(11997): at android.os.Handler.handleCallback(Handler.java:615)
10-28 17:20:59.888: W/System.err(11997): at android.os.Handler.dispatchMessage(Handler.java:92)
10-28 17:20:59.888: W/System.err(11997): at android.os.Looper.loop(Looper.java:213)
10-28 17:20:59.888: W/System.err(11997): at android.app.ActivityThread.main(ActivityThread.java:4791)
10-28 17:20:59.888: W/System.err(11997): at java.lang.reflect.Method.invokeNative(Native Method)
10-28 17:20:59.888: W/System.err(11997): at java.lang.reflect.Method.invoke(Method.java:511)
10-28 17:20:59.888: W/System.err(11997): at com.android.internal.os.ZygoteInit$MethodAndArgsCaller.run(ZygoteInit.java:789)
10-28 17:20:59.888: W/System.err(11997): at com.android.internal.os.ZygoteInit.main(ZygoteInit.java:556)
10-28 17:20:59.888: W/System.err(11997): at dalvik.system.NativeStart.main(Native Method)
10-28 17:20:59.888: I/Adreno200-C2D(11997): : C2D2 De-Init A3xx version
10-28 17:20:59.898: I/Adreno200-C2D(11997): : GPU DeAllocated Address 0x67cbb000 0x1009a000
10-28 17:20:59.918: D/StatusBar.NetworkController(847): refreshViews: Data not connected!! Set no data type icon
10-28 17:20:59.988: D/dalvikvm(2575): GC_CONCURRENT freed 6208K, 28% free 37493K/52039K, paused 13ms+5ms, total 49ms
10-28 17:20:59.988: D/SizeAdaptiveLayout(847): com.android.internal.widget.SizeAdaptiveLayout@43bff080child view android.widget.NotificationFrameLayout@43b68130 measured out of bounds at 189px clamped to 192px
10-28 17:20:59.988: D/SizeAdaptiveLayout(847): com.android.internal.widget.SizeAdaptiveLayout@4291fa60child view android.widget.NotificationFrameLayout@424bf100 measured out of bounds at 189px clamped to 192px
10-28 17:20:59.988: D/SizeAdaptiveLayout(847): com.android.internal.widget.SizeAdaptiveLayout@42536cc8child view android.widget.LinearLayout@424c2fd0 measured out of bounds at 189px clamped to 192px
10-28 17:20:59.988: D/SizeAdaptiveLayout(847): com.android.internal.widget.SizeAdaptiveLayout@43b274a0child view android.widget.NotificationFrameLayout@42c2a680 measured out of bounds at 189px clamped to 192px
10-28 17:20:59.988: D/PowerManagerService(580): acquireWakeLock flags=0x1 tag=AlarmManager
10-28 17:20:59.998: D/TTActivity(11997): -> onTrimMemory() with level= 20 - TRIM_MEMORY_UI_HIDDEN
10-28 17:21:00.008: D/SizeAdaptiveLayout(847): com.android.internal.widget.SizeAdaptiveLayout@43bff080child view android.widget.NotificationFrameLayout@43b68130 measured out of bounds at 189px clamped to 192px
10-28 17:21:00.008: D/SizeAdaptiveLayout(847): com.android.internal.widget.SizeAdaptiveLayout@4291fa60child view android.widget.NotificationFrameLayout@424bf100 measured out of bounds at 189px clamped to 192px
10-28 17:21:00.008: D/SizeAdaptiveLayout(847): com.android.internal.widget.SizeAdaptiveLayout@42536cc8child view android.widget.LinearLayout@424c2fd0 measured out of bounds at 189px clamped to 192px
10-28 17:21:00.008: D/SizeAdaptiveLayout(847): com.android.internal.widget.SizeAdaptiveLayout@43b274a0child view android.widget.NotificationFrameLayout@42c2a680 measured out of bounds at 189px clamped to 192px
10-28 17:21:00.048: D/ConnectivityService(580): getMobileDataEnabled returning true
10-28 17:21:00.128: D/StatusBar.NetworkController(847): refreshViews: Data not connected!! Set no data type icon
10-28 17:21:00.128: D/PowerManagerService(580): releaseWakeLock flags=0x1 tag=AlarmManager
10-28 17:21:00.148: W/IInputConnectionWrapper(11997): showStatusIcon on inactive InputConnection
10-28 17:21:00.148: D/ConnectivityService(580): getMobileDataEnabled returning true
10-28 17:21:00.188: D/PowerManagerService(580): releaseWakeLock flags=0x1 tag=ActivityManager-Launch
10-28 17:21:00.258: D/JogAmp.NEWT(11997): onStop.0
10-28 17:21:00.258: D/JogAmp.NEWT(11997): onStop.X
10-28 17:21:00.258: D/PowerManagerService(580): releaseWakeLock flags=0x1 tag=SCREEN_FROZEN
10-28 17:21:00.268: D/TTActivity(11997): -> onStop
10-28 17:21:00.278: D/AndroidPreferences(11997): Saved preference crash = false
10-28 17:21:00.669: D/ConnectivityService(580): getMobileDataEnabled returning true
10-28 17:21:01.169: D/ConnectivityService(580): getMobileDataEnabled returning true
10-28 17:21:01.219: D/StateMachine(580): handleMessage: E msg.what=131155
10-28 17:21:01.219: D/StateMachine(580): processMsg: ConnectedState
10-28 17:21:01.219: D/WifiStateMachine(580): ConnectedState{ what=131155 when=-1ms arg1=24 }
10-28 17:21:01.219: D/StateMachine(580): processMsg: L2ConnectedState
10-28 17:21:01.219: D/WifiStateMachine(580): L2ConnectedState{ what=131155 when=-3ms arg1=24 }
10-28 17:21:01.229: D/StateMachine(580): handleMessage: X
10-28 17:21:01.680: D/ConnectivityService(580): getMobileDataEnabled returning true
10-28 17:21:02.120: D/StatusBar.NetworkController(847): refreshViews: Data not connected!! Set no data type icon
10-28 17:21:02.140: I/CNE_DEBUG(580): CNE received action: android.intent.action.BATTERY_CHANGED
10-28 17:21:02.140: I/CNE_DEBUG(580): UpdateBatteryStatus status=5 pluginType=2 level=100
10-28 17:21:02.260: D/dalvikvm(580): WAIT_FOR_CONCURRENT_GC blocked 0ms
10-28 17:21:02.390: D/dalvikvm(580): GC_EXPLICIT freed 2475K, 28% free 32396K/44935K, paused 4ms+9ms, total 131ms
10-28 17:21:04.112: D/StatusBar.NetworkController(847): refreshViews: Data not connected!! Set no data type icon
10-28 17:21:04.222: D/StateMachine(580): handleMessage: E msg.what=131155
10-28 17:21:04.222: D/StateMachine(580): processMsg: ConnectedState
10-28 17:21:04.222: D/WifiStateMachine(580): ConnectedState{ what=131155 when=-4ms arg1=24 }
10-28 17:21:04.222: D/StateMachine(580): processMsg: L2ConnectedState
10-28 17:21:04.222: D/WifiStateMachine(580): L2ConnectedState{ what=131155 when=-6ms arg1=24 }
10-28 17:21:04.232: D/StateMachine(580): handleMessage: X
10-28 17:21:04.232: I/CNE_DEBUG(580): CNE received action RSSI Changed events: android.net.wifi.RSSI_CHANGED
10-28 17:21:04.242: D/StatusBar.NetworkController(847): refreshViews: Data not connected!! Set no data type icon
10-28 17:21:04.283: I/CNE_DEBUG(580): CNE received action RSSI Changed events - networkState: CONNECTED ssid= dow rssi=-78 ipV4Addr=172.16.10.81 timeStamp:2013-10-28 17:21:04.299 networkState: CONNECTED
10-28 17:21:04.283: I/CNE_DEBUG(580): UpdateWlanStatus type=21 state=1 softApState=11 rssi=-78 ssid=dow ipAddr=172.16.10.81 iface=wlan0 timeStamp=2013-10-28 17:21:04.299
10-28 17:21:07.126: D/StatusBar.NetworkController(847): refreshViews: Data not connected!! Set no data type icon
10-28 17:21:07.236: D/StateMachine(580): handleMessage: E msg.what=131155
10-28 17:21:07.236: D/StateMachine(580): processMsg: ConnectedState
10-28 17:21:07.236: D/WifiStateMachine(580): ConnectedState{ what=131155 when=-2ms arg1=24 }
10-28 17:21:07.236: D/StateMachine(580): processMsg: L2ConnectedState
10-28 17:21:07.246: D/WifiStateMachine(580): L2ConnectedState{ what=131155 when=-5ms arg1=24 }
10-28 17:21:07.256: D/StateMachine(580): handleMessage: X
10-28 17:21:08.047: D/StateMachine(580): handleMessage: E msg.what=147461
10-28 17:21:08.047: D/StateMachine(580): processMsg: ConnectedState
10-28 17:21:08.047: D/WifiStateMachine(580): ConnectedState{ what=147461 when=-1ms }
10-28 17:21:08.047: D/StateMachine(580): processMsg: L2ConnectedState
10-28 17:21:08.047: D/WifiStateMachine(580): L2ConnectedState{ what=147461 when=-2ms }
10-28 17:21:08.047: D/StateMachine(580): processMsg: ConnectModeState
10-28 17:21:08.047: D/WifiStateMachine(580): ConnectModeState{ what=147461 when=-3ms }
10-28 17:21:08.047: D/StateMachine(580): processMsg: DriverStartedState
10-28 17:21:08.047: D/WifiStateMachine(580): DriverStartedState{ what=147461 when=-4ms }
10-28 17:21:08.047: D/StateMachine(580): processMsg: SupplicantStartedState
10-28 17:21:08.047: D/WifiStateMachine(580): SupplicantStartedState{ what=147461 when=-5ms }
10-28 17:21:08.047: D/StateMachine(580): handleMessage: X
10-28 17:21:10.129: D/StatusBar.NetworkController(847): refreshViews: Data not connected!! Set no data type icon
10-28 17:21:10.259: D/StateMachine(580): handleMessage: E msg.what=131155
10-28 17:21:10.259: D/StateMachine(580): processMsg: ConnectedState
10-28 17:21:10.259: D/WifiStateMachine(580): ConnectedState{ what=131155 when=-2ms arg1=24 }
10-28 17:21:10.259: D/StateMachine(580): processMsg: L2ConnectedState
10-28 17:21:10.259: D/WifiStateMachine(580): L2ConnectedState{ what=131155 when=-4ms arg1=24 }
10-28 17:21:10.269: D/StateMachine(580): handleMessage: X
10-28 17:21:10.269: I/CNE_DEBUG(580): CNE received action RSSI Changed events: android.net.wifi.RSSI_CHANGED
10-28 17:21:10.269: D/StatusBar.NetworkController(847): refreshViews: Data not connected!! Set no data type icon
10-28 17:21:10.319: I/CNE_DEBUG(580): CNE received action RSSI Changed events - networkState: CONNECTED ssid= dow rssi=-77 ipV4Addr=172.16.10.81 timeStamp:2013-10-28 17:21:10.323 networkState: CONNECTED
10-28 17:21:10.319: I/CNE_DEBUG(580): UpdateWlanStatus type=21 state=1 softApState=11 rssi=-77 ssid=dow ipAddr=172.16.10.81 iface=wlan0 timeStamp=2013-10-28 17:21:10.323
10-28 17:21:11.140: D/StatusBar.NetworkController(847): refreshViews: Data not connected!! Set no data type icon
10-28 17:21:12.141: D/StatusBar.NetworkController(847): refreshViews: Data not connected!! Set no data type icon
10-28 17:21:13.262: D/StateMachine(580): handleMessage: E msg.what=131155
10-28 17:21:13.262: D/StateMachine(580): processMsg: ConnectedState
10-28 17:21:13.262: D/WifiStateMachine(580): ConnectedState{ what=131155 when=-4ms arg1=24 }
10-28 17:21:13.262: D/StateMachine(580): processMsg: L2ConnectedState
10-28 17:21:13.262: D/WifiStateMachine(580): L2ConnectedState{ what=131155 when=-5ms arg1=24 }
10-28 17:21:13.282: I/CNE_DEBUG(580): CNE received action RSSI Changed events: android.net.wifi.RSSI_CHANGED
10-28 17:21:13.282: D/StatusBar.NetworkController(847): refreshViews: Data not connected!! Set no data type icon
10-28 17:21:13.292: D/StateMachine(580): handleMessage: X
10-28 17:21:13.332: I/CNE_DEBUG(580): CNE received action RSSI Changed events - networkState: CONNECTED ssid= dow rssi=-78 ipV4Addr=172.16.10.81 timeStamp:2013-10-28 17:21:13.345 networkState: CONNECTED
10-28 17:21:13.332: I/CNE_DEBUG(580): UpdateWlanStatus type=21 state=1 softApState=11 rssi=-78 ssid=dow ipAddr=172.16.10.81 iface=wlan0 timeStamp=2013-10-28 17:21:13.345
10-28 17:21:14.133: D/StatusBar.NetworkController(847): refreshViews: Data not connected!! Set no data type icon
10-28 17:21:16.135: D/StatusBar.NetworkController(847): refreshViews: Data not connected!! Set no data type icon
10-28 17:21:16.315: D/StateMachine(580): handleMessage: E msg.what=131155
10-28 17:21:16.315: D/StateMachine(580): processMsg: ConnectedState
10-28 17:21:16.315: D/WifiStateMachine(580): ConnectedState{ what=131155 when=-10ms arg1=24 }
10-28 17:21:16.315: D/StateMachine(580): processMsg: L2ConnectedState
10-28 17:21:16.315: D/WifiStateMachine(580): L2ConnectedState{ what=131155 when=-10ms arg1=24 }
10-28 17:21:16.315: D/StateMachine(580): handleMessage: X
10-28 17:21:17.136: D/StatusBar.NetworkController(847): refreshViews: Data not connected!! Set no data type icon
10-28 17:21:18.147: D/StatusBar.NetworkController(847): refreshViews: Data not connected!! Set no data type icon
10-28 17:21:19.148: D/StatusBar.NetworkController(847): refreshViews: Data not connected!! Set no data type icon
10-28 17:21:19.319: D/StateMachine(580): handleMessage: E msg.what=131155
10-28 17:21:19.329: D/StateMachine(580): processMsg: ConnectedState
10-28 17:21:19.329: D/WifiStateMachine(580): ConnectedState{ what=131155 when=-5ms arg1=24 }
10-28 17:21:19.329: D/StateMachine(580): processMsg: L2ConnectedState
10-28 17:21:19.329: D/WifiStateMachine(580): L2ConnectedState{ what=131155 when=-6ms arg1=24 }
10-28 17:21:19.339: D/StateMachine(580): handleMessage: X
10-28 17:21:21.151: D/StatusBar.NetworkController(847): refreshViews: Data not connected!! Set no data type icon
10-28 17:21:22.152: D/StatusBar.NetworkController(847): refreshViews: Data not connected!! Set no data type icon
10-28 17:21:22.342: D/StateMachine(580): handleMessage: E msg.what=131155
10-28 17:21:22.342: D/StateMachine(580): processMsg: ConnectedState
10-28 17:21:22.342: D/WifiStateMachine(580): ConnectedState{ what=131155 when=-4ms arg1=24 }
10-28 17:21:22.342: D/StateMachine(580): processMsg: L2ConnectedState
10-28 17:21:22.342: D/WifiStateMachine(580): L2ConnectedState{ what=131155 when=-6ms arg1=24 }
10-28 17:21:22.352: D/StateMachine(580): handleMessage: X
10-28 17:21:23.523: D/PowerManagerService(580): acquireWakeLock flags=0x1 tag=AlarmManager
10-28 17:21:23.523: D/PowerManagerService(580): releaseWakeLock flags=0x1 tag=AlarmManager
10-28 17:21:24.154: D/StatusBar.NetworkController(847): refreshViews: Data not connected!! Set no data type icon
10-28 17:21:25.155: D/StatusBar.NetworkController(847): refreshViews: Data not connected!! Set no data type icon
10-28 17:21:25.355: D/StateMachine(580): handleMessage: E msg.what=131155
10-28 17:21:25.355: D/StateMachine(580): processMsg: ConnectedState
10-28 17:21:25.355: D/WifiStateMachine(580): ConnectedState{ what=131155 when=-4ms arg1=24 }
10-28 17:21:25.355: D/StateMachine(580): processMsg: L2ConnectedState
10-28 17:21:25.355: D/WifiStateMachine(580): L2ConnectedState{ what=131155 when=-4ms arg1=24 }
10-28 17:21:25.365: D/StateMachine(580): handleMessage: X
10-28 17:21:28.368: D/StateMachine(580): handleMessage: E msg.what=131155
10-28 17:21:28.368: D/StateMachine(580): processMsg: ConnectedState
10-28 17:21:28.368: D/WifiStateMachine(580): ConnectedState{ what=131155 when=-1ms arg1=24 }
10-28 17:21:28.368: D/StateMachine(580): processMsg: L2ConnectedState
10-28 17:21:28.368: D/WifiStateMachine(580): L2ConnectedState{ what=131155 when=-3ms arg1=24 }
10-28 17:21:28.378: D/StateMachine(580): handleMessage: X
10-28 17:21:31.381: D/StateMachine(580): handleMessage: E msg.what=131155
10-28 17:21:31.381: D/StateMachine(580): processMsg: ConnectedState
10-28 17:21:31.381: D/WifiStateMachine(580): ConnectedState{ what=131155 when=-3ms arg1=24 }
10-28 17:21:31.381: D/StateMachine(580): processMsg: L2ConnectedState
10-28 17:21:31.381: D/WifiStateMachine(580): L2ConnectedState{ what=131155 when=-4ms arg1=24 }
10-28 17:21:31.391: D/StateMachine(580): handleMessage: X
10-28 17:21:32.122: I/CNE_DEBUG(580): CNE received action: android.intent.action.BATTERY_CHANGED
10-28 17:21:32.122: I/CNE_DEBUG(580): UpdateBatteryStatus status=5 pluginType=2 level=100
10-28 17:21:34.385: D/StateMachine(580): handleMessage: E msg.what=131155
10-28 17:21:34.385: D/StateMachine(580): processMsg: ConnectedState
10-28 17:21:34.385: D/WifiStateMachine(580): ConnectedState{ what=131155 when=-2ms arg1=24 }
10-28 17:21:34.385: D/StateMachine(580): processMsg: L2ConnectedState
10-28 17:21:34.385: D/WifiStateMachine(580): L2ConnectedState{ what=131155 when=-4ms arg1=24 }
10-28 17:21:34.395: D/StateMachine(580): handleMessage: X
10-28 17:21:35.185: D/StatusBar.NetworkController(847): refreshViews: Data not connected!! Set no data type icon
10-28 17:21:36.187: D/StatusBar.NetworkController(847): refreshViews: Data not connected!! Set no data type icon
10-28 17:21:37.188: D/StatusBar.NetworkController(847): refreshViews: Data not connected!! Set no data type icon
10-28 17:21:37.408: D/StateMachine(580): handleMessage: E msg.what=131155
10-28 17:21:37.408: D/StateMachine(580): processMsg: ConnectedState
10-28 17:21:37.408: D/WifiStateMachine(580): ConnectedState{ what=131155 when=-6ms arg1=24 }
10-28 17:21:37.408: D/StateMachine(580): processMsg: L2ConnectedState
10-28 17:21:37.408: D/WifiStateMachine(580): L2ConnectedState{ what=131155 when=-8ms arg1=24 }
10-28 17:21:37.418: D/StateMachine(580): handleMessage: X
10-28 17:21:40.421: D/StateMachine(580): handleMessage: E msg.what=131155
10-28 17:21:40.421: D/StateMachine(580): processMsg: ConnectedState
10-28 17:21:40.421: D/WifiStateMachine(580): ConnectedState{ what=131155 when=-5ms arg1=24 }
10-28 17:21:40.431: D/StateMachine(580): processMsg: L2ConnectedState
10-28 17:21:40.431: D/WifiStateMachine(580): L2ConnectedState{ what=131155 when=-10ms arg1=24 }
10-28 17:21:40.441: D/StateMachine(580): handleMessage: X
10-28 17:21:41.312: I/PackageManager(580): Removing non-system package:com.daysofwonder.tt.android
10-28 17:21:41.312: I/ActivityManager(580): Force stopping package com.daysofwonder.tt.android uid=10192
10-28 17:21:41.322: I/ActivityManager(580): Killing proc 11997:com.daysofwonder.tt.android/u0a192: force stop
10-28 17:21:41.322: I/ActivityManager(580): Force finishing activity ActivityRecord{428b8a68 com.daysofwonder.tt.android/.TTActivity}
10-28 17:21:41.352: I/WindowState(580): WIN DEATH: Window{4274e618 SurfaceView paused=false}
10-28 17:21:41.352: I/WindowState(580): WIN DEATH: Window{42560c00 com.daysofwonder.tt.android/com.daysofwonder.tt.android.TTActivity paused=true}
10-28 17:21:41.502: I/ActivityManager(580): Force stopping package com.daysofwonder.tt.android uid=10192
10-28 17:21:41.522: I/RegisteredComponentCache(1028): ComponentInfo: ResolveInfo{42925c90 com.android.apps.tag.TagViewer p=0 o=0 m=0x108000}, techs: android.nfc.tech.Ndef,
10-28 17:21:41.542: I/SocialEngine(2424): [main]PluginManager.onReceive: Package com.daysofwonder.tt.android was removed
10-28 17:21:41.642: D/dalvikvm(1028): GC_CONCURRENT freed 1538K, 34% free 19369K/29255K, paused 2ms+12ms, total 41ms
10-28 17:21:41.662: D/PackageManager(580): generateServicesMap(android.accounts.AccountAuthenticator): 11 services unchanged
10-28 17:21:41.662: D/dalvikvm(580): WAIT_FOR_CONCURRENT_GC blocked 0ms
10-28 17:21:41.662: D/PowerManagerService(580): acquireWakeLock flags=0x1 tag=NetworkStats
10-28 17:21:41.742: D/PowerManagerService(580): acquireWakeLock flags=0x1 tag=AsyncService
10-28 17:21:41.752: D/PowerManagerService(580): releaseWakeLock flags=0x1 tag=AsyncService
10-28 17:21:41.783: D/PackageManager(580): generateServicesMap(android.content.SyncAdapter): 24 services unchanged
10-28 17:21:41.863: D/dalvikvm(580): GC_EXPLICIT freed 3315K, 28% free 32515K/44935K, paused 4ms+10ms, total 199ms
10-28 17:21:41.863: D/dalvikvm(580): WAIT_FOR_CONCURRENT_GC blocked 81ms
10-28 17:21:41.863: D/dalvikvm(580): WAIT_FOR_CONCURRENT_GC blocked 78ms
10-28 17:21:41.863: D/dalvikvm(580): WAIT_FOR_CONCURRENT_GC blocked 81ms
10-28 17:21:41.873: D/dalvikvm(580): WAIT_FOR_CONCURRENT_GC blocked 87ms
10-28 17:21:41.873: D/VoicemailCleanupService(1221): Cleaning up data for package: com.daysofwonder.tt.android
10-28 17:21:41.883: I/CNE_DEBUG(580): CNE- sendBrowserInfoList: browsers list size = 1
10-28 17:21:41.883: D/dalvikvm(12281): GC_CONCURRENT freed 101K, 89% free 475K/4096K, paused 0ms+0ms, total 2ms
10-28 17:21:41.883: D/SuperStamina-Receiver(580): Received intent with action android.intent.action.PACKAGE_REMOVED
10-28 17:21:41.883: D/PowerManagerService(580): releaseWakeLock flags=0x1 tag=NetworkStats
10-28 17:21:41.883: D/BackupManagerService(580): Received broadcast Intent { act=android.intent.action.PACKAGE_REMOVED dat=package:com.daysofwonder.tt.android flg=0x8000010 (has extras) }
10-28 17:21:41.883: V/BackupManagerService(580): removePackageParticipantsLocked: uid=10192 #1
10-28 17:21:41.943: D/dalvikvm(2424): GC_CONCURRENT freed 1507K, 34% free 19294K/29123K, paused 16ms+4ms, total 45ms
10-28 17:21:42.193: D/StatusBar.NetworkController(847): refreshViews: Data not connected!! Set no data type icon
10-28 17:21:42.443: D/dalvikvm(580): GC_CONCURRENT freed 631K, 22% free 35221K/44935K, paused 14ms+18ms, total 127ms
10-28 17:21:42.693: D/dalvikvm(1221): GC_CONCURRENT freed 1502K, 34% free 19362K/29123K, paused 12ms+13ms, total 54ms
10-28 17:21:43.194: D/StatusBar.NetworkController(847): refreshViews: Data not connected!! Set no data type icon
10-28 17:21:43.434: D/StateMachine(580): handleMessage: E msg.what=131155
10-28 17:21:43.434: D/StateMachine(580): processMsg: ConnectedState
10-28 17:21:43.434: D/WifiStateMachine(580): ConnectedState{ what=131155 when=-4ms arg1=24 }
10-28 17:21:43.434: D/StateMachine(580): processMsg: L2ConnectedState
10-28 17:21:43.434: D/WifiStateMachine(580): L2ConnectedState{ what=131155 when=-5ms arg1=24 }
10-28 17:21:43.444: D/StateMachine(580): handleMessage: X
10-28 17:21:44.205: D/StatusBar.NetworkController(847): refreshViews: Data not connected!! Set no data type icon
10-28 17:21:44.355: E/ALSADevice(274): standby handle h 0x423a5c18
10-28 17:21:44.405: D/alsa_ucm(274): snd_use_case_set(): uc_mgr 0x418d9d48 identifier _verb value Inactive
10-28 17:21:44.405: D/alsa_ucm(274): Set mixer controls for HiFi Lowlatency enable 0
10-28 17:21:44.405: D/alsa_ucm(274): Setting mixer control: SLIMBUS_0_RX Audio Mixer MultiMedia5, value: 0
10-28 17:21:44.405: E/ALSADevice(274): Number of modifiers 0
10-28 17:21:44.405: E/ALSADevice(274): usecase_type is 0
10-28 17:21:44.405: D/alsa_ucm(274): snd_use_case_set(): uc_mgr 0x418d9d48 identifier _disdev value xLoud Speaker
10-28 17:21:44.405: D/alsa_ucm(274): Set mixer controls for xLoud Speaker enable 0
10-28 17:21:44.405: D/alsa_ucm(274): Setting mixer control: RX3 MIX1 INP1, value: ZERO
10-28 17:21:44.405: D/alsa_ucm(274): Setting mixer control: RX3 MIX1 INP2, value: ZERO
10-28 17:21:44.405: D/alsa_ucm(274): Setting mixer control: LINEOUT1 Volume, value: 0
10-28 17:21:44.405: D/PowerManagerService(580): releaseWakeLock flags=0x1 tag=AudioOut_3
10-28 17:21:46.207: D/StatusBar.NetworkController(847): refreshViews: Data not connected!! Set no data type icon
10-28 17:21:46.458: D/StateMachine(580): handleMessage: E msg.what=131155
10-28 17:21:46.458: D/StateMachine(580): processMsg: ConnectedState
10-28 17:21:46.458: D/WifiStateMachine(580): ConnectedState{ what=131155 when=-3ms arg1=24 }
10-28 17:21:46.458: D/StateMachine(580): processMsg: L2ConnectedState
10-28 17:21:46.458: D/WifiStateMachine(580): L2ConnectedState{ what=131155 when=-3ms arg1=24 }
10-28 17:21:46.458: D/StateMachine(580): handleMessage: X
10-28 17:21:47.218: D/StatusBar.NetworkController(847): refreshViews: Data not connected!! Set no data type icon
10-28 17:21:48.219: D/StatusBar.NetworkController(847): refreshViews: Data not connected!! Set no data type icon
10-28 17:21:49.220: D/StatusBar.NetworkController(847): refreshViews: Data not connected!! Set no data type icon
10-28 17:21:49.461: D/StateMachine(580): handleMessage: E msg.what=131155
10-28 17:21:49.461: D/StateMachine(580): processMsg: ConnectedState
10-28 17:21:49.461: D/WifiStateMachine(580): ConnectedState{ what=131155 when=-4ms arg1=24 }
10-28 17:21:49.461: D/StateMachine(580): processMsg: L2ConnectedState
10-28 17:21:49.461: D/WifiStateMachine(580): L2ConnectedState{ what=131155 when=-5ms arg1=24 }
10-28 17:21:49.471: D/StateMachine(580): handleMessage: X
10-28 17:21:52.224: D/StatusBar.NetworkController(847): refreshViews: Data not connected!! Set no data type icon
10-28 17:21:52.474: D/StateMachine(580): handleMessage: E msg.what=131155
10-28 17:21:52.474: D/StateMachine(580): processMsg: ConnectedState
10-28 17:21:52.474: D/WifiStateMachine(580): ConnectedState{ what=131155 when=-9ms arg1=24 }
10-28 17:21:52.474: D/StateMachine(580): processMsg: L2ConnectedState
10-28 17:21:52.474: D/WifiStateMachine(580): L2ConnectedState{ what=131155 when=-10ms arg1=24 }
10-28 17:21:52.484: D/StateMachine(580): handleMessage: X
10-28 17:21:54.236: D/StatusBar.NetworkController(847): refreshViews: Data not connected!! Set no data type icon
10-28 17:21:55.237: D/StatusBar.NetworkController(847): refreshViews: Data not connected!! Set no data type icon
10-28 17:21:55.487: D/StateMachine(580): handleMessage: E msg.what=131155
10-28 17:21:55.487: D/StateMachine(580): processMsg: ConnectedState
10-28 17:21:55.497: D/WifiStateMachine(580): ConnectedState{ what=131155 when=-4ms arg1=24 }
10-28 17:21:55.497: D/StateMachine(580): processMsg: L2ConnectedState
10-28 17:21:55.497: D/WifiStateMachine(580): L2ConnectedState{ what=131155 when=-5ms arg1=24 }
10-28 17:21:55.507: D/StateMachine(580): handleMessage: X
10-28 17:21:56.238: D/StatusBar.NetworkController(847): refreshViews: Data not connected!! Set no data type icon
10-28 17:21:56.728: D/PowerManagerService(580): acquireWakeLock flags=0x1 tag=AlarmManager
10-28 17:21:56.728: D/PowerManagerService(580): releaseWakeLock flags=0x1 tag=AlarmManager
10-28 17:21:57.019: D/Finsky(2622): [1] 5.onFinished: Installation state replication succeeded.
10-28 17:21:57.249: D/StatusBar.NetworkController(847): refreshViews: Data not connected!! Set no data type icon
10-28 17:21:58.510: D/StateMachine(580): handleMessage: E msg.what=131155
10-28 17:21:58.510: D/StateMachine(580): processMsg: ConnectedState
10-28 17:21:58.510: D/WifiStateMachine(580): ConnectedState{ what=131155 when=-4ms arg1=24 }
10-28 17:21:58.510: D/StateMachine(580): processMsg: L2ConnectedState
10-28 17:21:58.510: D/WifiStateMachine(580): L2ConnectedState{ what=131155 when=-4ms arg1=24 }
10-28 17:21:58.520: D/StateMachine(580): handleMessage: X
10-28 17:21:59.992: D/PowerManagerService(580): acquireWakeLock flags=0x1 tag=AlarmManager
10-28 17:22:00.042: D/PowerManagerService(580): releaseWakeLock flags=0x1 tag=AlarmManager
10-28 17:22:00.242: W/ActivityManager(580): No content provider found for permission revoke: file:///data/local/tmp/tt-app-android-1.6.1-SNAPSHOT.apk
10-28 17:22:00.242: D/StatusBar.NetworkController(847): refreshViews: Data not connected!! Set no data type icon
10-28 17:22:01.243: D/StatusBar.NetworkController(847): refreshViews: Data not connected!! Set no data type icon
10-28 17:22:01.514: D/StateMachine(580): handleMessage: E msg.what=131155
10-28 17:22:01.514: D/StateMachine(580): processMsg: ConnectedState
10-28 17:22:01.514: D/WifiStateMachine(580): ConnectedState{ what=131155 when=-3ms arg1=24 }
10-28 17:22:01.514: D/StateMachine(580): processMsg: L2ConnectedState
10-28 17:22:01.514: D/WifiStateMachine(580): L2ConnectedState{ what=131155 when=-4ms arg1=24 }
10-28 17:22:01.524: D/StateMachine(580): handleMessage: X
10-28 17:22:02.114: I/CNE_DEBUG(580): CNE received action: android.intent.action.BATTERY_CHANGED
10-28 17:22:02.114: I/CNE_DEBUG(580): UpdateBatteryStatus status=5 pluginType=2 level=100
10-28 17:22:02.244: D/StatusBar.NetworkController(847): refreshViews: Data not connected!! Set no data type icon
10-28 17:22:03.676: W/ActivityManager(580): No content provider found for permission revoke: file:///data/local/tmp/tt-app-android-1.6.1-SNAPSHOT.apk
10-28 17:22:03.906: D/dalvikvm(580): GC_CONCURRENT freed 5808K, 26% free 33541K/44935K, paused 4ms+7ms, total 105ms
10-28 17:22:03.906: D/dalvikvm(580): WAIT_FOR_CONCURRENT_GC blocked 101ms
10-28 17:22:04.267: D/dalvikvm(580): GC_CONCURRENT freed 1620K, 21% free 35642K/44935K, paused 13ms+7ms, total 109ms
10-28 17:22:04.267: D/dalvikvm(580): WAIT_FOR_CONCURRENT_GC blocked 83ms
10-28 17:22:04.527: D/StateMachine(580): handleMessage: E msg.what=131155
10-28 17:22:04.527: D/StateMachine(580): processMsg: ConnectedState
10-28 17:22:04.527: D/WifiStateMachine(580): ConnectedState{ what=131155 when=-4ms arg1=24 }
10-28 17:22:04.527: D/StateMachine(580): processMsg: L2ConnectedState
10-28 17:22:04.527: D/WifiStateMachine(580): L2ConnectedState{ what=131155 when=-4ms arg1=24 }
10-28 17:22:04.537: D/StateMachine(580): handleMessage: X
10-28 17:22:04.727: D/dalvikvm(580): GC_CONCURRENT freed 3706K, 20% free 36183K/44935K, paused 13ms+7ms, total 121ms
10-28 17:22:04.737: D/dalvikvm(580): WAIT_FOR_CONCURRENT_GC blocked 85ms
10-28 17:22:05.208: D/dalvikvm(580): GC_CONCURRENT freed 4331K, 20% free 36231K/44935K, paused 14ms+7ms, total 114ms
10-28 17:22:05.208: D/dalvikvm(580): WAIT_FOR_CONCURRENT_GC blocked 78ms
10-28 17:22:05.678: D/dalvikvm(580): GC_CONCURRENT freed 4354K, 20% free 36267K/44935K, paused 14ms+7ms, total 118ms
10-28 17:22:05.678: D/dalvikvm(580): WAIT_FOR_CONCURRENT_GC blocked 61ms
10-28 17:22:06.108: D/dalvikvm(580): GC_CONCURRENT freed 4340K, 20% free 36322K/44935K, paused 8ms+8ms, total 144ms
10-28 17:22:06.108: D/dalvikvm(580): WAIT_FOR_CONCURRENT_GC blocked 129ms
10-28 17:22:06.259: D/StatusBar.NetworkController(847): refreshViews: Data not connected!! Set no data type icon
10-28 17:22:06.799: D/dalvikvm(580): GC_CONCURRENT freed 4365K, 20% free 36352K/44935K, paused 11ms+8ms, total 150ms
10-28 17:22:07.270: D/StatusBar.NetworkController(847): refreshViews: Data not connected!! Set no data type icon
10-28 17:22:07.550: D/StateMachine(580): handleMessage: E msg.what=131155
10-28 17:22:07.550: D/StateMachine(580): processMsg: ConnectedState
10-28 17:22:07.550: D/WifiStateMachine(580): ConnectedState{ what=131155 when=-3ms arg1=24 }
10-28 17:22:07.550: D/StateMachine(580): processMsg: L2ConnectedState
10-28 17:22:07.550: D/WifiStateMachine(580): L2ConnectedState{ what=131155 when=-3ms arg1=24 }
10-28 17:22:07.550: D/StateMachine(580): handleMessage: X
10-28 17:22:08.141: D/StateMachine(580): handleMessage: E msg.what=147461
10-28 17:22:08.141: D/StateMachine(580): processMsg: ConnectedState
10-28 17:22:08.141: D/WifiStateMachine(580): ConnectedState{ what=147461 when=-5ms }
10-28 17:22:08.141: D/StateMachine(580): processMsg: L2ConnectedState
10-28 17:22:08.141: D/dalvikvm(580): GC_CONCURRENT freed 4399K, 20% free 36377K/44935K, paused 14ms+8ms, total 158ms
10-28 17:22:08.141: D/dalvikvm(580): WAIT_FOR_CONCURRENT_GC blocked 126ms
10-28 17:22:08.141: D/WifiStateMachine(580): L2ConnectedState{ what=147461 when=-7ms }
10-28 17:22:08.141: D/StateMachine(580): processMsg: ConnectModeState
10-28 17:22:08.141: D/WifiStateMachine(580): ConnectModeState{ what=147461 when=-7ms }
10-28 17:22:08.141: D/StateMachine(580): processMsg: DriverStartedState
10-28 17:22:08.141: D/WifiStateMachine(580): DriverStartedState{ what=147461 when=-8ms }
10-28 17:22:08.141: D/StateMachine(580): processMsg: SupplicantStartedState
10-28 17:22:08.141: D/WifiStateMachine(580): SupplicantStartedState{ what=147461 when=-9ms }
10-28 17:22:08.151: D/StateMachine(580): handleMessage: X
10-28 17:22:08.431: I/PackageManager(580): Running dexopt on: com.daysofwonder.tt.android
10-28 17:22:09.272: D/StatusBar.NetworkController(847): refreshViews: Data not connected!! Set no data type icon
10-28 17:22:10.543: D/StateMachine(580): handleMessage: E msg.what=131155
10-28 17:22:10.543: D/StateMachine(580): processMsg: ConnectedState
10-28 17:22:10.543: D/WifiStateMachine(580): ConnectedState{ what=131155 when=-2ms arg1=24 }
10-28 17:22:10.543: D/StateMachine(580): processMsg: L2ConnectedState
10-28 17:22:10.553: D/WifiStateMachine(580): L2ConnectedState{ what=131155 when=-2ms arg1=24 }
10-28 17:22:10.553: D/StateMachine(580): handleMessage: X
10-28 17:22:11.274: D/StatusBar.NetworkController(847): refreshViews: Data not connected!! Set no data type icon
10-28 17:22:11.714: I/ActivityManager(580): Force stopping package com.daysofwonder.tt.android uid=10192
10-28 17:22:11.785: D/PackageManager(580): New package installed in /data/app/com.daysofwonder.tt.android-1.apk
10-28 17:22:11.875: I/RegisteredComponentCache(1028): ComponentInfo: ResolveInfo{4297d5f8 com.android.apps.tag.TagViewer p=0 o=0 m=0x108000}, techs: android.nfc.tech.Ndef,
10-28 17:22:11.875: D/dalvikvm(580): WAIT_FOR_CONCURRENT_GC blocked 0ms
10-28 17:22:11.885: I/SocialEngine(2424): [main]PluginManager.onReceive: Package com.daysofwonder.tt.android was added
10-28 17:22:11.915: D/PackageManager(580): generateServicesMap(android.accounts.AccountAuthenticator): 11 services unchanged
10-28 17:22:12.045: D/PowerManagerService(580): acquireWakeLock flags=0x1 tag=AsyncService
10-28 17:22:12.075: D/PowerManagerService(580): releaseWakeLock flags=0x1 tag=AsyncService
10-28 17:22:12.085: D/PackageManager(580): generateServicesMap(android.content.SyncAdapter): 24 services unchanged
10-28 17:22:12.095: I/CNE_DEBUG(580): CNE- sendBrowserInfoList: browsers list size = 1
10-28 17:22:12.095: D/BackupManagerService(580): Received broadcast Intent { act=android.intent.action.PACKAGE_ADDED dat=package:com.daysofwonder.tt.android flg=0x8000010 (has extras) }
10-28 17:22:12.175: D/dalvikvm(580): GC_EXPLICIT freed 3536K, 19% free 36457K/44935K, paused 9ms+53ms, total 297ms
10-28 17:22:12.185: D/dalvikvm(12405): GC_CONCURRENT freed 102K, 89% free 477K/4096K, paused 0ms+1ms, total 3ms
10-28 17:22:12.235: D/SuperStamina-Receiver(580): Received intent with action android.intent.action.PACKAGE_ADDED
10-28 17:22:12.275: D/StatusBar.NetworkController(847): refreshViews: Data not connected!! Set no data type icon
10-28 17:22:12.305: D/com.sonyericsson.updatecenter.launcher.UpdateCenterLauncherService(1957): Got action android.intent.action.PACKAGE_ADDED broadcast with package name = com.daysofwonder.tt.android
10-28 17:22:12.345: V/BackupManagerService(580): addPackageParticipantsLocked: #1
10-28 17:22:12.806: D/dalvikvm(580): GC_CONCURRENT freed 5028K, 21% free 35778K/44935K, paused 14ms+5ms, total 119ms
