10-28 17:22:15.749: I/System.out(12460): chosen GLCaps[egl cfg 0x2, vid 0x4: rgba 5/6/5/0, opaque, accum-rgba 0/0/0/0, dp/st/ms 16/0/0, dbl, mono , hw, GLProfile[GLES2/GLES2.sw], offscr[pbuffer], [0x7: GLES1, GLES2, VG]]]
10-28 17:22:15.749: W/System.err(12460): PBuffer setSurface result: eglSurface 0x687d1c28
10-28 17:22:15.749: W/System.err(12460): EGLWrappedSurface.ctor(): EGLWrappedSurface[ displayHandle 0x1
10-28 17:22:15.749: W/System.err(12460): , surfaceHandle 0x0
10-28 17:22:15.749: W/System.err(12460): , size 64x64
10-28 17:22:15.749: W/System.err(12460): , UOB[ ]
10-28 17:22:15.749: W/System.err(12460): , EGLGraphicsConfiguration[DefaultGraphicsScreen[EGLGraphicsDevice[type .egl, connection decon, unitID 0, handle 0x1, owner true, NullToolkitLock[]], idx 0],
10-28 17:22:15.749: W/System.err(12460): eglConfigHandle 0x2, eglConfigID 0x2,
10-28 17:22:15.749: W/System.err(12460): requested GLCaps[rgba 5/5/5/0, opaque, accum-rgba 0/0/0/0, dp/st/ms 16/0/0, one, mono , hw, GLProfile[GLES2/GLES2.sw], offscr[pbuffer]],
10-28 17:22:15.749: W/System.err(12460): chosen GLCaps[egl cfg 0x2, vid 0x4: rgba 5/6/5/0, opaque, accum-rgba 0/0/0/0, dp/st/ms 16/0/0, dbl, mono , hw, GLProfile[GLES2/GLES2.sw], offscr[pbuffer], [0x7: GLES1, GLES2, VG]]]
10-28 17:22:15.749: W/System.err(12460): , surfaceLock <43061c30, 43067f98>[count 0, qsz 0, owner ]
10-28 17:22:15.749: W/System.err(12460): , EGLUpstreamSurfaceHook[ 64x64, jogamp.nativewindow.WrappedSurface: 0x687d1c28]
10-28 17:22:15.749: W/System.err(12460): , upstreamSurface true ]
10-28 17:22:15.749: W/System.err(12460): main: setRealized: drawable EGLOnscreenDrawable, surface EGLWrappedSurface, isProxySurface true: false -> true
10-28 17:22:15.749: W/System.err(12460): java.lang.Throwable: stack dump
10-28 17:22:15.749: W/System.err(12460): at java.lang.Thread.dumpStack(Thread.java:496)
10-28 17:22:15.749: W/System.err(12460): at jogamp.opengl.GLDrawableImpl.setRealized(GLDrawableImpl.java:178)
10-28 17:22:15.749: W/System.err(12460): at jogamp.opengl.egl.EGLDrawableFactory.mapAvailableEGLESConfig(EGLDrawableFactory.java:478)
10-28 17:22:15.749: W/System.err(12460): at jogamp.opengl.egl.EGLDrawableFactory.createEGLSharedResourceImpl(EGLDrawableFactory.java:622)
10-28 17:22:15.749: W/System.err(12460): at jogamp.opengl.egl.EGLDrawableFactory.getOrCreateSharedResourceImpl(EGLDrawableFactory.java:574)
10-28 17:22:15.749: W/System.err(12460): at jogamp.opengl.egl.EGLDrawableFactory.getOrCreateSharedResourceImpl(EGLDrawableFactory.java:84)
10-28 17:22:15.749: W/System.err(12460): at jogamp.opengl.GLDrawableFactoryImpl.getOrCreateSharedResource(GLDrawableFactoryImpl.java:94)
10-28 17:22:15.749: W/System.err(12460): at jogamp.opengl.GLDrawableFactoryImpl.createSharedResourceImpl(GLDrawableFactoryImpl.java:123)
10-28 17:22:15.749: W/System.err(12460): at javax.media.opengl.GLDrawableFactory.createSharedResource(GLDrawableFactory.java:323)
10-28 17:22:15.749: W/System.err(12460): at javax.media.opengl.GLProfile.initProfilesForDeviceCritical(GLProfile.java:1765)
10-28 17:22:15.749: W/System.err(12460): at javax.media.opengl.GLProfile.initProfilesForDevice(GLProfile.java:1698)
10-28 17:22:15.749: W/System.err(12460): at javax.media.opengl.GLProfile.initProfilesForDefaultDevices(GLProfile.java:1666)
10-28 17:22:15.749: W/System.err(12460): at javax.media.opengl.GLProfile.access$100(GLProfile.java:76)
10-28 17:22:15.749: W/System.err(12460): at javax.media.opengl.GLProfile$1.run(GLProfile.java:155)
10-28 17:22:15.749: W/System.err(12460): at java.security.AccessController.doPrivileged(AccessController.java:45)
10-28 17:22:15.749: W/System.err(12460): at javax.media.opengl.GLProfile.initSingleton(GLProfile.java:123)
10-28 17:22:15.749: W/System.err(12460): at javax.media.opengl.GLProfile.getProfileMap(GLProfile.java:2063)
10-28 17:22:15.749: W/System.err(12460): at javax.media.opengl.GLProfile.get(GLProfile.java:906)
10-28 17:22:15.749: W/System.err(12460): at javax.media.opengl.GLProfile.getGL2ES2(GLProfile.java:827)
10-28 17:22:15.749: W/System.err(12460): at com.daysofwonder.tt.android.TTActivity.getGLProfile(TTActivity.java:450)
10-28 17:22:15.749: W/System.err(12460): at com.daysofwonder.tt.android.TTActivity.onCreate(TTActivity.java:197)
10-28 17:22:15.749: W/System.err(12460): at android.app.Activity.performCreate(Activity.java:5008)
10-28 17:22:15.749: W/System.err(12460): at android.app.Instrumentation.callActivityOnCreate(Instrumentation.java:1079)
10-28 17:22:15.749: W/System.err(12460): at android.app.ActivityThread.performLaunchActivity(ActivityThread.java:2034)
10-28 17:22:15.749: W/System.err(12460): at android.app.ActivityThread.handleLaunchActivity(ActivityThread.java:2095)
10-28 17:22:15.749: W/System.err(12460): at android.app.ActivityThread.access$600(ActivityThread.java:137)
10-28 17:22:15.749: W/System.err(12460): at android.app.ActivityThread$H.handleMessage(ActivityThread.java:1206)
10-28 17:22:15.749: W/System.err(12460): at android.os.Handler.dispatchMessage(Handler.java:99)
10-28 17:22:15.749: W/System.err(12460): at android.os.Looper.loop(Looper.java:213)
10-28 17:22:15.749: W/System.err(12460): at android.app.ActivityThread.main(ActivityThread.java:4791)
10-28 17:22:15.749: W/System.err(12460): at java.lang.reflect.Method.invokeNative(Native Method)
10-28 17:22:15.749: W/System.err(12460): at java.lang.reflect.Method.invoke(Method.java:511)
10-28 17:22:15.749: W/System.err(12460): at com.android.internal.os.ZygoteInit$MethodAndArgsCaller.run(ZygoteInit.java:789)
10-28 17:22:15.749: W/System.err(12460): at com.android.internal.os.ZygoteInit.main(ZygoteInit.java:556)
10-28 17:22:15.749: W/System.err(12460): at dalvik.system.NativeStart.main(Native Method)
10-28 17:22:15.749: W/System.err(12460): main: EGLUpstreamSurfaceHook.create( up WrappedSurface -> this EGLWrappedSurface ): EGLUpstreamSurfaceHook[ 64x64, jogamp.nativewindow.WrappedSurface: 0x687d1c28]
10-28 17:22:15.749: W/System.err(12460): main: EGLUpstreamSurfaceHook.create( up WrappedSurface -> this EGLWrappedSurface ): SurfaceDevice: EGLGraphicsDevice, hash 0x4304eb38, EGLGraphicsDevice[type .egl, connection decon, unitID 0, handle 0x1, owner true, NullToolkitLock[]]
10-28 17:22:15.749: W/System.err(12460): main: EGLUpstreamSurfaceHook.create( up WrappedSurface -> this EGLWrappedSurface ): SurfaceConfig: EGLGraphicsConfiguration, hash 0x42580518, EGLGraphicsConfiguration[DefaultGraphicsScreen[EGLGraphicsDevice[type .egl, connection decon, unitID 0, handle 0x1, owner true, NullToolkitLock[]], idx 0],
10-28 17:22:15.749: W/System.err(12460): eglConfigHandle 0x2, eglConfigID 0x2,
10-28 17:22:15.749: W/System.err(12460): requested GLCaps[rgba 5/5/5/0, opaque, accum-rgba 0/0/0/0, dp/st/ms 16/0/0, one, mono , hw, GLProfile[GLES2/GLES2.sw], offscr[pbuffer]],
10-28 17:22:15.749: W/System.err(12460): chosen GLCaps[egl cfg 0x2, vid 0x4: rgba 5/6/5/0, opaque, accum-rgba 0/0/0/0, dp/st/ms 16/0/0, dbl, mono , hw, GLProfile[GLES2/GLES2.sw], offscr[pbuffer], [0x7: GLES1, GLES2, VG]]]
10-28 17:22:15.749: W/System.err(12460): main: EGLUpstreamSurfaceHook.create( up WrappedSurface -> this EGLWrappedSurface ): UpstreamDevice: EGLGraphicsDevice, hash 0x4304eb38, EGLGraphicsDevice[type .egl, connection decon, unitID 0, handle 0x1, owner true, NullToolkitLock[]]
10-28 17:22:15.749: W/System.err(12460): main: EGLUpstreamSurfaceHook.create( up WrappedSurface -> this EGLWrappedSurface ): UpstreamConfig: EGLGraphicsConfiguration, hash 0x42580518, EGLGraphicsConfiguration[DefaultGraphicsScreen[EGLGraphicsDevice[type .egl, connection decon, unitID 0, handle 0x1, owner true, NullToolkitLock[]], idx 0],
10-28 17:22:15.749: W/System.err(12460): eglConfigHandle 0x2, eglConfigID 0x2,
10-28 17:22:15.749: W/System.err(12460): requested GLCaps[rgba 5/5/5/0, opaque, accum-rgba 0/0/0/0, dp/st/ms 16/0/0, one, mono , hw, GLProfile[GLES2/GLES2.sw], offscr[pbuffer]],
10-28 17:22:15.749: W/System.err(12460): chosen GLCaps[egl cfg 0x2, vid 0x4: rgba 5/6/5/0, opaque, accum-rgba 0/0/0/0, dp/st/ms 16/0/0, dbl, mono , hw, GLProfile[GLES2/GLES2.sw], offscr[pbuffer], [0x7: GLES1, GLES2, VG]]]
10-28 17:22:15.749: W/System.err(12460): main: EGLUpstreamSurfaceHook.create( up WrappedSurface -> this EGLWrappedSurface ): Reusing this eglDevice: EGLGraphicsDevice[type .egl, connection decon, unitID 0, handle 0x1, owner true, NullToolkitLock[]], using this config EGLGraphicsConfiguration EGLGraphicsConfiguration[DefaultGraphicsScreen[EGLGraphicsDevice[type .egl, connection decon, unitID 0, handle 0x1, owner true, NullToolkitLock[]], idx 0],
10-28 17:22:15.749: W/System.err(12460): eglConfigHandle 0x2, eglConfigID 0x2,
10-28 17:22:15.749: W/System.err(12460): requested GLCaps[rgba 5/5/5/0, opaque, accum-rgba 0/0/0/0, dp/st/ms 16/0/0, one, mono , hw, GLProfile[GLES2/GLES2.sw], offscr[pbuffer]],
10-28 17:22:15.749: W/System.err(12460): chosen GLCaps[egl cfg 0x2, vid 0x4: rgba 5/6/5/0, opaque, accum-rgba 0/0/0/0, dp/st/ms 16/0/0, dbl, mono , hw, GLProfile[GLES2/GLES2.sw], offscr[pbuffer], [0x7: GLES1, GLES2, VG]]]
10-28 17:22:15.749: W/System.err(12460): main: EGLUpstreamSurfaceHook.create( up WrappedSurface -> this EGLWrappedSurface ): Reusing eglConfig: EGLGraphicsConfiguration[DefaultGraphicsScreen[EGLGraphicsDevice[type .egl, connection decon, unitID 0, handle 0x1, owner true, NullToolkitLock[]], idx 0],
10-28 17:22:15.749: W/System.err(12460): eglConfigHandle 0x2, eglConfigID 0x2,
10-28 17:22:15.749: W/System.err(12460): requested GLCaps[rgba 5/5/5/0, opaque, accum-rgba 0/0/0/0, dp/st/ms 16/0/0, one, mono , hw, GLProfile[GLES2/GLES2.sw], offscr[pbuffer]],
10-28 17:22:15.749: W/System.err(12460): chosen GLCaps[egl cfg 0x2, vid 0x4: rgba 5/6/5/0, opaque, accum-rgba 0/0/0/0, dp/st/ms 16/0/0, dbl, mono , hw, GLProfile[GLES2/GLES2.sw], offscr[pbuffer], [0x7: GLES1, GLES2, VG]]]
10-28 17:22:15.749: W/System.err(12460): main: EGLUpstreamSurfaceHook.create( up WrappedSurface -> this EGLWrappedSurface ): Fin: Already valid EGL surface - use as-is: WrappedSurface[ displayHandle 0x1
10-28 17:22:15.749: W/System.err(12460): , surfaceHandle 0x687d1c28
10-28 17:22:15.749: W/System.err(12460): , size 64x64
10-28 17:22:15.749: W/System.err(12460): , UOB[ OWNS_SURFACE | WINDOW_INVISIBLE ]
10-28 17:22:15.749: W/System.err(12460): , EGLGraphicsConfiguration[DefaultGraphicsScreen[EGLGraphicsDevice[type .egl, connection decon, unitID 0, handle 0x1, owner true, NullToolkitLock[]], idx 0],
10-28 17:22:15.749: W/System.err(12460): eglConfigHandle 0x2, eglConfigID 0x2,
10-28 17:22:15.749: W/System.err(12460): requested GLCaps[rgba 5/5/5/0, opaque, accum-rgba 0/0/0/0, dp/st/ms 16/0/0, one, mono , hw, GLProfile[GLES2/GLES2.sw], offscr[pbuffer]],
10-28 17:22:15.749: W/System.err(12460): chosen GLCaps[egl cfg 0x2, vid 0x4: rgba 5/6/5/0, opaque, accum-rgba 0/0/0/0, dp/st/ms 16/0/0, dbl, mono , hw, GLProfile[GLES2/GLES2.sw], offscr[pbuffer], [0x7: GLES1, GLES2, VG]]]
10-28 17:22:15.749: W/System.err(12460): , surfaceLock <42561e58, 42580568>[count 1, qsz 0, owner
]
10-28 17:22:15.749: W/System.err(12460): , EGLDummyUpstreamSurfaceHook[ 64x64]
10-28 17:22:15.749: W/System.err(12460): , upstreamSurface false ]
10-28 17:22:15.749: W/System.err(12460): main: EGLDrawable.setRealized(true): NOP - EGLWrappedSurface[ displayHandle 0x1
10-28 17:22:15.749: W/System.err(12460): , surfaceHandle 0x687d1c28
10-28 17:22:15.749: W/System.err(12460): , size 64x64
10-28 17:22:15.749: W/System.err(12460): , UOB[ ]
10-28 17:22:15.749: W/System.err(12460): , EGLGraphicsConfiguration[DefaultGraphicsScreen[EGLGraphicsDevice[type .egl, connection decon, unitID 0, handle 0x1, owner true, NullToolkitLock[]], idx 0],
10-28 17:22:15.749: W/System.err(12460): eglConfigHandle 0x2, eglConfigID 0x2,
10-28 17:22:15.749: W/System.err(12460): requested GLCaps[rgba 5/5/5/0, opaque, accum-rgba 0/0/0/0, dp/st/ms 16/0/0, one, mono , hw, GLProfile[GLES2/GLES2.sw], offscr[pbuffer]],
10-28 17:22:15.749: W/System.err(12460): chosen GLCaps[egl cfg 0x2, vid 0x4: rgba 5/6/5/0, opaque, accum-rgba 0/0/0/0, dp/st/ms 16/0/0, dbl, mono , hw, GLProfile[GLES2/GLES2.sw], offscr[pbuffer], [0x7: GLES1, GLES2, VG]]]
10-28 17:22:15.749: W/System.err(12460): , surfaceLock <43061c30, 43067f98>[count 1, qsz 0, owner
]
10-28 17:22:15.749: W/System.err(12460): , EGLUpstreamSurfaceHook[ 64x64, jogamp.nativewindow.WrappedSurface: 0x687d1c28]
10-28 17:22:15.749: W/System.err(12460): , upstreamSurface true ]
10-28 17:22:15.749: W/System.err(12460): main: createHandle of EGLWrappedSurface[ displayHandle 0x1
10-28 17:22:15.749: W/System.err(12460): , surfaceHandle 0x687d1c28
10-28 17:22:15.749: W/System.err(12460): , size 64x64
10-28 17:22:15.749: W/System.err(12460): , UOB[ ]
10-28 17:22:15.749: W/System.err(12460): , EGLGraphicsConfiguration[DefaultGraphicsScreen[EGLGraphicsDevice[type .egl, connection decon, unitID 0, handle 0x1, owner true, NullToolkitLock[]], idx 0],
10-28 17:22:15.749: W/System.err(12460): eglConfigHandle 0x2, eglConfigID 0x2,
10-28 17:22:15.749: W/System.err(12460): requested GLCaps[rgba 5/5/5/0, opaque, accum-rgba 0/0/0/0, dp/st/ms 16/0/0, one, mono , hw, GLProfile[GLES2/GLES2.sw], offscr[pbuffer]],
10-28 17:22:15.749: W/System.err(12460): chosen GLCaps[egl cfg 0x2, vid 0x4: rgba 5/6/5/0, opaque, accum-rgba 0/0/0/0, dp/st/ms 16/0/0, dbl, mono , hw, GLProfile[GLES2/GLES2.sw], offscr[pbuffer], [0x7: GLES1, GLES2, VG]]]
10-28 17:22:15.749: W/System.err(12460): , surfaceLock <43061c30, 43067f98>[count 1, qsz 0, owner
]
10-28 17:22:15.749: W/System.err(12460): , EGLUpstreamSurfaceHook[ 64x64, jogamp.nativewindow.WrappedSurface: 0x687d1c28]
10-28 17:22:15.749: W/System.err(12460): , upstreamSurface true ]
10-28 17:22:15.749: W/System.err(12460): main: GLContext.resetStates(isInit true)
10-28 17:22:15.759: W/System.err(12460): main: Created OpenGL context 0x697b2f78,
10-28 17:22:15.759: W/System.err(12460): write surface 0x687d1c28,
10-28 17:22:15.759: W/System.err(12460): read surface 0x687d1c28,
10-28 17:22:15.759: W/System.err(12460): EGLContext [Version null [GL 0.0.0 (n/a), vendor 0.0.0 (n/a)], options 0x0, this 0x42c996c8, handle 0x697b2f78, null,
10-28 17:22:15.759: W/System.err(12460): quirks: n/a,
10-28 17:22:15.759: W/System.err(12460): Drawable: jogamp.opengl.egl.EGLOnscreenDrawable[realized true,
10-28 17:22:15.759: W/System.err(12460): factory jogamp.opengl.egl.EGLDrawableFactory@43036640,
10-28 17:22:15.759: W/System.err(12460): surface EGLWrappedSurface[ displayHandle 0x1
10-28 17:22:15.759: W/System.err(12460): , surfaceHandle 0x687d1c28
10-28 17:22:15.759: W/System.err(12460): , size 64x64
10-28 17:22:15.759: W/System.err(12460): , UOB[ ]
10-28 17:22:15.759: W/System.err(12460): , EGLGraphicsConfiguration[DefaultGraphicsScreen[EGLGraphicsDevice[type .egl, connection decon, unitID 0, handle 0x1, owner true, NullToolkitLock[]], idx 0],
10-28 17:22:15.759: W/System.err(12460): eglConfigHandle 0x2, eglConfigID 0x2,
10-28 17:22:15.759: W/System.err(12460): requested GLCaps[rgba 5/5/5/0, opaque, accum-rgba 0/0/0/0, dp/st/ms 16/0/0, one, mono , hw, GLProfile[GLES2/GLES2.sw], offscr[pbuffer]],
10-28 17:22:15.759: W/System.err(12460): chosen GLCaps[egl cfg 0x2, vid 0x4: rgba 5/6/5/0, opaque, accum-rgba 0/0/0/0, dp/st/ms 16/0/0, dbl, mono , hw, GLProfile[GLES2/GLES2.sw], offscr[pbuffer], [0x7: GLES1, GLES2, VG]]]
10-28 17:22:15.759: W/System.err(12460): , surfaceLock <43061c30, 43067f98>[count 1, qsz 0, owner
]
10-28 17:22:15.759: W/System.err(12460): , EGLUpstreamSurfaceHook[ 64x64, jogamp.nativewindow.WrappedSurface: 0x687d1c28]
10-28 17:22:15.759: W/System.err(12460): , upstreamSurface true ],
10-28 17:22:15.759: W/System.err(12460): eglSurface 0x687d1c28,
10-28 17:22:15.759: W/System.err(12460): eglConfig EGLGraphicsConfiguration[DefaultGraphicsScreen[EGLGraphicsDevice[type .egl, connection decon, unitID 0, handle 0x1, owner true, NullToolkitLock[]], idx 0],
10-28 17:22:15.759: W/System.err(12460): eglConfigHandle 0x2, eglConfigID 0x2,
10-28 17:22:15.759: W/System.err(12460): requested GLCaps[rgba 5/5/5/0, opaque, accum-rgba 0/0/0/0, dp/st/ms 16/0/0, one, mono , hw, GLProfile[GLES2/GLES2.sw], offscr[pbuffer]],
10-28 17:22:15.759: W/System.err(12460): chosen GLCaps[egl cfg 0x2, vid 0x4: rgba 5/6/5/0, opaque, accum-rgba 0/0/0/0, dp/st/ms 16/0/0, dbl, mono , hw, GLProfile[GLES2/GLES2.sw], offscr[pbuffer], [0x7: GLES1, GLES2, VG]]],
10-28 17:22:15.759: W/System.err(12460): requested GLCaps[rgba 5/5/5/0, opaque, accum-rgba 0/0/0/0, dp/st/ms 16/0/0, one, mono , hw, GLProfile[GLES2/GLES2.sw], offscr[pbuffer]],
10-28 17:22:15.759: W/System.err(12460): chosen GLCaps[egl cfg 0x2, vid 0x4: rgba 5/6/5/0, opaque, accum-rgba 0/0/0/0, dp/st/ms 16/0/0, dbl, mono , hw, GLProfile[GLES2/GLES2.sw], offscr[pbuffer], [0x7: GLES1, GLES2, VG]]]] ,
10-28 17:22:15.759: W/System.err(12460): sharing with 0x0
10-28 17:22:15.769: W/System.err(12460): java.lang.Exception: Info: setGL (OpenGL null): main, -> GLES3Impl, jogamp.opengl.es3.GLES3Impl@42a31638
10-28 17:22:15.769: W/System.err(12460): at jogamp.opengl.GLContextImpl.setGL(GLContextImpl.java:286)
10-28 17:22:15.769: W/System.err(12460): at jogamp.opengl.GLContextImpl.setGLFunctionAvailability(GLContextImpl.java:1363)
10-28 17:22:15.769: W/System.err(12460): at jogamp.opengl.egl.EGLContext.createImpl(EGLContext.java:225)
10-28 17:22:15.769: W/System.err(12460): at jogamp.opengl.GLContextImpl.makeCurrentWithinLock(GLContextImpl.java:656)
10-28 17:22:15.769: W/System.err(12460): at jogamp.opengl.GLContextImpl.makeCurrent(GLContextImpl.java:562)
10-28 17:22:15.769: W/System.err(12460): at jogamp.opengl.GLContextImpl.makeCurrent(GLContextImpl.java:519)
10-28 17:22:15.769: W/System.err(12460): at jogamp.opengl.egl.EGLDrawableFactory.mapAvailableEGLESConfig(EGLDrawableFactory.java:482)
10-28 17:22:15.769: W/System.err(12460): at jogamp.opengl.egl.EGLDrawableFactory.createEGLSharedResourceImpl(EGLDrawableFactory.java:622)
10-28 17:22:15.769: W/System.err(12460): at jogamp.opengl.egl.EGLDrawableFactory.getOrCreateSharedResourceImpl(EGLDrawableFactory.java:574)
10-28 17:22:15.769: W/System.err(12460): at jogamp.opengl.egl.EGLDrawableFactory.getOrCreateSharedResourceImpl(EGLDrawableFactory.java:84)
10-28 17:22:15.769: W/System.err(12460): at jogamp.opengl.GLDrawableFactoryImpl.getOrCreateSharedResource(GLDrawableFactoryImpl.java:94)
10-28 17:22:15.769: W/System.err(12460): at jogamp.opengl.GLDrawableFactoryImpl.createSharedResourceImpl(GLDrawableFactoryImpl.java:123)
10-28 17:22:15.769: W/System.err(12460): at javax.media.opengl.GLDrawableFactory.createSharedResource(GLDrawableFactory.java:323)
10-28 17:22:15.769: W/System.err(12460): at javax.media.opengl.GLProfile.initProfilesForDeviceCritical(GLProfile.java:1765)
10-28 17:22:15.769: W/System.err(12460): at javax.media.opengl.GLProfile.initProfilesForDevice(GLProfile.java:1698)
10-28 17:22:15.769: W/System.err(12460): at javax.media.opengl.GLProfile.initProfilesForDefaultDevices(GLProfile.java:1666)
10-28 17:22:15.769: W/System.err(12460): at javax.media.opengl.GLProfile.access$100(GLProfile.java:76)
10-28 17:22:15.769: W/System.err(12460): at javax.media.opengl.GLProfile$1.run(GLProfile.java:155)
10-28 17:22:15.769: W/System.err(12460): at java.security.AccessController.doPrivileged(AccessController.java:45)
10-28 17:22:15.769: W/System.err(12460): at javax.media.opengl.GLProfile.initSingleton(GLProfile.java:123)
10-28 17:22:15.769: W/System.err(12460): at javax.media.opengl.GLProfile.getProfileMap(GLProfile.java:2063)
10-28 17:22:15.769: W/System.err(12460): at javax.media.opengl.GLProfile.get(GLProfile.java:906)
10-28 17:22:15.769: W/System.err(12460): at javax.media.opengl.GLProfile.getGL2ES2(GLProfile.java:827)
10-28 17:22:15.769: W/System.err(12460): at com.daysofwonder.tt.android.TTActivity.getGLProfile(TTActivity.java:450)
10-28 17:22:15.769: W/System.err(12460): at com.daysofwonder.tt.android.TTActivity.onCreate(TTActivity.java:197)
10-28 17:22:15.769: W/System.err(12460): at android.app.Activity.performCreate(Activity.java:5008)
10-28 17:22:15.769: W/System.err(12460): at android.app.Instrumentation.callActivityOnCreate(Instrumentation.java:1079)
10-28 17:22:15.769: W/System.err(12460): at android.app.ActivityThread.performLaunchActivity(ActivityThread.java:2034)
10-28 17:22:15.769: W/System.err(12460): at android.app.ActivityThread.handleLaunchActivity(ActivityThread.java:2095)
10-28 17:22:15.769: W/System.err(12460): at android.app.ActivityThread.access$600(ActivityThread.java:137)
10-28 17:22:15.769: W/System.err(12460): at android.app.ActivityThread$H.handleMessage(ActivityThread.java:1206)
10-28 17:22:15.769: W/System.err(12460): at android.os.Handler.dispatchMessage(Handler.java:99)
10-28 17:22:15.769: W/System.err(12460): at android.os.Looper.loop(Looper.java:213)
10-28 17:22:15.769: W/System.err(12460): at android.app.ActivityThread.main(ActivityThread.java:4791)
10-28 17:22:15.769: W/System.err(12460): at java.lang.reflect.Method.invokeNative(Native Method)
10-28 17:22:15.769: W/System.err(12460): at java.lang.reflect.Method.invoke(Method.java:511)
10-28 17:22:15.769: W/System.err(12460): at com.android.internal.os.ZygoteInit$MethodAndArgsCaller.run(ZygoteInit.java:789)
10-28 17:22:15.769: W/System.err(12460): at com.android.internal.os.ZygoteInit.main(ZygoteInit.java:556)
10-28 17:22:15.769: W/System.err(12460): at dalvik.system.NativeStart.main(Native Method)
10-28 17:22:15.769: W/System.err(12460): main: Initializing EGLextension address table: EGL-.egl_decon_0
10-28 17:22:15.769: W/System.err(12460): main: GLContext EGL ProcAddressTable reusing key(EGL-.egl_decon_0) -> 0x4302fc60
10-28 17:22:15.769: W/System.err(12460): main: GLContext.setGLFuncAvail: Given EGLGraphicsDevice[type .egl, connection decon, unitID 0, handle 0x1, owner true, NullToolkitLock[]] - 2.0 (ES profile, hardware) - OpenGL ES 2.0 V@6.0 AU@04.01.02.44.002 (CL@2778170)
10-28 17:22:15.769: W/System.err(12460): main: GLContext.setGLFuncAvail: Pre version verification - expected 2.0 (ES profile, hardware), strictMatch false
10-28 17:22:15.769: W/System.err(12460): main: GLContext.setGLFuncAvail: Version verification (Int): OpenGL ES 2.0 V@6.0 AU@04.01.02.44.002 (CL@2778170), 3.0
10-28 17:22:15.769: W/System.err(12460): main: GLContext.setGLFuncAvail: Post version verification req 2.0 (ES profile, hardware) -> has 3.0 (ES profile, hardware), strictMatch false, versionValidated true, versionGL3IntFailed false
10-28 17:22:15.769: W/System.err(12460): Quirks local: []
10-28 17:22:15.769: W/System.err(12460): Quirks sticky on EGLGraphicsDevice[type .egl, connection decon, unitID 0, handle 0x1, owner true, NullToolkitLock[]]: []
10-28 17:22:15.769: W/System.err(12460): main: GLContext.setGLFuncAvail.0 validated FQN: .egl_decon_0-0x3000008 - 3.0 (ES profile, hardware) - OpenGL ES 2.0 V@6.0 AU@04.01.02.44.002 (CL@2778170)
10-28 17:22:15.769: W/System.err(12460): main: GLContext.ContextSwitch[makeCurrent.1]: Context lock.unlock() due to error, res CONTEXT_NOT_CURRENT, <42a41710, 42c99770>[count 1, qsz 0, owner
]
10-28 17:22:15.769: W/System.err(12460): main: GLContextImpl.destroy.0: obj 0x42c996c8, ctx 0x697b2f78, surf 0x687d1c28, isShared false - <42a41710, 42c99770>[count 0, qsz 0, owner ]
10-28 17:22:15.769: W/System.err(12460): main: GLContext.resetStates(isInit false)
10-28 17:22:15.769: W/System.err(12460): main: GLContextImpl.destroy.X: obj 0x42c996c8, ctx 0x0, isShared false - <42a41710, 42c99770>[count 0, qsz 0, owner ]
10-28 17:22:15.769: W/System.err(12460): Catched Exception on thread main
10-28 17:22:15.769: W/System.err(12460): java.lang.InternalError: GLContext GL ProcAddressTable mapped key(.egl_decon_0-0x3000008 - 3.0 (ES profile, hardware)) -> jogamp.opengl.es1.GLES1ProcAddressTable not matching jogamp.opengl.es3.GLES3
10-28 17:22:15.769: W/System.err(12460): at jogamp.opengl.GLContextImpl.setGLFunctionAvailability(GLContextImpl.java:1508)
10-28 17:22:15.769: W/System.err(12460): at jogamp.opengl.egl.EGLContext.createImpl(EGLContext.java:225)
10-28 17:22:15.769: W/System.err(12460): at jogamp.opengl.GLContextImpl.makeCurrentWithinLock(GLContextImpl.java:656)
10-28 17:22:15.769: W/System.err(12460): at jogamp.opengl.GLContextImpl.makeCurrent(GLContextImpl.java:562)
10-28 17:22:15.769: W/System.err(12460): at jogamp.opengl.GLContextImpl.makeCurrent(GLContextImpl.java:519)
10-28 17:22:15.769: W/System.err(12460): at jogamp.opengl.egl.EGLDrawableFactory.mapAvailableEGLESConfig(EGLDrawableFactory.java:482)
10-28 17:22:15.769: W/System.err(12460): at jogamp.opengl.egl.EGLDrawableFactory.createEGLSharedResourceImpl(EGLDrawableFactory.java:622)
10-28 17:22:15.769: W/System.err(12460): at jogamp.opengl.egl.EGLDrawableFactory.getOrCreateSharedResourceImpl(EGLDrawableFactory.java:574)
10-28 17:22:15.769: W/System.err(12460): at jogamp.opengl.egl.EGLDrawableFactory.getOrCreateSharedResourceImpl(EGLDrawableFactory.java:84)
10-28 17:22:15.769: W/System.err(12460): at jogamp.opengl.GLDrawableFactoryImpl.getOrCreateSharedResource(GLDrawableFactoryImpl.java:94)
10-28 17:22:15.769: W/System.err(12460): at jogamp.opengl.GLDrawableFactoryImpl.createSharedResourceImpl(GLDrawableFactoryImpl.java:123)
10-28 17:22:15.769: W/System.err(12460): at javax.media.opengl.GLDrawableFactory.createSharedResource(GLDrawableFactory.java:323)
10-28 17:22:15.769: W/System.err(12460): at javax.media.opengl.GLProfile.initProfilesForDeviceCritical(GLProfile.java:1765)
10-28 17:22:15.769: W/System.err(12460): at javax.media.opengl.GLProfile.initProfilesForDevice(GLProfile.java:1698)
10-28 17:22:15.769: W/System.err(12460): at javax.media.opengl.GLProfile.initProfilesForDefaultDevices(GLProfile.java:1666)
10-28 17:22:15.769: W/System.err(12460): at javax.media.opengl.GLProfile.access$100(GLProfile.java:76)
10-28 17:22:15.769: W/System.err(12460): at javax.media.opengl.GLProfile$1.run(GLProfile.java:155)
10-28 17:22:15.769: W/System.err(12460): at java.security.AccessController.doPrivileged(AccessController.java:45)
10-28 17:22:15.769: W/System.err(12460): at javax.media.opengl.GLProfile.initSingleton(GLProfile.java:123)
10-28 17:22:15.769: W/System.err(12460): at javax.media.opengl.GLProfile.getProfileMap(GLProfile.java:2063)
10-28 17:22:15.769: W/System.err(12460): at javax.media.opengl.GLProfile.get(GLProfile.java:906)
10-28 17:22:15.769: W/System.err(12460): at javax.media.opengl.GLProfile.getGL2ES2(GLProfile.java:827)
10-28 17:22:15.769: W/System.err(12460): at com.daysofwonder.tt.android.TTActivity.getGLProfile(TTActivity.java:450)
10-28 17:22:15.769: W/System.err(12460): at com.daysofwonder.tt.android.TTActivity.onCreate(TTActivity.java:197)
10-28 17:22:15.769: W/System.err(12460): at android.app.Activity.performCreate(Activity.java:5008)
10-28 17:22:15.769: W/System.err(12460): at android.app.Instrumentation.callActivityOnCreate(Instrumentation.java:1079)
10-28 17:22:15.769: W/System.err(12460): at android.app.ActivityThread.performLaunchActivity(ActivityThread.java:2034)
10-28 17:22:15.769: W/System.err(12460): at android.app.ActivityThread.handleLaunchActivity(ActivityThread.java:2095)
10-28 17:22:15.769: W/System.err(12460): at android.app.ActivityThread.access$600(ActivityThread.java:137)
10-28 17:22:15.769: W/System.err(12460): at android.app.ActivityThread$H.handleMessage(ActivityThread.java:1206)
10-28 17:22:15.769: W/System.err(12460): at android.os.Handler.dispatchMessage(Handler.java:99)
10-28 17:22:15.769: W/System.err(12460): at android.os.Looper.loop(Looper.java:213)
10-28 17:22:15.769: W/System.err(12460): at android.app.ActivityThread.main(ActivityThread.java:4791)
10-28 17:22:15.769: W/System.err(12460): at java.lang.reflect.Method.invokeNative(Native Method)
10-28 17:22:15.769: W/System.err(12460): at java.lang.reflect.Method.invoke(Method.java:511)
10-28 17:22:15.769: W/System.err(12460): at com.android.internal.os.ZygoteInit$MethodAndArgsCaller.run(ZygoteInit.java:789)
10-28 17:22:15.769: W/System.err(12460): at com.android.internal.os.ZygoteInit.main(ZygoteInit.java:556)
10-28 17:22:15.769: W/System.err(12460): at dalvik.system.NativeStart.main(Native Method)
10-28 17:22:15.769: W/System.err(12460): main: createContextARB: SET mappedVersionsAvailableSet .egl_decon_0
10-28 17:22:15.779: W/System.err(12460): EGLDrawableFactory.createShared: devices: queried nativeTK false, adevice EGLGraphicsDevice[type .egl, connection decon, unitID 0, handle 0x1, owner true, NullToolkitLock[]], defaultDevice EGLGraphicsDevice[type .egl, connection decon, unitID 0, handle 0x1, owner true, NullToolkitLock[]]
10-28 17:22:15.779: W/System.err(12460): EGLDrawableFactory.createShared: context ES1: false, hasPBuffer true
10-28 17:22:15.779: W/System.err(12460): EGLDrawableFactory.createShared: context ES2: false, hasPBuffer true
10-28 17:22:15.779: W/System.err(12460): EGLDrawableFactory.createShared: context ES3: false, hasPBuffer true
10-28 17:22:15.779: W/System.err(12460): EGLDrawableFactory.map 1
10-28 17:22:15.779: W/System.err(12460): EGLDrawableFactory.map[0] .egl_decon_0 -> EGLGraphicsDevice[type .egl, connection decon, unitID 0, handle 0x1, owner true, NullToolkitLock[]], es1 [avail false, pbuffer true, quirks null, ctp 1.0 (ES profile, Compat profile, Core profile, forward, arb, debug, ES2 compat, ES3 compat, FBO, FP32 compat, software)], es2/3 [es2 false, es3 false, [pbuffer true, quirks null, ctp 2.0 (ES profile, Compat profile, Core profile, forward, arb, debug, ES2 compat, ES3 compat, FBO, FP32 compat, software)]]
10-28 17:22:15.779: W/System.err(12460): GLProfile.initProfilesForDevice: EGLGraphicsDevice[type .egl, connection decon, unitID 0, handle 0x1, owner true, NullToolkitLock[]]: egl Shared Ctx false
10-28 17:22:15.779: W/System.err(12460): GLProfile.init map decon, desktopCtxUndef false, esCtxUndef false
10-28 17:22:15.779: W/System.err(12460): GLProfile.init map *** no mapping for GL4bc on device decon
10-28 17:22:15.779: W/System.err(12460): GLProfile.init map *** no mapping for GL3bc on device decon
10-28 17:22:15.779: W/System.err(12460): GLProfile.init map *** no mapping for GL2 on device decon
10-28 17:22:15.779: W/System.err(12460): GLProfile.init map *** no mapping for GL4 on device decon
10-28 17:22:15.779: W/System.err(12460): GLProfile.init map *** no mapping for GL3 on device decon
10-28 17:22:15.779: W/System.err(12460): GLProfile.init map *** no mapping for GLES3 on device decon
10-28 17:22:15.779: W/System.err(12460): GLProfile.init map *** no mapping for GL4ES3 on device decon
10-28 17:22:15.779: W/System.err(12460): GLProfile.init map *** no mapping for GL2GL3 on device decon
10-28 17:22:15.779: W/System.err(12460): GLProfile.init map *** no mapping for GLES2 on device decon
10-28 17:22:15.779: W/System.err(12460): GLProfile.init map *** no mapping for GL2ES2 on device decon
10-28 17:22:15.779: W/System.err(12460): GLProfile.init map *** no mapping for GLES1 on device decon
10-28 17:22:15.779: W/System.err(12460): GLProfile.init map *** no mapping for GL2ES1 on device decon
10-28 17:22:15.779: W/System.err(12460): GLProfile: device could not be initialized: EGLGraphicsDevice[type .egl, connection decon, unitID 0, handle 0x1, owner true, NullToolkitLock[]]
10-28 17:22:15.779: W/System.err(12460): GLProfile: compatible w/ desktop: false, egl true
10-28 17:22:15.779: W/System.err(12460): GLProfile: desktoplFactory null
10-28 17:22:15.779: W/System.err(12460): GLProfile: eglFactory jogamp.opengl.egl.EGLDrawableFactory@43036640
10-28 17:22:15.779: W/System.err(12460): GLProfile: hasGLES1Impl false
10-28 17:22:15.779: W/System.err(12460): GLProfile: hasGLES3Impl false
10-28 17:22:15.779: W/System.err(12460): GLProfile.initProfilesForDevice: decon: added profile(s): desktop false, egl false
10-28 17:22:15.779: W/System.err(12460): GLProfile.initProfilesForDevice: decon: Natives[GL4bc false, GL4 false, GLES3 false, GL3bc false, GL3 false, GL2 false, GLES2 false, GLES1 false, count 0 / 8], Common[, GL4ES3 false, GL2GL3 false, GL2ES2 false, GL2ES1 false], Mappings[, default n/a, count 0 / 12]
10-28 17:22:15.779: W/System.err(12460): GLProfile.init addedAnyProfile false (desktop: false, egl false)
10-28 17:22:15.779: W/System.err(12460): GLProfile.init isAWTAvailable false
10-28 17:22:15.779: W/System.err(12460): GLProfile.init hasDesktopGLFactory false
10-28 17:22:15.779: W/System.err(12460): GLProfile.init hasGL234Impl false
10-28 17:22:15.779: W/System.err(12460): GLProfile.init hasEGLFactory false
10-28 17:22:15.779: W/System.err(12460): GLProfile.init hasGLES1Impl false
10-28 17:22:15.779: W/System.err(12460): GLProfile.init hasGLES3Impl false
10-28 17:22:15.779: W/System.err(12460): GLProfile.init defaultDevice EGLGraphicsDevice[type .egl, connection decon, unitID 0, handle 0x1, owner true, NullToolkitLock[]]
10-28 17:22:15.779: W/System.err(12460): GLProfile.init defaultDevice Desktop null
10-28 17:22:15.779: W/System.err(12460): GLProfile.init defaultDevice EGL EGLGraphicsDevice[type .egl, connection decon, unitID 0, handle 0x1, owner true, NullToolkitLock[]]
10-28 17:22:15.779: W/System.err(12460): GLProfile.init profile order [GL4bc, GL3bc, GL2, GL4, GL3, GLES3, GL4ES3, GL2GL3, GLES2, GL2ES2, GLES1, GL2ES1]
10-28 17:22:15.779: W/dalvikvm(12460): threadid=1: thread exiting with uncaught exception (group=0x40fe7450)
10-28 17:22:15.779: E/AndroidRuntime(12460): FATAL EXCEPTION: main
10-28 17:22:15.779: E/AndroidRuntime(12460): java.lang.RuntimeException: Unable to start activity ComponentInfo{com.daysofwonder.tt.android/com.daysofwonder.tt.android.TTActivity}: javax.media.opengl.GLException: Profile GL2ES2 is not available on null, but: []
10-28 17:22:15.779: E/AndroidRuntime(12460): at android.app.ActivityThread.performLaunchActivity(ActivityThread.java:2070)
10-28 17:22:15.779: E/AndroidRuntime(12460): at android.app.ActivityThread.handleLaunchActivity(ActivityThread.java:2095)
10-28 17:22:15.779: E/AndroidRuntime(12460): at android.app.ActivityThread.access$600(ActivityThread.java:137)
10-28 17:22:15.779: E/AndroidRuntime(12460): at android.app.ActivityThread$H.handleMessage(ActivityThread.java:1206)
10-28 17:22:15.779: E/AndroidRuntime(12460): at android.os.Handler.dispatchMessage(Handler.java:99)
10-28 17:22:15.779: E/AndroidRuntime(12460): at android.os.Looper.loop(Looper.java:213)
10-28 17:22:15.779: E/AndroidRuntime(12460): at android.app.ActivityThread.main(ActivityThread.java:4791)
10-28 17:22:15.779: E/AndroidRuntime(12460): at java.lang.reflect.Method.invokeNative(Native Method)
10-28 17:22:15.779: E/AndroidRuntime(12460): at java.lang.reflect.Method.invoke(Method.java:511)
10-28 17:22:15.779: E/AndroidRuntime(12460): at com.android.internal.os.ZygoteInit$MethodAndArgsCaller.run(ZygoteInit.java:789)
10-28 17:22:15.779: E/AndroidRuntime(12460): at com.android.internal.os.ZygoteInit.main(ZygoteInit.java:556)
10-28 17:22:15.779: E/AndroidRuntime(12460): at dalvik.system.NativeStart.main(Native Method)
10-28 17:22:15.779: E/AndroidRuntime(12460): Caused by: javax.media.opengl.GLException: Profile GL2ES2 is not available on null, but: []
10-28 17:22:15.779: E/AndroidRuntime(12460): at javax.media.opengl.GLProfile.get(GLProfile.java:909)
10-28 17:22:15.779: E/AndroidRuntime(12460): at javax.media.opengl.GLProfile.getGL2ES2(GLProfile.java:827)
10-28 17:22:15.779: E/AndroidRuntime(12460): at com.daysofwonder.tt.android.TTActivity.getGLProfile(TTActivity.java:450)
10-28 17:22:15.779: E/AndroidRuntime(12460): at com.daysofwonder.tt.android.TTActivity.onCreate(TTActivity.java:197)
10-28 17:22:15.779: E/AndroidRuntime(12460): at android.app.Activity.performCreate(Activity.java:5008)
10-28 17:22:15.779: E/AndroidRuntime(12460): at android.app.Instrumentation.callActivityOnCreate(Instrumentation.java:1079)
10-28 17:22:15.779: E/AndroidRuntime(12460): at android.app.ActivityThread.performLaunchActivity(ActivityThread.java:2034)
10-28 17:22:15.779: E/AndroidRuntime(12460): ... 11 more
10-28 17:22:15.779: W/ActivityManager(580): Force finishing activity com.daysofwonder.tt.android/.TTActivity
10-28 17:22:15.779: D/PowerManagerService(580): acquireWakeLock flags=0x1 tag=ActivityManager-Launch
10-28 17:22:16.279: W/ActivityManager(580): Activity pause timeout for ActivityRecord{424aac00 com.daysofwonder.tt.android/.TTActivity}
10-28 17:22:16.289: D/PowerManagerService(580): acquireWakeLock flags=0x1 tag=SCREEN_FROZEN
10-28 17:22:16.289: D/StatusBar.NetworkController(847): refreshViews: Data not connected!! Set no data type icon
10-28 17:22:16.319: I/ActivityManager(580): Config changed: {1.0 0mcc0mnc en_US sw360dp w360dp h567dp nrml port finger -keyb/v/h -nav/h skinPackage=com.sonyericsson.blackthemeblueaccent s.39}
10-28 17:22:16.349: I/Adreno200-C2D(2575): : C2D2 initializing a3xx version: libc2d2_a3xx.so
10-28 17:22:16.349: I/Adreno200-C2D(2575): : C2D2 wrapper initialized successfully
10-28 17:22:16.349: I/Adreno200-C2D(2575): : Allocate CMD Buffer Address 0x68bc5000 0x1009a000
10-28 17:22:16.510: D/ConnectivityService(580): getMobileDataEnabled returning true
10-28 17:22:16.540: D/dalvikvm(847): GC_CONCURRENT freed 5912K, 31% free 35620K/51143K, paused 19ms+6ms, total 53ms
10-28 17:22:16.550: D/StatusBar.NetworkController(847): refreshViews: Data not connected!! Set no data type icon
10-28 17:22:16.580: D/StateMachine(580): handleMessage: E msg.what=131155
10-28 17:22:16.580: D/StateMachine(580): processMsg: ConnectedState
10-28 17:22:16.580: D/WifiStateMachine(580): ConnectedState{ what=131155 when=-2ms arg1=24 }
10-28 17:22:16.580: D/StateMachine(580): processMsg: L2ConnectedState
10-28 17:22:16.580: D/WifiStateMachine(580): L2ConnectedState{ what=131155 when=-3ms arg1=24 }
10-28 17:22:16.580: D/StateMachine(580): handleMessage: X
10-28 17:22:16.580: D/dalvikvm(2575): GC_FOR_ALLOC freed 10423K, 38% free 32675K/52039K, paused 31ms, total 31ms
10-28 17:22:16.600: D/SizeAdaptiveLayout(847): com.android.internal.widget.SizeAdaptiveLayout@43bff080child view android.widget.NotificationFrameLayout@43b68130 measured out of bounds at 189px clamped to 192px
10-28 17:22:16.600: D/SizeAdaptiveLayout(847): com.android.internal.widget.SizeAdaptiveLayout@4291fa60child view android.widget.NotificationFrameLayout@424bf100 measured out of bounds at 189px clamped to 192px
10-28 17:22:16.600: D/SizeAdaptiveLayout(847): com.android.internal.widget.SizeAdaptiveLayout@42536cc8child view android.widget.LinearLayout@424c2fd0 measured out of bounds at 189px clamped to 192px
10-28 17:22:16.600: D/SizeAdaptiveLayout(847): com.android.internal.widget.SizeAdaptiveLayout@43b274a0child view android.widget.NotificationFrameLayout@42c2a680 measured out of bounds at 189px clamped to 192px
10-28 17:22:16.610: D/SizeAdaptiveLayout(847): com.android.internal.widget.SizeAdaptiveLayout@43bff080child view android.widget.NotificationFrameLayout@43b68130 measured out of bounds at 189px clamped to 192px
10-28 17:22:16.610: D/SizeAdaptiveLayout(847): com.android.internal.widget.SizeAdaptiveLayout@4291fa60child view android.widget.NotificationFrameLayout@424bf100 measured out of bounds at 189px clamped to 192px
10-28 17:22:16.620: D/SizeAdaptiveLayout(847): com.android.internal.widget.SizeAdaptiveLayout@42536cc8child view android.widget.LinearLayout@424c2fd0 measured out of bounds at 189px clamped to 192px
10-28 17:22:16.620: D/SizeAdaptiveLayout(847): com.android.internal.widget.SizeAdaptiveLayout@43b274a0child view android.widget.NotificationFrameLayout@42c2a680 measured out of bounds at 189px clamped to 192px
10-28 17:22:16.680: D/dalvikvm(2575): GC_CONCURRENT freed 4634K, 31% free 36101K/52039K, paused 14ms+6ms, total 52ms
10-28 17:22:16.700: D/PowerManagerService(580): releaseWakeLock flags=0x1 tag=SCREEN_FROZEN
10-28 17:22:16.780: D/ConnectivityService(580): getMobileDataEnabled returning true
10-28 17:22:16.790: D/ConnectivityService(580): getMobileDataEnabled returning true
10-28 17:22:16.830: D/PowerManagerService(580): releaseWakeLock flags=0x1 tag=ActivityManager-Launch
10-28 17:22:16.840: I/ActivityManager(580): No longer want com.google.android.apps.maps:LocationFriendService (pid 2206): hidden #51
10-28 17:22:17.300: D/ConnectivityService(580): getMobileDataEnabled returning true
10-28 17:22:17.611: D/PowerManagerService(580): acquireWakeLock flags=0x1 tag=AudioOut_3
10-28 17:22:17.631: W/InputMethodManagerService(580): Window already focused, ignoring focus gain of: com.android.internal.view.IInputMethodClient$Stub$Proxy@4276dab0 attribute=null
10-28 17:22:17.651: D/alsa_ucm(274): snd_use_case_set(): uc_mgr 0x418d9d48 identifier _enadev value xLoud Speaker
10-28 17:22:17.651: D/alsa_ucm(274): snd_use_case_set(): uc_mgr 0x418d9d48 identifier _verb value HiFi Lowlatency
10-28 17:22:17.651: D/alsa_ucm(274): Set mixer controls for xLoud Speaker enable 1
10-28 17:22:17.651: D/alsa_ucm(274): acdb_id 520 cap 1 enable 1
10-28 17:22:17.651: D/ACDB-LOADER(274): ACDB -> send_audio_cal, acdb_id = 520, path = 0
10-28 17:22:17.651: D/ACDB-LOADER(274): ACDB -> send_adm_topology
10-28 17:22:17.651: D/ACDB-LOADER(274): ACDB -> ACDB_CMD_GET_AUDPROC_COMMON_TOPOLOGY_ID
10-28 17:22:17.651: D/ACDB-LOADER(274): ACDB -> send_audtable
10-28 17:22:17.651: D/ACDB-LOADER(274): ACDB -> ACDB_CMD_GET_AUDPROC_COMMON_TABLE
10-28 17:22:17.651: D/ACDB-LOADER(274): ACDB -> AUDIO_SET_AUDPROC_CAL
10-28 17:22:17.651: D/ACDB-LOADER(274): ACDB -> send_audvoltable
10-28 17:22:17.651: D/ACDB-LOADER(274): ACDB -> ACDB_CMD_GET_AUDPROC_GAIN_DEP_VOLTBL_STEP_COPP
10-28 17:22:17.651: D/ACDB-LOADER(274): ACDB -> AUDIO_SET_AUDPROC_VOL_CAL
10-28 17:22:17.651: D/ACDB-LOADER(274): ACDB -> AUDIO_SET_AFE_CAL
10-28 17:22:17.651: D/alsa_ucm(274): Setting mixer control: SLIM_0_RX Channels, value: Two
10-28 17:22:17.651: D/alsa_ucm(274): Setting mixer control: RX3 MIX1 INP1, value: RX1
10-28 17:22:17.651: D/alsa_ucm(274): Setting mixer control: RX3 MIX1 INP2, value: RX2
10-28 17:22:17.661: D/alsa_ucm(274): Setting mixer control: LINEOUT1 Volume, value: 100
10-28 17:22:17.661: D/alsa_ucm(274): Set mixer controls for HiFi Lowlatency enable 1
10-28 17:22:17.661: D/alsa_ucm(274): Setting mixer control: SLIMBUS_0_RX Audio Mixer MultiMedia5, value: 1
10-28 17:22:17.671: I/ActivityManager(580): Process com.daysofwonder.tt.android (pid 12460) has died.
10-28 17:22:17.811: D/ConnectivityService(580): getMobileDataEnabled returning true
10-28 17:22:18.291: D/StatusBar.NetworkController(847): refreshViews: Data not connected!! Set no data type icon
10-28 17:22:18.332: D/ConnectivityService(580): getMobileDataEnabled returning true
10-28 17:22:18.702: D/dalvikvm(580): WAIT_FOR_CONCURRENT_GC blocked 0ms
10-28 17:22:18.832: D/dalvikvm(580): GC_EXPLICIT freed 1029K, 30% free 31617K/44935K, paused 8ms+8ms, total 145ms
10-28 17:22:19.573: D/StateMachine(580): handleMessage: E msg.what=131155
10-28 17:22:19.573: D/StateMachine(580): processMsg: ConnectedState
10-28 17:22:19.573: D/WifiStateMachine(580): ConnectedState{ what=131155 when=-3ms arg1=24 }
10-28 17:22:19.573: D/StateMachine(580): processMsg: L2ConnectedState
10-28 17:22:19.573: D/WifiStateMachine(580): L2ConnectedState{ what=131155 when=-5ms arg1=24 }
10-28 17:22:19.583: D/StateMachine(580): handleMessage: X
10-28 17:22:19.893: D/PhoneInterfaceManager(960): Broadcasting intent ACTION_UNSOL_RESPONSE_OEM_HOOK_RAW
10-28 17:22:19.893: D/PowerManagerService(580): acquireWakeLock flags=0x1 tag=RILJ
10-28 17:22:19.893: D/PowerManagerService(580): acquireWakeLock flags=0x1 tag=RILJ
10-28 17:22:19.893: D/PowerManagerService(580): acquireWakeLock flags=0x1 tag=RILJ
10-28 17:22:19.893: D/PowerManagerService(580): acquireWakeLock flags=0x1 tag=RILJ
10-28 17:22:19.923: D/PowerManagerService(580): releaseWakeLock flags=0x1 tag=RILJ
10-28 17:22:20.294: D/StatusBar.NetworkController(847): refreshViews: Data not connected!! Set no data type icon
10-28 17:22:20.834: E/ALSADevice(274): standby handle h 0x423a5c18
10-28 17:22:20.884: D/alsa_ucm(274): snd_use_case_set(): uc_mgr 0x418d9d48 identifier _verb value Inactive
10-28 17:22:20.884: D/alsa_ucm(274): Set mixer controls for HiFi Lowlatency enable 0
10-28 17:22:20.884: D/alsa_ucm(274): Setting mixer control: SLIMBUS_0_RX Audio Mixer MultiMedia5, value: 0
10-28 17:22:20.884: E/ALSADevice(274): Number of modifiers 0
10-28 17:22:20.884: E/ALSADevice(274): usecase_type is 0
10-28 17:22:20.884: D/alsa_ucm(274): snd_use_case_set(): uc_mgr 0x418d9d48 identifier _disdev value xLoud Speaker
10-28 17:22:20.884: D/alsa_ucm(274): Set mixer controls for xLoud Speaker enable 0
10-28 17:22:20.884: D/alsa_ucm(274): Setting mixer control: RX3 MIX1 INP1, value: ZERO
10-28 17:22:20.884: D/alsa_ucm(274): Setting mixer control: RX3 MIX1 INP2, value: ZERO
10-28 17:22:20.884: D/alsa_ucm(274): Setting mixer control: LINEOUT1 Volume, value: 0
10-28 17:22:20.884: D/PowerManagerService(580): releaseWakeLock flags=0x1 tag=AudioOut_3
10-28 17:22:21.295: D/StatusBar.NetworkController(847): refreshViews: Data not connected!! Set no data type icon
10-28 17:22:22.586: D/StateMachine(580): handleMessage: E msg.what=131155
10-28 17:22:22.586: D/StateMachine(580): processMsg: ConnectedState
10-28 17:22:22.596: D/WifiStateMachine(580): ConnectedState{ what=131155 when=-4ms arg1=24 }
10-28 17:22:22.596: D/StateMachine(580): processMsg: L2ConnectedState
10-28 17:22:22.596: D/WifiStateMachine(580): L2ConnectedState{ what=131155 when=-8ms arg1=24 }
10-28 17:22:22.606: D/StateMachine(580): handleMessage: X
10-28 17:22:23.297: D/StatusBar.NetworkController(847): refreshViews: Data not connected!! Set no data type icon
10-28 17:22:25.309: D/StatusBar.NetworkController(847): refreshViews: Data not connected!! Set no data type icon
10-28 17:22:25.609: D/StateMachine(580): handleMessage: E msg.what=131155
10-28 17:22:25.609: D/StateMachine(580): processMsg: ConnectedState
10-28 17:22:25.609: D/WifiStateMachine(580): ConnectedState{ what=131155 when=-4ms arg1=24 }
10-28 17:22:25.609: D/StateMachine(580): processMsg: L2ConnectedState
10-28 17:22:25.619: D/WifiStateMachine(580): L2ConnectedState{ what=131155 when=-5ms arg1=24 }
10-28 17:22:25.619: D/StateMachine(580): handleMessage: X
10-28 17:22:26.831: W/ActivityManager(580): Activity destroy timeout for ActivityRecord{42490ad8 com.daysofwonder.tt.android/.StartActivity}
10-28 17:22:26.831: W/ActivityManager(580): Activity destroy timeout for ActivityRecord{424aac00 com.daysofwonder.tt.android/.TTActivity}
10-28 17:22:27.061: D/PowerManagerService(580): acquireWakeLock flags=0x1 tag=AlarmManager
10-28 17:22:27.071: D/PowerManagerService(580): releaseWakeLock flags=0x1 tag=AlarmManager
10-28 17:22:27.281: D/Finsky(2622): [1] 5.onFinished: Installation state replication succeeded.
10-28 17:22:28.302: D/StatusBar.NetworkController(847): refreshViews: Data not connected!! Set no data type icon
10-28 17:22:28.622: D/StateMachine(580): handleMessage: E msg.what=131155
10-28 17:22:28.622: D/StateMachine(580): processMsg: ConnectedState
10-28 17:22:28.622: D/WifiStateMachine(580): ConnectedState{ what=131155 when=-3ms arg1=24 }
10-28 17:22:28.622: D/StateMachine(580): processMsg: L2ConnectedState
10-28 17:22:28.622: D/WifiStateMachine(580): L2ConnectedState{ what=131155 when=-5ms arg1=24 }
10-28 17:22:28.633: D/StateMachine(580): handleMessage: X
10-28 17:22:29.303: D/StatusBar.NetworkController(847): refreshViews: Data not connected!! Set no data type icon
10-28 17:22:30.314: D/StatusBar.NetworkController(847): refreshViews: Data not connected!! Set no data type icon
10-28 17:22:31.315: D/StatusBar.NetworkController(847): refreshViews: Data not connected!! Set no data type icon
10-28 17:22:31.636: D/StateMachine(580): handleMessage: E msg.what=131155
10-28 17:22:31.636: D/StateMachine(580): processMsg: ConnectedState
10-28 17:22:31.636: D/WifiStateMachine(580): ConnectedState{ what=131155 when=-3ms arg1=24 }
10-28 17:22:31.636: D/StateMachine(580): processMsg: L2ConnectedState
10-28 17:22:31.646: D/WifiStateMachine(580): L2ConnectedState{ what=131155 when=-7ms arg1=24 }
10-28 17:22:31.656: D/StateMachine(580): handleMessage: X
10-28 17:22:32.126: I/CNE_DEBUG(580): CNE received action: android.intent.action.BATTERY_CHANGED
10-28 17:22:32.126: I/CNE_DEBUG(580): UpdateBatteryStatus status=5 pluginType=2 level=100
10-28 17:22:33.187: D/PhoneInterfaceManager(960): Broadcasting intent ACTION_UNSOL_RESPONSE_OEM_HOOK_RAW
10-28 17:22:33.187: D/PowerManagerService(580): acquireWakeLock flags=0x1 tag=RILJ
10-28 17:22:33.187: D/PowerManagerService(580): acquireWakeLock flags=0x1 tag=RILJ
10-28 17:22:33.197: D/PowerManagerService(580): acquireWakeLock flags=0x1 tag=RILJ
10-28 17:22:33.197: D/PowerManagerService(580): acquireWakeLock flags=0x1 tag=RILJ
10-28 17:22:33.217: D/PowerManagerService(580): releaseWakeLock flags=0x1 tag=RILJ
10-28 17:22:34.329: D/StatusBar.NetworkController(847): refreshViews: Data not connected!! Set no data type icon
10-28 17:22:34.659: D/StateMachine(580): handleMessage: E msg.what=131155
10-28 17:22:34.659: D/StateMachine(580): processMsg: ConnectedState
10-28 17:22:34.659: D/WifiStateMachine(580): ConnectedState{ what=131155 when=-4ms arg1=24 }
10-28 17:22:34.659: D/StateMachine(580): processMsg: L2ConnectedState
10-28 17:22:34.659: D/WifiStateMachine(580): L2ConnectedState{ what=131155 when=-6ms arg1=24 }
10-28 17:22:34.669: D/StateMachine(580): handleMessage: X
10-28 17:22:35.330: D/StatusBar.NetworkController(847): refreshViews: Data not connected!! Set no data type icon
10-28 17:22:37.332: D/StatusBar.NetworkController(847): refreshViews: Data not connected!! Set no data type icon
10-28 17:22:37.662: D/StateMachine(580): handleMessage: E msg.what=131155
10-28 17:22:37.662: D/StateMachine(580): processMsg: ConnectedState
10-28 17:22:37.662: D/WifiStateMachine(580): ConnectedState{ what=131155 when=-4ms arg1=24 }
10-28 17:22:37.662: D/StateMachine(580): processMsg: L2ConnectedState
10-28 17:22:37.662: D/WifiStateMachine(580): L2ConnectedState{ what=131155 when=-5ms arg1=24 }
10-28 17:22:37.672: D/StateMachine(580): handleMessage: X
10-28 17:22:38.323: D/StatusBar.NetworkController(847): refreshViews: Data not connected!! Set no data type icon
