10-28 17:22:39.324: D/StatusBar.NetworkController(847): refreshViews: Data not connected!! Set no data type icon
10-28 17:22:40.685: D/StateMachine(580): handleMessage: E msg.what=131155
10-28 17:22:40.685: D/StateMachine(580): processMsg: ConnectedState
10-28 17:22:40.685: D/WifiStateMachine(580): ConnectedState{ what=131155 when=-4ms arg1=24 }
10-28 17:22:40.685: D/StateMachine(580): processMsg: L2ConnectedState
10-28 17:22:40.685: D/WifiStateMachine(580): L2ConnectedState{ what=131155 when=-8ms arg1=24 }
10-28 17:22:40.695: D/StateMachine(580): handleMessage: X
10-28 17:22:42.337: D/StatusBar.NetworkController(847): refreshViews: Data not connected!! Set no data type icon
10-28 17:22:43.338: D/StatusBar.NetworkController(847): refreshViews: Data not connected!! Set no data type icon
10-28 17:22:43.699: D/StateMachine(580): handleMessage: E msg.what=131155
10-28 17:22:43.699: D/StateMachine(580): processMsg: ConnectedState
10-28 17:22:43.709: D/WifiStateMachine(580): ConnectedState{ what=131155 when=-4ms arg1=24 }
10-28 17:22:43.709: D/StateMachine(580): processMsg: L2ConnectedState
10-28 17:22:43.709: D/WifiStateMachine(580): L2ConnectedState{ what=131155 when=-5ms arg1=24 }
10-28 17:22:43.719: D/StateMachine(580): handleMessage: X
10-28 17:22:45.340: D/StatusBar.NetworkController(847): refreshViews: Data not connected!! Set no data type icon
10-28 17:22:46.351: D/StatusBar.NetworkController(847): refreshViews: Data not connected!! Set no data type icon
10-28 17:22:46.722: D/StateMachine(580): handleMessage: E msg.what=131155
10-28 17:22:46.722: D/StateMachine(580): processMsg: ConnectedState
10-28 17:22:46.722: D/WifiStateMachine(580): ConnectedState{ what=131155 when=-4ms arg1=24 }
10-28 17:22:46.722: D/StateMachine(580): processMsg: L2ConnectedState
10-28 17:22:46.722: D/WifiStateMachine(580): L2ConnectedState{ what=131155 when=-7ms arg1=24 }
10-28 17:22:46.732: D/StateMachine(580): handleMessage: X
10-28 17:22:47.342: D/StatusBar.NetworkController(847): refreshViews: Data not connected!! Set no data type icon
10-28 17:22:49.735: D/StateMachine(580): handleMessage: E msg.what=131155
10-28 17:22:49.735: D/StateMachine(580): processMsg: ConnectedState
10-28 17:22:49.735: D/WifiStateMachine(580): ConnectedState{ what=131155 when=-4ms arg1=24 }
10-28 17:22:49.735: D/StateMachine(580): processMsg: L2ConnectedState
10-28 17:22:49.735: D/WifiStateMachine(580): L2ConnectedState{ what=131155 when=-8ms arg1=24 }
10-28 17:22:49.745: D/StateMachine(580): handleMessage: X
10-28 17:22:50.346: D/StatusBar.NetworkController(847): refreshViews: Data not connected!! Set no data type icon
10-28 17:22:52.358: D/StatusBar.NetworkController(847): refreshViews: Data not connected!! Set no data type icon
10-28 17:22:52.748: D/StateMachine(580): handleMessage: E msg.what=131155
10-28 17:22:52.748: D/StateMachine(580): processMsg: ConnectedState
10-28 17:22:52.748: D/WifiStateMachine(580): ConnectedState{ what=131155 when=-4ms arg1=24 }
10-28 17:22:52.758: D/StateMachine(580): processMsg: L2ConnectedState
10-28 17:22:52.758: D/WifiStateMachine(580): L2ConnectedState{ what=131155 when=-6ms arg1=24 }
10-28 17:22:52.768: D/StateMachine(580): handleMessage: X
10-28 17:22:54.360: D/StatusBar.NetworkController(847): refreshViews: Data not connected!! Set no data type icon
10-28 17:22:55.371: D/StatusBar.NetworkController(847): refreshViews: Data not connected!! Set no data type icon
10-28 17:22:55.771: D/StateMachine(580): handleMessage: E msg.what=131155
10-28 17:22:55.771: D/StateMachine(580): processMsg: ConnectedState
10-28 17:22:55.771: D/WifiStateMachine(580): ConnectedState{ what=131155 when=-4ms arg1=24 }
10-28 17:22:55.771: D/StateMachine(580): processMsg: L2ConnectedState
10-28 17:22:55.771: D/WifiStateMachine(580): L2ConnectedState{ what=131155 when=-6ms arg1=24 }
10-28 17:22:55.781: D/StateMachine(580): handleMessage: X
10-28 17:22:58.775: D/StateMachine(580): handleMessage: E msg.what=131155
10-28 17:22:58.775: D/StateMachine(580): processMsg: ConnectedState
10-28 17:22:58.785: D/WifiStateMachine(580): ConnectedState{ what=131155 when=-4ms arg1=24 }
10-28 17:22:58.785: D/StateMachine(580): processMsg: L2ConnectedState
10-28 17:22:58.785: D/WifiStateMachine(580): L2ConnectedState{ what=131155 when=-6ms arg1=24 }
10-28 17:22:58.795: D/StateMachine(580): handleMessage: X
10-28 17:22:59.986: D/PowerManagerService(580): acquireWakeLock flags=0x1 tag=AlarmManager
10-28 17:23:00.046: D/PowerManagerService(580): releaseWakeLock flags=0x1 tag=AlarmManager
10-28 17:23:00.376: D/StatusBar.NetworkController(847): refreshViews: Data not connected!! Set no data type icon
10-28 17:23:01.798: D/StateMachine(580): handleMessage: E msg.what=131155
10-28 17:23:01.798: D/StateMachine(580): processMsg: ConnectedState
10-28 17:23:01.798: D/WifiStateMachine(580): ConnectedState{ what=131155 when=-5ms arg1=24 }
10-28 17:23:01.798: D/StateMachine(580): processMsg: L2ConnectedState
10-28 17:23:01.798: D/WifiStateMachine(580): L2ConnectedState{ what=131155 when=-7ms arg1=24 }
10-28 17:23:01.808: D/StateMachine(580): handleMessage: X
10-28 17:23:02.128: I/CNE_DEBUG(580): CNE received action: android.intent.action.BATTERY_CHANGED
10-28 17:23:02.138: I/CNE_DEBUG(580): UpdateBatteryStatus status=5 pluginType=2 level=100
10-28 17:23:02.379: D/StatusBar.NetworkController(847): refreshViews: Data not connected!! Set no data type icon
10-28 17:23:04.391: D/StatusBar.NetworkController(847): refreshViews: Data not connected!! Set no data type icon
10-28 17:23:04.821: D/StateMachine(580): handleMessage: E msg.what=131155
10-28 17:23:04.821: D/StateMachine(580): processMsg: ConnectedState
10-28 17:23:04.821: D/WifiStateMachine(580): ConnectedState{ what=131155 when=-2ms arg1=24 }
10-28 17:23:04.821: D/StateMachine(580): processMsg: L2ConnectedState
10-28 17:23:04.821: D/WifiStateMachine(580): L2ConnectedState{ what=131155 when=-7ms arg1=24 }
10-28 17:23:04.831: D/StateMachine(580): handleMessage: X
10-28 17:23:05.392: D/StatusBar.NetworkController(847): refreshViews: Data not connected!! Set no data type icon
10-28 17:23:06.393: D/StatusBar.NetworkController(847): refreshViews: Data not connected!! Set no data type icon
10-28 17:23:07.824: D/StateMachine(580): handleMessage: E msg.what=131155
10-28 17:23:07.834: D/StateMachine(580): processMsg: ConnectedState
10-28 17:23:07.834: D/WifiStateMachine(580): ConnectedState{ what=131155 when=-5ms arg1=24 }
10-28 17:23:07.834: D/StateMachine(580): processMsg: L2ConnectedState
10-28 17:23:07.834: D/WifiStateMachine(580): L2ConnectedState{ what=131155 when=-7ms arg1=24 }
10-28 17:23:07.844: D/StateMachine(580): handleMessage: X
10-28 17:23:08.235: D/StateMachine(580): handleMessage: E msg.what=147461
10-28 17:23:08.235: D/StateMachine(580): processMsg: ConnectedState
10-28 17:23:08.235: D/WifiStateMachine(580): ConnectedState{ what=147461 when=-5ms }
10-28 17:23:08.235: D/StateMachine(580): processMsg: L2ConnectedState
10-28 17:23:08.245: D/WifiStateMachine(580): L2ConnectedState{ what=147461 when=-8ms }
10-28 17:23:08.245: D/StateMachine(580): processMsg: ConnectModeState
10-28 17:23:08.245: D/WifiStateMachine(580): ConnectModeState{ what=147461 when=-11ms }
10-28 17:23:08.245: D/StateMachine(580): processMsg: DriverStartedState
10-28 17:23:08.245: D/WifiStateMachine(580): DriverStartedState{ what=147461 when=-15ms }
10-28 17:23:08.245: D/StateMachine(580): processMsg: SupplicantStartedState
10-28 17:23:08.245: D/WifiStateMachine(580): SupplicantStartedState{ what=147461 when=-18ms }
10-28 17:23:08.255: D/StateMachine(580): handleMessage: X
10-28 17:23:08.395: D/StatusBar.NetworkController(847): refreshViews: Data not connected!! Set no data type icon
10-28 17:23:10.397: D/StatusBar.NetworkController(847): refreshViews: Data not connected!! Set no data type icon
10-28 17:23:10.848: D/StateMachine(580): handleMessage: E msg.what=131155
10-28 17:23:10.848: D/StateMachine(580): processMsg: ConnectedState
10-28 17:23:10.848: D/WifiStateMachine(580): ConnectedState{ what=131155 when=-3ms arg1=24 }
10-28 17:23:10.848: D/StateMachine(580): processMsg: L2ConnectedState
10-28 17:23:10.858: D/WifiStateMachine(580): L2ConnectedState{ what=131155 when=-6ms arg1=24 }
10-28 17:23:10.888: D/StateMachine(580): handleMessage: X
10-28 17:23:11.398: D/StatusBar.NetworkController(847): refreshViews: Data not connected!! Set no data type icon
10-28 17:23:12.399: D/StatusBar.NetworkController(847): refreshViews: Data not connected!! Set no data type icon
10-28 17:23:13.891: D/StateMachine(580): handleMessage: E msg.what=131155
10-28 17:23:13.891: D/StateMachine(580): processMsg: ConnectedState
10-28 17:23:13.891: D/WifiStateMachine(580): ConnectedState{ what=131155 when=-4ms arg1=24 }
10-28 17:23:13.891: D/StateMachine(580): processMsg: L2ConnectedState
10-28 17:23:13.901: D/WifiStateMachine(580): L2ConnectedState{ what=131155 when=-9ms arg1=24 }
10-28 17:23:13.911: D/StateMachine(580): handleMessage: X
10-28 17:23:14.411: D/StatusBar.NetworkController(847): refreshViews: Data not connected!! Set no data type icon
10-28 17:23:15.402: D/StatusBar.NetworkController(847): refreshViews: Data not connected!! Set no data type icon
10-28 17:23:16.403: D/StatusBar.NetworkController(847): refreshViews: Data not connected!! Set no data type icon
10-28 17:23:16.904: D/StateMachine(580): handleMessage: E msg.what=131155
10-28 17:23:16.904: D/StateMachine(580): processMsg: ConnectedState
10-28 17:23:16.904: D/WifiStateMachine(580): ConnectedState{ what=131155 when=-2ms arg1=24 }
10-28 17:23:16.914: D/StateMachine(580): processMsg: L2ConnectedState
10-28 17:23:16.914: D/WifiStateMachine(580): L2ConnectedState{ what=131155 when=-7ms arg1=24 }
10-28 17:23:16.924: D/StateMachine(580): handleMessage: X
10-28 17:23:17.405: D/StatusBar.NetworkController(847): refreshViews: Data not connected!! Set no data type icon
10-28 17:23:18.406: D/StatusBar.NetworkController(847): refreshViews: Data not connected!! Set no data type icon
10-28 17:23:19.927: D/StateMachine(580): handleMessage: E msg.what=131155
10-28 17:23:19.927: D/StateMachine(580): processMsg: ConnectedState
10-28 17:23:19.927: D/WifiStateMachine(580): ConnectedState{ what=131155 when=-5ms arg1=24 }
10-28 17:23:19.937: D/StateMachine(580): processMsg: L2ConnectedState
10-28 17:23:19.937: D/WifiStateMachine(580): L2ConnectedState{ what=131155 when=-8ms arg1=24 }
10-28 17:23:19.947: D/StateMachine(580): handleMessage: X
10-28 17:23:22.430: D/StatusBar.NetworkController(847): refreshViews: Data not connected!! Set no data type icon
10-28 17:23:22.950: D/StateMachine(580): handleMessage: E msg.what=131155
10-28 17:23:22.950: D/StateMachine(580): processMsg: ConnectedState
10-28 17:23:22.950: D/WifiStateMachine(580): ConnectedState{ what=131155 when=-5ms arg1=24 }
10-28 17:23:22.950: D/StateMachine(580): processMsg: L2ConnectedState
10-28 17:23:22.950: D/WifiStateMachine(580): L2ConnectedState{ what=131155 when=-6ms arg1=24 }
10-28 17:23:22.960: D/StateMachine(580): handleMessage: X
10-28 17:23:23.431: D/StatusBar.NetworkController(847): refreshViews: Data not connected!! Set no data type icon
10-28 17:23:24.422: D/StatusBar.NetworkController(847): refreshViews: Data not connected!! Set no data type icon
10-28 17:23:25.423: D/StatusBar.NetworkController(847): refreshViews: Data not connected!! Set no data type icon
10-28 17:23:25.964: D/StateMachine(580): handleMessage: E msg.what=131155
10-28 17:23:25.964: D/StateMachine(580): processMsg: ConnectedState
10-28 17:23:25.964: D/WifiStateMachine(580): ConnectedState{ what=131155 when=-2ms arg1=24 }
10-28 17:23:25.964: D/StateMachine(580): processMsg: L2ConnectedState
10-28 17:23:25.964: D/WifiStateMachine(580): L2ConnectedState{ what=131155 when=-3ms arg1=24 }
10-28 17:23:25.974: D/StateMachine(580): handleMessage: X
10-28 17:23:28.436: D/StatusBar.NetworkController(847): refreshViews: Data not connected!! Set no data type icon
10-28 17:23:28.977: D/StateMachine(580): handleMessage: E msg.what=131155
10-28 17:23:28.977: D/StateMachine(580): processMsg: ConnectedState
10-28 17:23:28.977: D/WifiStateMachine(580): ConnectedState{ what=131155 when=-4ms arg1=24 }
10-28 17:23:28.977: D/StateMachine(580): processMsg: L2ConnectedState
10-28 17:23:28.977: D/WifiStateMachine(580): L2ConnectedState{ what=131155 when=-7ms arg1=24 }
10-28 17:23:28.987: D/StateMachine(580): handleMessage: X
10-28 17:23:29.437: D/StatusBar.NetworkController(847): refreshViews: Data not connected!! Set no data type icon
10-28 17:23:30.438: D/StatusBar.NetworkController(847): refreshViews: Data not connected!! Set no data type icon
10-28 17:23:31.440: D/StatusBar.NetworkController(847): refreshViews: Data not connected!! Set no data type icon
10-28 17:23:32.000: D/StateMachine(580): handleMessage: E msg.what=131155
10-28 17:23:32.000: D/StateMachine(580): processMsg: ConnectedState
10-28 17:23:32.000: D/WifiStateMachine(580): ConnectedState{ what=131155 when=-2ms arg1=24 }
10-28 17:23:32.000: D/StateMachine(580): processMsg: L2ConnectedState
10-28 17:23:32.000: D/WifiStateMachine(580): L2ConnectedState{ what=131155 when=-3ms arg1=24 }
10-28 17:23:32.000: D/StateMachine(580): handleMessage: X
10-28 17:23:32.130: I/CNE_DEBUG(580): CNE received action: android.intent.action.BATTERY_CHANGED
10-28 17:23:32.130: I/CNE_DEBUG(580): UpdateBatteryStatus status=5 pluginType=2 level=100
10-28 17:23:33.452: D/StatusBar.NetworkController(847): refreshViews: Data not connected!! Set no data type icon
10-28 17:23:35.003: D/StateMachine(580): handleMessage: E msg.what=131155
10-28 17:23:35.003: D/StateMachine(580): processMsg: ConnectedState
10-28 17:23:35.003: D/WifiStateMachine(580): ConnectedState{ what=131155 when=-1ms arg1=24 }
10-28 17:23:35.003: D/StateMachine(580): processMsg: L2ConnectedState
10-28 17:23:35.003: D/WifiStateMachine(580): L2ConnectedState{ what=131155 when=-3ms arg1=24 }
10-28 17:23:35.013: D/StateMachine(580): handleMessage: X
10-28 17:23:36.445: D/StatusBar.NetworkController(847): refreshViews: Data not connected!! Set no data type icon
10-28 17:23:37.456: D/StatusBar.NetworkController(847): refreshViews: Data not connected!! Set no data type icon
10-28 17:23:38.017: D/StateMachine(580): handleMessage: E msg.what=131155
10-28 17:23:38.017: D/StateMachine(580): processMsg: ConnectedState
10-28 17:23:38.017: D/WifiStateMachine(580): ConnectedState{ what=131155 when=-4ms arg1=24 }
10-28 17:23:38.017: D/StateMachine(580): processMsg: L2ConnectedState
10-28 17:23:38.017: D/WifiStateMachine(580): L2ConnectedState{ what=131155 when=-5ms arg1=24 }
10-28 17:23:38.027: D/StateMachine(580): handleMessage: X
10-28 17:23:41.030: D/StateMachine(580): handleMessage: E msg.what=131155
10-28 17:23:41.030: D/StateMachine(580): processMsg: ConnectedState
10-28 17:23:41.030: D/WifiStateMachine(580): ConnectedState{ what=131155 when=-4ms arg1=24 }
10-28 17:23:41.030: D/StateMachine(580): processMsg: L2ConnectedState
10-28 17:23:41.030: D/WifiStateMachine(580): L2ConnectedState{ what=131155 when=-6ms arg1=24 }
10-28 17:23:41.040: D/StateMachine(580): handleMessage: X
10-28 17:23:42.461: D/StatusBar.NetworkController(847): refreshViews: Data not connected!! Set no data type icon
10-28 17:23:43.462: D/StatusBar.NetworkController(847): refreshViews: Data not connected!! Set no data type icon
10-28 17:23:44.043: D/StateMachine(580): handleMessage: E msg.what=131155
10-28 17:23:44.043: D/StateMachine(580): processMsg: ConnectedState
10-28 17:23:44.043: D/WifiStateMachine(580): ConnectedState{ what=131155 when=-3ms arg1=24 }
10-28 17:23:44.043: D/StateMachine(580): processMsg: L2ConnectedState
10-28 17:23:44.043: D/WifiStateMachine(580): L2ConnectedState{ what=131155 when=-5ms arg1=24 }
10-28 17:23:44.053: D/StateMachine(580): handleMessage: X
10-28 17:23:44.463: D/StatusBar.NetworkController(847): refreshViews: Data not connected!! Set no data type icon
10-28 17:23:46.466: D/StatusBar.NetworkController(847): refreshViews: Data not connected!! Set no data type icon
10-28 17:23:47.056: D/StateMachine(580): handleMessage: E msg.what=131155
10-28 17:23:47.056: D/StateMachine(580): processMsg: ConnectedState
10-28 17:23:47.056: D/WifiStateMachine(580): ConnectedState{ what=131155 when=-5ms arg1=24 }
10-28 17:23:47.056: D/StateMachine(580): processMsg: L2ConnectedState
10-28 17:23:47.066: D/WifiStateMachine(580): L2ConnectedState{ what=131155 when=-9ms arg1=24 }
10-28 17:23:47.066: D/StateMachine(580): handleMessage: X
10-28 17:23:47.477: D/StatusBar.NetworkController(847): refreshViews: Data not connected!! Set no data type icon
10-28 17:23:48.478: D/StatusBar.NetworkController(847): refreshViews: Data not connected!! Set no data type icon
10-28 17:23:50.079: D/StateMachine(580): handleMessage: E msg.what=131155
10-28 17:23:50.079: D/StateMachine(580): processMsg: ConnectedState
10-28 17:23:50.079: D/WifiStateMachine(580): ConnectedState{ what=131155 when=-3ms arg1=24 }
10-28 17:23:50.079: D/StateMachine(580): processMsg: L2ConnectedState
10-28 17:23:50.079: D/WifiStateMachine(580): L2ConnectedState{ what=131155 when=-5ms arg1=24 }
10-28 17:23:50.089: D/StateMachine(580): handleMessage: X