10-28 17:22:12.956: I/ActivityManager(580): START {flg=0x10000000 cmp=com.daysofwonder.tt.android/.StartActivity u=0} from pid 12446
10-28 17:22:12.986: D/PowerManagerService(580): acquireWakeLock flags=0x1 tag=ActivityManager-Launch
10-28 17:22:13.016: D/dalvikvm(12446): GC_CONCURRENT freed 102K, 88% free 508K/4096K, paused 0ms+0ms, total 4ms
10-28 17:22:13.086: I/ActivityManager(580): Start proc com.daysofwonder.tt.android for activity com.daysofwonder.tt.android/.StartActivity: pid=12460 uid=10192 gids={3003, 1015, 1028}
10-28 17:22:13.106: D/PowerManagerService(580): acquireWakeLock flags=0x1 tag=SCREEN_FROZEN
10-28 17:22:13.116: I/ActivityManager(580): Config changed: {1.0 0mcc0mnc en_US sw360dp w598dp h335dp nrml land finger -keyb/v/h -nav/h skinPackage=com.sonyericsson.blackthemeblueaccent s.38}
10-28 17:22:13.146: I/Adreno200-C2D(2575): : C2D2 De-Init A3xx version
10-28 17:22:13.216: I/Adreno200-C2D(2575): : GPU DeAllocated Address 0x68bc5000 0x1009a000
10-28 17:22:13.216: E/Trace(12460): error opening trace file: No such file or directory (2)
10-28 17:22:13.216: D/ActivityThread(12460): setTargetHeapUtilization:0.25
10-28 17:22:13.216: D/ActivityThread(12460): setTargetHeapIdealFree:8388608
10-28 17:22:13.216: D/ActivityThread(12460): setTargetHeapConcurrentStart:2097152
10-28 17:22:13.236: D/dalvikvm(12460): WAIT_FOR_CONCURRENT_GC blocked 0ms
10-28 17:22:13.246: D/StatusBar.NetworkController(847): refreshViews: Data not connected!! Set no data type icon
10-28 17:22:13.286: D/SizeAdaptiveLayout(847): com.android.internal.widget.SizeAdaptiveLayout@43bff080child view android.widget.NotificationFrameLayout@43b68130 measured out of bounds at 189px clamped to 192px
10-28 17:22:13.286: D/SizeAdaptiveLayout(847): com.android.internal.widget.SizeAdaptiveLayout@4291fa60child view android.widget.NotificationFrameLayout@424bf100 measured out of bounds at 189px clamped to 192px
10-28 17:22:13.286: D/SizeAdaptiveLayout(847): com.android.internal.widget.SizeAdaptiveLayout@42536cc8child view android.widget.LinearLayout@424c2fd0 measured out of bounds at 189px clamped to 192px
10-28 17:22:13.286: D/SizeAdaptiveLayout(847): com.android.internal.widget.SizeAdaptiveLayout@43b274a0child view android.widget.NotificationFrameLayout@42c2a680 measured out of bounds at 189px clamped to 192px
10-28 17:22:13.296: D/SizeAdaptiveLayout(847): com.android.internal.widget.SizeAdaptiveLayout@43bff080child view android.widget.NotificationFrameLayout@43b68130 measured out of bounds at 189px clamped to 192px
10-28 17:22:13.306: D/SizeAdaptiveLayout(847): com.android.internal.widget.SizeAdaptiveLayout@4291fa60child view android.widget.NotificationFrameLayout@424bf100 measured out of bounds at 189px clamped to 192px
10-28 17:22:13.306: D/SizeAdaptiveLayout(847): com.android.internal.widget.SizeAdaptiveLayout@42536cc8child view android.widget.LinearLayout@424c2fd0 measured out of bounds at 189px clamped to 192px
10-28 17:22:13.306: D/SizeAdaptiveLayout(847): com.android.internal.widget.SizeAdaptiveLayout@43b274a0child view android.widget.NotificationFrameLayout@42c2a680 measured out of bounds at 189px clamped to 192px
10-28 17:22:13.336: D/StatusBar.NetworkController(847): refreshViews: Data not connected!! Set no data type icon
10-28 17:22:13.366: D/StartActivity(12460): StartActivity Sony - C6502_1270-4009
10-28 17:22:13.366: I/ActivityManager(580): START {cmp=com.daysofwonder.tt.android/.TTActivity u=0} from pid 12460
10-28 17:22:13.476: D/dalvikvm(580): GC_FOR_ALLOC freed 4988K, 28% free 32412K/44935K, paused 97ms, total 97ms
10-28 17:22:13.486: D/PowerManagerService(580): acquireWakeLock flags=0x1 tag=ActivityManager-Launch
10-28 17:22:13.496: D/PowerManagerService(580): releaseWakeLock flags=0x1 tag=SCREEN_FROZEN
10-28 17:22:13.506: D/JogAmp.NEWT(12460): onCreate.0
10-28 17:22:13.506: D/JogAmp.NEWT(12460): cleanup.0
10-28 17:22:13.506: D/JogAmp.NEWT(12460): cleanup.1: GLStateKeeper.ForceDestroy: Total 0, destroyed 0, clean 0
10-28 17:22:13.506: D/JogAmp.NEWT(12460): cleanup.1: StaticContext.getContext: null
10-28 17:22:13.506: D/JogAmp.NEWT(12460): cleanup.X
10-28 17:22:13.506: D/JogAmp.NEWT(12460): onCreate.X
10-28 17:22:13.506: D/TTActivity(12460): -> onCreate
10-28 17:22:13.536: D/AndroidPreferences(12460): Saved preference : removed key locale
10-28 17:22:13.536: D/GamePreferences(12460): no current prefs locale
10-28 17:22:13.536: D/GamePreferences(12460): assigning default...
10-28 17:22:13.536: D/AndroidPreferences(12460): Saved preference locale = en
10-28 17:22:13.536: I/TTActivity(12460): TT 12.34.56/Sony - C6502_1270-4009/Android 4.1.2
10-28 17:22:13.566: D/StateMachine(580): handleMessage: E msg.what=131155
10-28 17:22:13.566: D/StateMachine(580): processMsg: ConnectedState
10-28 17:22:13.566: D/WifiStateMachine(580): ConnectedState{ what=131155 when=-3ms arg1=24 }
10-28 17:22:13.566: D/StateMachine(580): processMsg: L2ConnectedState
10-28 17:22:13.566: D/WifiStateMachine(580): L2ConnectedState{ what=131155 when=-3ms arg1=24 }
10-28 17:22:13.566: D/StateMachine(580): handleMessage: X
10-28 17:22:13.566: W/System.err(12460): GLProfile.initSingleton() - thread main
10-28 17:22:13.566: W/System.err(12460): java.lang.Throwable: stack dump
10-28 17:22:13.576: W/System.err(12460): at java.lang.Thread.dumpStack(Thread.java:496)
10-28 17:22:13.576: W/System.err(12460): at javax.media.opengl.GLProfile.initSingleton(GLProfile.java:118)
10-28 17:22:13.576: W/System.err(12460): at javax.media.opengl.GLProfile.getProfileMap(GLProfile.java:2063)
10-28 17:22:13.576: W/System.err(12460): at javax.media.opengl.GLProfile.get(GLProfile.java:906)
10-28 17:22:13.576: W/System.err(12460): at javax.media.opengl.GLProfile.getGL2ES2(GLProfile.java:827)
10-28 17:22:13.576: W/System.err(12460): at com.daysofwonder.tt.android.TTActivity.getGLProfile(TTActivity.java:450)
10-28 17:22:13.576: W/System.err(12460): at com.daysofwonder.tt.android.TTActivity.onCreate(TTActivity.java:197)
10-28 17:22:13.576: W/System.err(12460): at android.app.Activity.performCreate(Activity.java:5008)
10-28 17:22:13.576: W/System.err(12460): at android.app.Instrumentation.callActivityOnCreate(Instrumentation.java:1079)
10-28 17:22:13.576: W/System.err(12460): at android.app.ActivityThread.performLaunchActivity(ActivityThread.java:2034)
10-28 17:22:13.576: W/System.err(12460): at android.app.ActivityThread.handleLaunchActivity(ActivityThread.java:2095)
10-28 17:22:13.576: W/System.err(12460): at android.app.ActivityThread.access$600(ActivityThread.java:137)
10-28 17:22:13.576: W/System.err(12460): at android.app.ActivityThread$H.handleMessage(ActivityThread.java:1206)
10-28 17:22:13.576: W/System.err(12460): at android.os.Handler.dispatchMessage(Handler.java:99)
10-28 17:22:13.576: W/System.err(12460): at android.os.Looper.loop(Looper.java:213)
10-28 17:22:13.576: W/System.err(12460): at android.app.ActivityThread.main(ActivityThread.java:4791)
10-28 17:22:13.576: W/System.err(12460): at java.lang.reflect.Method.invokeNative(Native Method)
10-28 17:22:13.576: W/System.err(12460): at java.lang.reflect.Method.invoke(Method.java:511)
10-28 17:22:13.576: W/System.err(12460): at com.android.internal.os.ZygoteInit$MethodAndArgsCaller.run(ZygoteInit.java:789)
10-28 17:22:13.576: W/System.err(12460): at com.android.internal.os.ZygoteInit.main(ZygoteInit.java:556)
10-28 17:22:13.576: W/System.err(12460): at dalvik.system.NativeStart.main(Native Method)
10-28 17:22:13.576: E/dalvikvm(12460): Could not find class 'com.jogamp.nativewindow.x11.X11GraphicsDevice', referenced from method javax.media.nativewindow.NativeWindowFactory.createScreen
10-28 17:22:13.576: W/dalvikvm(12460): VFY: unable to resolve check-cast 3525 (Lcom/jogamp/nativewindow/x11/X11GraphicsDevice;) in Ljavax/media/nativewindow/NativeWindowFactory;
10-28 17:22:13.576: E/dalvikvm(12460): Could not find class 'com.jogamp.nativewindow.awt.AWTGraphicsDevice', referenced from method javax.media.nativewindow.NativeWindowFactory.createScreen
10-28 17:22:13.576: W/dalvikvm(12460): VFY: unable to resolve check-cast 3514 (Lcom/jogamp/nativewindow/awt/AWTGraphicsDevice;) in Ljavax/media/nativewindow/NativeWindowFactory;
10-28 17:22:13.586: W/System.err(12460): GLProfile.init - thread: main
10-28 17:22:13.586: W/System.err(12460): -----------------------------------------------------------------------------------------------------
10-28 17:22:13.586: W/System.err(12460): Platform: ANDROID / Linux 3.4.0-g298631f-01992-g95474bc (3.4.0), armv7l (arch), EABI_GNU_ARMEL, 4 cores
10-28 17:22:13.586: W/System.err(12460): Platform: Android Version: REL, 4.1.2 [4.1.2], SDK: 16, JELLY_BEAN
10-28 17:22:13.586: W/System.err(12460): MachineDescription: runtimeValidated true, littleEndian true, 32Bit true, primitive size / alignment:
10-28 17:22:13.586: W/System.err(12460): int8 1 / 1, int16 2 / 2
10-28 17:22:13.586: W/System.err(12460): int 4 / 4, long 4 / 4
10-28 17:22:13.586: W/System.err(12460): int32 4 / 4, int64 8 / 8
10-28 17:22:13.586: W/System.err(12460): float 4 / 4, double 8 / 8, ldouble 8 / 8
10-28 17:22:13.586: W/System.err(12460): pointer 4 / 4, page 4096
10-28 17:22:13.586: W/System.err(12460): Platform: Java Version: 0 (0.0.0u0), VM: Dalvik, Runtime: Android Runtime
10-28 17:22:13.586: W/System.err(12460): Platform: Java Vendor: The Android Project, http://www.android.com/, JavaSE: true, Java6: true, AWT enabled: false
10-28 17:22:13.586: W/System.err(12460): -----------------------------------------------------------------------------------------------------
10-28 17:22:14.137: D/dalvikvm(12460): GC_CONCURRENT freed 3961K, 22% free 22935K/29123K, paused 10ms+2ms, total 70ms
10-28 17:22:14.137: D/dalvikvm(12460): WAIT_FOR_CONCURRENT_GC blocked 43ms
10-28 17:22:14.287: D/StatusBar.NetworkController(847): refreshViews: Data not connected!! Set no data type icon
10-28 17:22:14.848: D/dalvikvm(12460): GC_CONCURRENT freed 4636K, 22% free 25024K/31943K, paused 6ms+15ms, total 107ms
10-28 17:22:14.888: W/System.err(12460): -----------------------------------------------------------------------------------------------------
10-28 17:22:14.888: W/System.err(12460): Package: com.jogamp.gluegen
10-28 17:22:14.888: W/System.err(12460): Extension Name: null
10-28 17:22:14.888: W/System.err(12460): Specification Title: null
10-28 17:22:14.888: W/System.err(12460): Specification Vendor: null
10-28 17:22:14.888: W/System.err(12460): Specification Version: null
10-28 17:22:14.888: W/System.err(12460): Implementation Title: null
10-28 17:22:14.888: W/System.err(12460): Implementation Vendor: null
10-28 17:22:14.888: W/System.err(12460): Implementation Vendor ID: null
10-28 17:22:14.888: W/System.err(12460): Implementation URL: null
10-28 17:22:14.888: W/System.err(12460): Implementation Version: null
10-28 17:22:14.888: W/System.err(12460): Implementation Build: null
10-28 17:22:14.888: W/System.err(12460): Implementation Branch: null
10-28 17:22:14.888: W/System.err(12460): Implementation Commit: null
10-28 17:22:14.888: W/System.err(12460): -----------------------------------------------------------------------------------------------------
10-28 17:22:15.158: W/System.err(12460): -----------------------------------------------------------------------------------------------------
10-28 17:22:15.158: W/System.err(12460): Package: javax.media.nativewindow
10-28 17:22:15.158: W/System.err(12460): Extension Name: null
10-28 17:22:15.158: W/System.err(12460): Specification Title: null
10-28 17:22:15.158: W/System.err(12460): Specification Vendor: null
10-28 17:22:15.158: W/System.err(12460): Specification Version: null
10-28 17:22:15.158: W/System.err(12460): Implementation Title: null
10-28 17:22:15.158: W/System.err(12460): Implementation Vendor: null
10-28 17:22:15.158: W/System.err(12460): Implementation Vendor ID: null
10-28 17:22:15.158: W/System.err(12460): Implementation URL: null
10-28 17:22:15.158: W/System.err(12460): Implementation Version: null
10-28 17:22:15.158: W/System.err(12460): Implementation Build: null
10-28 17:22:15.158: W/System.err(12460): Implementation Branch: null
10-28 17:22:15.158: W/System.err(12460): Implementation Commit: null
10-28 17:22:15.158: W/System.err(12460): -----------------------------------------------------------------------------------------------------
10-28 17:22:15.418: W/System.err(12460): -----------------------------------------------------------------------------------------------------
10-28 17:22:15.418: W/System.err(12460): Package: javax.media.opengl
10-28 17:22:15.418: W/System.err(12460): Extension Name: null
10-28 17:22:15.418: W/System.err(12460): Specification Title: null
10-28 17:22:15.418: W/System.err(12460): Specification Vendor: null
10-28 17:22:15.418: W/System.err(12460): Specification Version: null
10-28 17:22:15.418: W/System.err(12460): Implementation Title: null
10-28 17:22:15.418: W/System.err(12460): Implementation Vendor: null
10-28 17:22:15.418: W/System.err(12460): Implementation Vendor ID: null
10-28 17:22:15.418: W/System.err(12460): Implementation URL: null
10-28 17:22:15.418: W/System.err(12460): Implementation Version: null
10-28 17:22:15.418: W/System.err(12460): Implementation Build: null
10-28 17:22:15.418: W/System.err(12460): Implementation Branch: null
10-28 17:22:15.418: W/System.err(12460): Implementation Commit: null
10-28 17:22:15.418: W/System.err(12460): -----------------------------------------------------------------------------------------------------
10-28 17:22:15.418: W/System.err(12460): GLDrawableFactory.static - No native Windowing Factory for: .android; May use EGLDrawableFactory, if available.
10-28 17:22:15.428: W/dalvikvm(12460): VFY: unable to resolve static method 53101: Ljogamp/nativewindow/x11/X11Util;.markAllDisplaysUnclosable ()V
10-28 17:22:15.438: E/dalvikvm(12460): Could not find class 'com.jogamp.nativewindow.x11.X11GraphicsDevice', referenced from method jogamp.opengl.egl.EGLGraphicsConfigurationFactory.registerFactory
10-28 17:22:15.438: W/dalvikvm(12460): VFY: unable to resolve const-class 3525 (Lcom/jogamp/nativewindow/x11/X11GraphicsDevice;) in Ljogamp/opengl/egl/EGLGraphicsConfigurationFactory;
10-28 17:22:15.438: E/dalvikvm(12460): Could not find class 'com.jogamp.nativewindow.x11.X11GraphicsDevice', referenced from method jogamp.opengl.egl.EGLGraphicsConfigurationFactory.unregisterFactory
10-28 17:22:15.438: W/dalvikvm(12460): VFY: unable to resolve const-class 3525 (Lcom/jogamp/nativewindow/x11/X11GraphicsDevice;) in Ljogamp/opengl/egl/EGLGraphicsConfigurationFactory;
10-28 17:22:15.448: W/System.err(12460): Info: EGLDrawableFactory: EGL ES1 - OK, isANGLE: false
10-28 17:22:15.458: W/System.err(12460): Info: EGLDrawableFactory: EGL ES2 - OK (includesES1 false, isANGLE: false)
10-28 17:22:15.478: W/dalvikvm(12460): VFY: unable to resolve static method 53100: Ljogamp/nativewindow/x11/X11Util;.getMarkAllDisplaysUnclosable ()Z
10-28 17:22:15.498: W/System.err(12460): EGLDisplayUtil.eglGetDisplay(): eglDisplay(0x0): 0x1, OK
10-28 17:22:15.498: I/Adreno200-EGL(12460): : EGL 1.4 QUALCOMM build: AU_LINUX_ANDROID_JB_2.2_RB2_5.04.01.02.44.002_msm8960_JB_2.2_RB2.3_CL2778170_release_AU (CL2778170)
10-28 17:22:15.498: I/Adreno200-EGL(12460): Build Date: 12/04/12 Tue 10-28 17:22:15.498: I/Adreno200-EGL(12460): Local Branch:
10-28 17:22:15.498: I/Adreno200-EGL(12460): Remote Branch: m/jb_2.2_rb2.3
10-28 17:22:15.498: I/Adreno200-EGL(12460): Local Patches: NONE
10-28 17:22:15.498: I/Adreno200-EGL(12460): Reconstruct Branch: AU_LINUX_ANDROID_JB_2.2_RB2_5.04.01.02.44.002 + NOTHING
10-28 17:22:15.498: W/System.err(12460): EGLDisplayUtil.eglInitialize(0x1 ...): #1, EGLDisplay[0x1: refCnt 1] = true
10-28 17:22:15.498: W/System.err(12460): javax.media.opengl.GLException: No GLDrawableFactory available for profile: GL2
10-28 17:22:15.498: D/dalvikvm(580): WAIT_FOR_CONCURRENT_GC blocked 0ms
10-28 17:22:15.498: W/System.err(12460): at javax.media.opengl.GLDrawableFactory.getFactoryImpl(GLDrawableFactory.java:397)
10-28 17:22:15.498: W/System.err(12460): at javax.media.opengl.GLProfile.initProfilesForDefaultDevices(GLProfile.java:1578)
10-28 17:22:15.498: W/System.err(12460): at javax.media.opengl.GLProfile.access$100(GLProfile.java:76)
10-28 17:22:15.509: W/System.err(12460): at javax.media.opengl.GLProfile$1.run(GLProfile.java:155)
10-28 17:22:15.509: W/System.err(12460): at java.security.AccessController.doPrivileged(AccessController.java:45)
10-28 17:22:15.509: W/System.err(12460): at javax.media.opengl.GLProfile.initSingleton(GLProfile.java:123)
10-28 17:22:15.509: W/System.err(12460): at javax.media.opengl.GLProfile.getProfileMap(GLProfile.java:2063)
10-28 17:22:15.509: W/System.err(12460): at javax.media.opengl.GLProfile.get(GLProfile.java:906)
10-28 17:22:15.509: W/System.err(12460): at javax.media.opengl.GLProfile.getGL2ES2(GLProfile.java:827)
10-28 17:22:15.509: W/System.err(12460): at com.daysofwonder.tt.android.TTActivity.getGLProfile(TTActivity.java:450)
10-28 17:22:15.509: W/System.err(12460): at com.daysofwonder.tt.android.TTActivity.onCreate(TTActivity.java:197)
10-28 17:22:15.509: W/System.err(12460): at android.app.Activity.performCreate(Activity.java:5008)
10-28 17:22:15.509: W/System.err(12460): at android.app.Instrumentation.callActivityOnCreate(Instrumentation.java:1079)
10-28 17:22:15.509: W/System.err(12460): at android.app.ActivityThread.performLaunchActivity(ActivityThread.java:2034)
10-28 17:22:15.509: W/System.err(12460): at android.app.ActivityThread.handleLaunchActivity(ActivityThread.java:2095)
10-28 17:22:15.509: W/System.err(12460): at android.app.ActivityThread.access$600(ActivityThread.java:137)
10-28 17:22:15.509: W/System.err(12460): at android.app.ActivityThread$H.handleMessage(ActivityThread.java:1206)
10-28 17:22:15.509: W/System.err(12460): at android.os.Handler.dispatchMessage(Handler.java:99)
10-28 17:22:15.509: W/System.err(12460): at android.os.Looper.loop(Looper.java:213)
10-28 17:22:15.509: W/System.err(12460): at android.app.ActivityThread.main(ActivityThread.java:4791)
10-28 17:22:15.509: W/System.err(12460): at java.lang.reflect.Method.invokeNative(Native Method)
10-28 17:22:15.509: W/System.err(12460): at java.lang.reflect.Method.invoke(Method.java:511)
10-28 17:22:15.509: W/System.err(12460): at com.android.internal.os.ZygoteInit$MethodAndArgsCaller.run(ZygoteInit.java:789)
10-28 17:22:15.509: W/System.err(12460): at com.android.internal.os.ZygoteInit.main(ZygoteInit.java:556)
10-28 17:22:15.509: W/System.err(12460): at dalvik.system.NativeStart.main(Native Method)
10-28 17:22:15.509: W/System.err(12460): Info: GLProfile.init - Desktop GLDrawable factory not available
10-28 17:22:15.509: W/System.err(12460): Info: GLProfile.init - Default device is EGL derived: EGLGraphicsDevice[type .egl, connection decon, unitID 0, handle 0x1, owner true, NullToolkitLock[]]
10-28 17:22:15.509: W/System.err(12460): Info: GLProfile.initProfilesForDevice: EGLGraphicsDevice[type .egl, connection decon, unitID 0, handle 0x1, owner true, NullToolkitLock[]] (com.jogamp.nativewindow.egl.EGLGraphicsDevice), isSet false, hasDesktopGLFactory false, hasEGLFactory true
10-28 17:22:15.509: W/System.err(12460): GLProfile.init map decon, desktopCtxUndef false, esCtxUndef true
10-28 17:22:15.509: W/System.err(12460): GLProfile.init map *** no mapping for GL4bc on device decon
10-28 17:22:15.509: W/System.err(12460): GLProfile.init map *** no mapping for GL3bc on device decon
10-28 17:22:15.509: W/System.err(12460): GLProfile.init map *** no mapping for GL2 on device decon
10-28 17:22:15.509: W/System.err(12460): GLProfile.init map *** no mapping for GL4 on device decon
10-28 17:22:15.509: W/System.err(12460): GLProfile.init map *** no mapping for GL3 on device decon
10-28 17:22:15.509: W/System.err(12460): GLProfile.init map GLProfile[GLES3/GLES3.sw] on device decon
10-28 17:22:15.509: W/System.err(12460): GLProfile.init map defaultAny GLProfile[GLES3/GLES3.sw] on device decon
10-28 17:22:15.509: W/System.err(12460): GLProfile.init map GLProfile[GL4ES3/GLES3.sw] on device decon
10-28 17:22:15.509: W/System.err(12460): GLProfile.init map *** no mapping for GL2GL3 on device decon
10-28 17:22:15.509: W/System.err(12460): GLProfile.init map GLProfile[GLES2/GLES2.sw] on device decon
10-28 17:22:15.509: W/System.err(12460): GLProfile.init map GLProfile[GL2ES2/GLES2.sw] on device decon
10-28 17:22:15.509: W/System.err(12460): GLProfile.init map GLProfile[GLES1/GLES1.sw] on device decon
10-28 17:22:15.509: W/System.err(12460): GLProfile.init map GLProfile[GL2ES1/GLES1.sw] on device decon
10-28 17:22:15.509: W/System.err(12460): EGLDrawableFactory.createShared: (defaultDevice): req. device: EGLGraphicsDevice[type .egl, connection decon, unitID 0, handle 0x1, owner true, NullToolkitLock[]], defaultDevice EGLGraphicsDevice[type .egl, connection decon, unitID 0, handle 0x1, owner true, NullToolkitLock[]]
10-28 17:22:15.509: W/System.err(12460): java.lang.Throwable: stack dump
10-28 17:22:15.529: W/System.err(12460): at java.lang.Thread.dumpStack(Thread.java:496)
10-28 17:22:15.529: W/System.err(12460): at jogamp.opengl.egl.EGLDrawableFactory.getOrCreateSharedResourceImpl(EGLDrawableFactory.java:568)
10-28 17:22:15.529: W/System.err(12460): at jogamp.opengl.egl.EGLDrawableFactory.getOrCreateSharedResourceImpl(EGLDrawableFactory.java:84)
10-28 17:22:15.529: W/System.err(12460): at jogamp.opengl.GLDrawableFactoryImpl.getOrCreateSharedResource(GLDrawableFactoryImpl.java:94)
10-28 17:22:15.529: W/System.err(12460): at jogamp.opengl.GLDrawableFactoryImpl.createSharedResourceImpl(GLDrawableFactoryImpl.java:123)
10-28 17:22:15.529: W/System.err(12460): at javax.media.opengl.GLDrawableFactory.createSharedResource(GLDrawableFactory.java:323)
10-28 17:22:15.529: W/System.err(12460): at javax.media.opengl.GLProfile.initProfilesForDeviceCritical(GLProfile.java:1765)
10-28 17:22:15.529: W/System.err(12460): at javax.media.opengl.GLProfile.initProfilesForDevice(GLProfile.java:1698)
10-28 17:22:15.529: W/System.err(12460): at javax.media.opengl.GLProfile.initProfilesForDefaultDevices(GLProfile.java:1666)
10-28 17:22:15.529: W/System.err(12460): at javax.media.opengl.GLProfile.access$100(GLProfile.java:76)
10-28 17:22:15.529: W/System.err(12460): at javax.media.opengl.GLProfile$1.run(GLProfile.java:155)
10-28 17:22:15.529: W/System.err(12460): at java.security.AccessController.doPrivileged(AccessController.java:45)
10-28 17:22:15.529: W/System.err(12460): at javax.media.opengl.GLProfile.initSingleton(GLProfile.java:123)
10-28 17:22:15.529: W/System.err(12460): at javax.media.opengl.GLProfile.getProfileMap(GLProfile.java:2063)
10-28 17:22:15.529: W/System.err(12460): at javax.media.opengl.GLProfile.get(GLProfile.java:906)
10-28 17:22:15.529: W/System.err(12460): at javax.media.opengl.GLProfile.getGL2ES2(GLProfile.java:827)
10-28 17:22:15.529: W/System.err(12460): at com.daysofwonder.tt.android.TTActivity.getGLProfile(TTActivity.java:450)
10-28 17:22:15.529: W/System.err(12460): at com.daysofwonder.tt.android.TTActivity.onCreate(TTActivity.java:197)
10-28 17:22:15.529: W/System.err(12460): at android.app.Activity.performCreate(Activity.java:5008)
10-28 17:22:15.529: W/System.err(12460): at android.app.Instrumentation.callActivityOnCreate(Instrumentation.java:1079)
10-28 17:22:15.529: W/System.err(12460): at android.app.ActivityThread.performLaunchActivity(ActivityThread.java:2034)
10-28 17:22:15.529: W/System.err(12460): at android.app.ActivityThread.handleLaunchActivity(ActivityThread.java:2095)
10-28 17:22:15.529: W/System.err(12460): at android.app.ActivityThread.access$600(ActivityThread.java:137)
10-28 17:22:15.529: W/System.err(12460): at android.app.ActivityThread$H.handleMessage(ActivityThread.java:1206)
10-28 17:22:15.529: W/System.err(12460): at android.os.Handler.dispatchMessage(Handler.java:99)
10-28 17:22:15.529: W/System.err(12460): at android.os.Looper.loop(Looper.java:213)
10-28 17:22:15.529: W/System.err(12460): at android.app.ActivityThread.main(ActivityThread.java:4791)
10-28 17:22:15.529: W/System.err(12460): at java.lang.reflect.Method.invokeNative(Native Method)
10-28 17:22:15.529: W/System.err(12460): at java.lang.reflect.Method.invoke(Method.java:511)
10-28 17:22:15.529: W/System.err(12460): at com.android.internal.os.ZygoteInit$MethodAndArgsCaller.run(ZygoteInit.java:789)
10-28 17:22:15.529: W/System.err(12460): at com.android.internal.os.ZygoteInit.main(ZygoteInit.java:556)
10-28 17:22:15.529: W/System.err(12460): at dalvik.system.NativeStart.main(Native Method)
10-28 17:22:15.529: W/System.err(12460): EGLDrawableFactory.createShared(): device EGLGraphicsDevice[type .egl, connection decon, unitID 0, handle 0x1, owner true, NullToolkitLock[]]
10-28 17:22:15.529: W/System.err(12460): EGLDrawableFactory.mapAvailableEGLESConfig: GLES1 ( 1 ), defaultSharedResourceSet false, mapsADeviceToDefaultDevice true (QUERY_EGL_ES_NATIVE_TK false, hasDesktopFactory false, isEGLGraphicsDevice true)
10-28 17:22:15.529: W/Adreno200-EGL(12460): : EGL_BAD_ATTRIBUTE
10-28 17:22:15.529: W/Adreno200-EGL(12460): : EGL_BAD_ATTRIBUTE
10-28 17:22:15.529: W/Adreno200-EGL(12460): : EGL_BAD_ATTRIBUTE
10-28 17:22:15.529: W/Adreno200-EGL(12460): : EGL_BAD_ATTRIBUTE
10-28 17:22:15.529: W/Adreno200-EGL(12460): : EGL_BAD_ATTRIBUTE
10-28 17:22:15.529: W/Adreno200-EGL(12460): : EGL_BAD_ATTRIBUTE
10-28 17:22:15.529: W/Adreno200-EGL(12460): : EGL_BAD_ATTRIBUTE
10-28 17:22:15.529: W/Adreno200-EGL(12460): : EGL_BAD_ATTRIBUTE
10-28 17:22:15.539: W/Adreno200-EGL(12460): : EGL_BAD_ATTRIBUTE
10-28 17:22:15.539: W/Adreno200-EGL(12460): : EGL_BAD_ATTRIBUTE
10-28 17:22:15.539: W/Adreno200-EGL(12460): : EGL_BAD_ATTRIBUTE
10-28 17:22:15.539: W/Adreno200-EGL(12460): : EGL_BAD_ATTRIBUTE
10-28 17:22:15.539: W/Adreno200-EGL(12460): : EGL_BAD_ATTRIBUTE
10-28 17:22:15.539: W/Adreno200-EGL(12460): : EGL_BAD_ATTRIBUTE
10-28 17:22:15.539: W/Adreno200-EGL(12460): : EGL_BAD_ATTRIBUTE
10-28 17:22:15.539: W/Adreno200-EGL(12460): : EGL_BAD_ATTRIBUTE
10-28 17:22:15.539: I/System.out(12460): Pbuffer config: EGLGraphicsConfiguration[DefaultGraphicsScreen[EGLGraphicsDevice[type .egl, connection decon, unitID 0, handle 0x1, owner true, NullToolkitLock[]], idx 0],
10-28 17:22:15.539: I/System.out(12460): eglConfigHandle 0x2, eglConfigID 0x2,
10-28 17:22:15.539: I/System.out(12460): requested GLCaps[rgba 5/5/5/0, opaque, accum-rgba 0/0/0/0, dp/st/ms 16/0/0, one, mono , hw, GLProfile[GLES1/GLES1.sw], offscr[pbuffer]],
10-28 17:22:15.539: I/System.out(12460): chosen GLCaps[egl cfg 0x2, vid 0x4: rgba 5/6/5/0, opaque, accum-rgba 0/0/0/0, dp/st/ms 16/0/0, dbl, mono , hw, GLProfile[GLES1/GLES1.sw], offscr[pbuffer], [0x7: GLES1, GLES2, VG]]]
10-28 17:22:15.539: W/System.err(12460): PBuffer setSurface result: eglSurface 0x687d1c28
10-28 17:22:15.569: W/System.err(12460): EGLWrappedSurface.ctor(): EGLWrappedSurface[ displayHandle 0x1
10-28 17:22:15.569: W/System.err(12460): , surfaceHandle 0x0
10-28 17:22:15.569: W/System.err(12460): , size 64x64
10-28 17:22:15.569: W/System.err(12460): , UOB[ ]
10-28 17:22:15.569: W/System.err(12460): , EGLGraphicsConfiguration[DefaultGraphicsScreen[EGLGraphicsDevice[type .egl, connection decon, unitID 0, handle 0x1, owner true, NullToolkitLock[]], idx 0],
10-28 17:22:15.569: W/System.err(12460): eglConfigHandle 0x2, eglConfigID 0x2,
10-28 17:22:15.569: W/System.err(12460): requested GLCaps[rgba 5/5/5/0, opaque, accum-rgba 0/0/0/0, dp/st/ms 16/0/0, one, mono , hw, GLProfile[GLES1/GLES1.sw], offscr[pbuffer]],
10-28 17:22:15.569: W/System.err(12460): chosen GLCaps[egl cfg 0x2, vid 0x4: rgba 5/6/5/0, opaque, accum-rgba 0/0/0/0, dp/st/ms 16/0/0, dbl, mono , hw, GLProfile[GLES1/GLES1.sw], offscr[pbuffer], [0x7: GLES1, GLES2, VG]]]
10-28 17:22:15.569: W/System.err(12460): , surfaceLock <43076db8, 43076dc8>[count 0, qsz 0, owner ]
10-28 17:22:15.569: W/System.err(12460): , EGLUpstreamSurfaceHook[ 64x64, jogamp.nativewindow.WrappedSurface: 0x687d1c28]
10-28 17:22:15.569: W/System.err(12460): , upstreamSurface true ]
10-28 17:22:15.569: W/System.err(12460): main: setRealized: drawable EGLOnscreenDrawable, surface EGLWrappedSurface, isProxySurface true: false -> true
10-28 17:22:15.569: W/System.err(12460): java.lang.Throwable: stack dump
10-28 17:22:15.569: W/System.err(12460): at java.lang.Thread.dumpStack(Thread.java:496)
10-28 17:22:15.569: W/System.err(12460): at jogamp.opengl.GLDrawableImpl.setRealized(GLDrawableImpl.java:178)
10-28 17:22:15.569: W/System.err(12460): at jogamp.opengl.egl.EGLDrawableFactory.mapAvailableEGLESConfig(EGLDrawableFactory.java:478)
10-28 17:22:15.569: W/System.err(12460): at jogamp.opengl.egl.EGLDrawableFactory.createEGLSharedResourceImpl(EGLDrawableFactory.java:612)
10-28 17:22:15.569: W/System.err(12460): at jogamp.opengl.egl.EGLDrawableFactory.getOrCreateSharedResourceImpl(EGLDrawableFactory.java:574)
10-28 17:22:15.569: W/System.err(12460): at jogamp.opengl.egl.EGLDrawableFactory.getOrCreateSharedResourceImpl(EGLDrawableFactory.java:84)
10-28 17:22:15.569: W/System.err(12460): at jogamp.opengl.GLDrawableFactoryImpl.getOrCreateSharedResource(GLDrawableFactoryImpl.java:94)
10-28 17:22:15.569: W/System.err(12460): at jogamp.opengl.GLDrawableFactoryImpl.createSharedResourceImpl(GLDrawableFactoryImpl.java:123)
10-28 17:22:15.569: W/System.err(12460): at javax.media.opengl.GLDrawableFactory.createSharedResource(GLDrawableFactory.java:323)
10-28 17:22:15.569: W/System.err(12460): at javax.media.opengl.GLProfile.initProfilesForDeviceCritical(GLProfile.java:1765)
10-28 17:22:15.569: W/System.err(12460): at javax.media.opengl.GLProfile.initProfilesForDevice(GLProfile.java:1698)
10-28 17:22:15.569: W/System.err(12460): at javax.media.opengl.GLProfile.initProfilesForDefaultDevices(GLProfile.java:1666)
10-28 17:22:15.569: W/System.err(12460): at javax.media.opengl.GLProfile.access$100(GLProfile.java:76)
10-28 17:22:15.569: W/System.err(12460): at javax.media.opengl.GLProfile$1.run(GLProfile.java:155)
10-28 17:22:15.569: W/System.err(12460): at java.security.AccessController.doPrivileged(AccessController.java:45)
10-28 17:22:15.569: W/System.err(12460): at javax.media.opengl.GLProfile.initSingleton(GLProfile.java:123)
10-28 17:22:15.569: W/System.err(12460): at javax.media.opengl.GLProfile.getProfileMap(GLProfile.java:2063)
10-28 17:22:15.569: W/System.err(12460): at javax.media.opengl.GLProfile.get(GLProfile.java:906)
10-28 17:22:15.569: W/System.err(12460): at javax.media.opengl.GLProfile.getGL2ES2(GLProfile.java:827)
10-28 17:22:15.569: W/System.err(12460): at com.daysofwonder.tt.android.TTActivity.getGLProfile(TTActivity.java:450)
10-28 17:22:15.569: W/System.err(12460): at com.daysofwonder.tt.android.TTActivity.onCreate(TTActivity.java:197)
10-28 17:22:15.569: W/System.err(12460): at android.app.Activity.performCreate(Activity.java:5008)
10-28 17:22:15.569: W/System.err(12460): at android.app.Instrumentation.callActivityOnCreate(Instrumentation.java:1079)
10-28 17:22:15.569: W/System.err(12460): at android.app.ActivityThread.performLaunchActivity(ActivityThread.java:2034)
10-28 17:22:15.569: W/System.err(12460): at android.app.ActivityThread.handleLaunchActivity(ActivityThread.java:2095)
10-28 17:22:15.569: W/System.err(12460): at android.app.ActivityThread.access$600(ActivityThread.java:137)
10-28 17:22:15.569: W/System.err(12460): at android.app.ActivityThread$H.handleMessage(ActivityThread.java:1206)
10-28 17:22:15.569: W/System.err(12460): at android.os.Handler.dispatchMessage(Handler.java:99)
10-28 17:22:15.569: W/System.err(12460): at android.os.Looper.loop(Looper.java:213)
10-28 17:22:15.569: W/System.err(12460): at android.app.ActivityThread.main(ActivityThread.java:4791)
10-28 17:22:15.569: W/System.err(12460): at java.lang.reflect.Method.invokeNative(Native Method)
10-28 17:22:15.569: W/System.err(12460): at java.lang.reflect.Method.invoke(Method.java:511)
10-28 17:22:15.569: W/System.err(12460): at com.android.internal.os.ZygoteInit$MethodAndArgsCaller.run(ZygoteInit.java:789)
10-28 17:22:15.569: W/System.err(12460): at com.android.internal.os.ZygoteInit.main(ZygoteInit.java:556)
10-28 17:22:15.569: W/System.err(12460): at dalvik.system.NativeStart.main(Native Method)
10-28 17:22:15.569: W/System.err(12460): main: EGLUpstreamSurfaceHook.create( up WrappedSurface -> this EGLWrappedSurface ): EGLUpstreamSurfaceHook[ 64x64, jogamp.nativewindow.WrappedSurface: 0x687d1c28]
10-28 17:22:15.569: W/System.err(12460): main: EGLUpstreamSurfaceHook.create( up WrappedSurface -> this EGLWrappedSurface ): SurfaceDevice: EGLGraphicsDevice, hash 0x4304eb38, EGLGraphicsDevice[type .egl, connection decon, unitID 0, handle 0x1, owner true, NullToolkitLock[]]
10-28 17:22:15.569: W/System.err(12460): main: EGLUpstreamSurfaceHook.create( up WrappedSurface -> this EGLWrappedSurface ): SurfaceConfig: EGLGraphicsConfiguration, hash 0x430731c0, EGLGraphicsConfiguration[DefaultGraphicsScreen[EGLGraphicsDevice[type .egl, connection decon, unitID 0, handle 0x1, owner true, NullToolkitLock[]], idx 0],
10-28 17:22:15.569: W/System.err(12460): eglConfigHandle 0x2, eglConfigID 0x2,
10-28 17:22:15.569: W/System.err(12460): requested GLCaps[rgba 5/5/5/0, opaque, accum-rgba 0/0/0/0, dp/st/ms 16/0/0, one, mono , hw, GLProfile[GLES1/GLES1.sw], offscr[pbuffer]],
10-28 17:22:15.569: W/System.err(12460): chosen GLCaps[egl cfg 0x2, vid 0x4: rgba 5/6/5/0, opaque, accum-rgba 0/0/0/0, dp/st/ms 16/0/0, dbl, mono , hw, GLProfile[GLES1/GLES1.sw], offscr[pbuffer], [0x7: GLES1, GLES2, VG]]]
10-28 17:22:15.569: W/System.err(12460): main: EGLUpstreamSurfaceHook.create( up WrappedSurface -> this EGLWrappedSurface ): UpstreamDevice: EGLGraphicsDevice, hash 0x4304eb38, EGLGraphicsDevice[type .egl, connection decon, unitID 0, handle 0x1, owner true, NullToolkitLock[]]
10-28 17:22:15.569: W/System.err(12460): main: EGLUpstreamSurfaceHook.create( up WrappedSurface -> this EGLWrappedSurface ): UpstreamConfig: EGLGraphicsConfiguration, hash 0x430731c0, EGLGraphicsConfiguration[DefaultGraphicsScreen[EGLGraphicsDevice[type .egl, connection decon, unitID 0, handle 0x1, owner true, NullToolkitLock[]], idx 0],
10-28 17:22:15.569: W/System.err(12460): eglConfigHandle 0x2, eglConfigID 0x2,
10-28 17:22:15.569: W/System.err(12460): requested GLCaps[rgba 5/5/5/0, opaque, accum-rgba 0/0/0/0, dp/st/ms 16/0/0, one, mono , hw, GLProfile[GLES1/GLES1.sw], offscr[pbuffer]],
10-28 17:22:15.569: W/System.err(12460): chosen GLCaps[egl cfg 0x2, vid 0x4: rgba 5/6/5/0, opaque, accum-rgba 0/0/0/0, dp/st/ms 16/0/0, dbl, mono , hw, GLProfile[GLES1/GLES1.sw], offscr[pbuffer], [0x7: GLES1, GLES2, VG]]]
10-28 17:22:15.569: W/System.err(12460): main: EGLUpstreamSurfaceHook.create( up WrappedSurface -> this EGLWrappedSurface ): Reusing this eglDevice: EGLGraphicsDevice[type .egl, connection decon, unitID 0, handle 0x1, owner true, NullToolkitLock[]], using this config EGLGraphicsConfiguration EGLGraphicsConfiguration[DefaultGraphicsScreen[EGLGraphicsDevice[type .egl, connection decon, unitID 0, handle 0x1, owner true, NullToolkitLock[]], idx 0],
10-28 17:22:15.569: W/System.err(12460): eglConfigHandle 0x2, eglConfigID 0x2,
10-28 17:22:15.569: W/System.err(12460): requested GLCaps[rgba 5/5/5/0, opaque, accum-rgba 0/0/0/0, dp/st/ms 16/0/0, one, mono , hw, GLProfile[GLES1/GLES1.sw], offscr[pbuffer]],
10-28 17:22:15.569: W/System.err(12460): chosen GLCaps[egl cfg 0x2, vid 0x4: rgba 5/6/5/0, opaque, accum-rgba 0/0/0/0, dp/st/ms 16/0/0, dbl, mono , hw, GLProfile[GLES1/GLES1.sw], offscr[pbuffer], [0x7: GLES1, GLES2, VG]]]
10-28 17:22:15.569: W/System.err(12460): main: EGLUpstreamSurfaceHook.create( up WrappedSurface -> this EGLWrappedSurface ): Reusing eglConfig: EGLGraphicsConfiguration[DefaultGraphicsScreen[EGLGraphicsDevice[type .egl, connection decon, unitID 0, handle 0x1, owner true, NullToolkitLock[]], idx 0],
10-28 17:22:15.569: W/System.err(12460): eglConfigHandle 0x2, eglConfigID 0x2,
10-28 17:22:15.569: W/System.err(12460): requested GLCaps[rgba 5/5/5/0, opaque, accum-rgba 0/0/0/0, dp/st/ms 16/0/0, one, mono , hw, GLProfile[GLES1/GLES1.sw], offscr[pbuffer]],
10-28 17:22:15.569: W/System.err(12460): chosen GLCaps[egl cfg 0x2, vid 0x4: rgba 5/6/5/0, opaque, accum-rgba 0/0/0/0, dp/st/ms 16/0/0, dbl, mono , hw, GLProfile[GLES1/GLES1.sw], offscr[pbuffer], [0x7: GLES1, GLES2, VG]]]
10-28 17:22:15.569: W/System.err(12460): main: EGLUpstreamSurfaceHook.create( up WrappedSurface -> this EGLWrappedSurface ): Fin: Already valid EGL surface - use as-is: WrappedSurface[ displayHandle 0x1
10-28 17:22:15.569: W/System.err(12460): , surfaceHandle 0x687d1c28
10-28 17:22:15.569: W/System.err(12460): , size 64x64
10-28 17:22:15.569: W/System.err(12460): , UOB[ OWNS_SURFACE | WINDOW_INVISIBLE ]
10-28 17:22:15.569: W/System.err(12460): , EGLGraphicsConfiguration[DefaultGraphicsScreen[EGLGraphicsDevice[type .egl, connection decon, unitID 0, handle 0x1, owner true, NullToolkitLock[]], idx 0],
10-28 17:22:15.569: W/System.err(12460): eglConfigHandle 0x2, eglConfigID 0x2,
10-28 17:22:15.569: W/System.err(12460): requested GLCaps[rgba 5/5/5/0, opaque, accum-rgba 0/0/0/0, dp/st/ms 16/0/0, one, mono , hw, GLProfile[GLES1/GLES1.sw], offscr[pbuffer]],
10-28 17:22:15.569: W/System.err(12460): chosen GLCaps[egl cfg 0x2, vid 0x4: rgba 5/6/5/0, opaque, accum-rgba 0/0/0/0, dp/st/ms 16/0/0, dbl, mono , hw, GLProfile[GLES1/GLES1.sw], offscr[pbuffer], [0x7: GLES1, GLES2, VG]]]
10-28 17:22:15.569: W/System.err(12460): , surfaceLock <430735b8, 430735c8>[count 1, qsz 0, owner
]
10-28 17:22:15.569: W/System.err(12460): , EGLDummyUpstreamSurfaceHook[ 64x64]
10-28 17:22:15.569: W/System.err(12460): , upstreamSurface false ]
10-28 17:22:15.569: W/System.err(12460): main: EGLDrawable.setRealized(true): NOP - EGLWrappedSurface[ displayHandle 0x1
10-28 17:22:15.569: W/System.err(12460): , surfaceHandle 0x687d1c28
10-28 17:22:15.569: W/System.err(12460): , size 64x64
10-28 17:22:15.569: W/System.err(12460): , UOB[ ]
10-28 17:22:15.569: W/System.err(12460): , EGLGraphicsConfiguration[DefaultGraphicsScreen[EGLGraphicsDevice[type .egl, connection decon, unitID 0, handle 0x1, owner true, NullToolkitLock[]], idx 0],
10-28 17:22:15.569: W/System.err(12460): eglConfigHandle 0x2, eglConfigID 0x2,
10-28 17:22:15.569: W/System.err(12460): requested GLCaps[rgba 5/5/5/0, opaque, accum-rgba 0/0/0/0, dp/st/ms 16/0/0, one, mono , hw, GLProfile[GLES1/GLES1.sw], offscr[pbuffer]],
10-28 17:22:15.569: W/System.err(12460): chosen GLCaps[egl cfg 0x2, vid 0x4: rgba 5/6/5/0, opaque, accum-rgba 0/0/0/0, dp/st/ms 16/0/0, dbl, mono , hw, GLProfile[GLES1/GLES1.sw], offscr[pbuffer], [0x7: GLES1, GLES2, VG]]]
10-28 17:22:15.569: W/System.err(12460): , surfaceLock <43076db8, 43076dc8>[count 1, qsz 0, owner
]
10-28 17:22:15.569: W/System.err(12460): , EGLUpstreamSurfaceHook[ 64x64, jogamp.nativewindow.WrappedSurface: 0x687d1c28]
10-28 17:22:15.569: W/System.err(12460): , upstreamSurface true ]
10-28 17:22:15.569: W/System.err(12460): main: createHandle of EGLWrappedSurface[ displayHandle 0x1
10-28 17:22:15.569: W/System.err(12460): , surfaceHandle 0x687d1c28
10-28 17:22:15.569: W/System.err(12460): , size 64x64
10-28 17:22:15.569: W/System.err(12460): , UOB[ ]
10-28 17:22:15.569: W/System.err(12460): , EGLGraphicsConfiguration[DefaultGraphicsScreen[EGLGraphicsDevice[type .egl, connection decon, unitID 0, handle 0x1, owner true, NullToolkitLock[]], idx 0],
10-28 17:22:15.569: W/System.err(12460): eglConfigHandle 0x2, eglConfigID 0x2,
10-28 17:22:15.569: W/System.err(12460): requested GLCaps[rgba 5/5/5/0, opaque, accum-rgba 0/0/0/0, dp/st/ms 16/0/0, one, mono , hw, GLProfile[GLES1/GLES1.sw], offscr[pbuffer]],
10-28 17:22:15.569: W/System.err(12460): chosen GLCaps[egl cfg 0x2, vid 0x4: rgba 5/6/5/0, opaque, accum-rgba 0/0/0/0, dp/st/ms 16/0/0, dbl, mono , hw, GLProfile[GLES1/GLES1.sw], offscr[pbuffer], [0x7: GLES1, GLES2, VG]]]
10-28 17:22:15.569: W/System.err(12460): , surfaceLock <43076db8, 43076dc8>[count 1, qsz 0, owner
]
10-28 17:22:15.569: W/System.err(12460): , EGLUpstreamSurfaceHook[ 64x64, jogamp.nativewindow.WrappedSurface: 0x687d1c28]
10-28 17:22:15.569: W/System.err(12460): , upstreamSurface true ]
10-28 17:22:15.569: W/System.err(12460): main: GLContext.resetStates(isInit true)
10-28 17:22:15.619: D/dalvikvm(580): GC_EXPLICIT freed 884K, 28% free 32391K/44935K, paused 4ms+7ms, total 120ms
10-28 17:22:15.629: D/dalvikvm(12460): GC_CONCURRENT freed 7816K, 31% free 23524K/33607K, paused 12ms+2ms, total 84ms
10-28 17:22:15.629: W/System.err(12460): main: Created OpenGL context 0x697b27c0,
10-28 17:22:15.629: W/System.err(12460): write surface 0x687d1c28,
10-28 17:22:15.629: W/System.err(12460): read surface 0x687d1c28,
10-28 17:22:15.629: W/System.err(12460): EGLContext [Version null [GL 0.0.0 (n/a), vendor 0.0.0 (n/a)], options 0x0, this 0x4309eba8, handle 0x697b27c0, null,
10-28 17:22:15.629: W/System.err(12460): quirks: n/a,
10-28 17:22:15.629: W/System.err(12460): Drawable: jogamp.opengl.egl.EGLOnscreenDrawable[realized true,
10-28 17:22:15.629: W/System.err(12460): factory jogamp.opengl.egl.EGLDrawableFactory@43036640,
10-28 17:22:15.629: W/System.err(12460): surface EGLWrappedSurface[ displayHandle 0x1
10-28 17:22:15.629: W/System.err(12460): , surfaceHandle 0x687d1c28
10-28 17:22:15.629: W/System.err(12460): , size 64x64
10-28 17:22:15.629: W/System.err(12460): , UOB[ ]
10-28 17:22:15.629: W/System.err(12460): , EGLGraphicsConfiguration[DefaultGraphicsScreen[EGLGraphicsDevice[type .egl, connection decon, unitID 0, handle 0x1, owner true, NullToolkitLock[]], idx 0],
10-28 17:22:15.629: W/System.err(12460): eglConfigHandle 0x2, eglConfigID 0x2,
10-28 17:22:15.629: W/System.err(12460): requested GLCaps[rgba 5/5/5/0, opaque, accum-rgba 0/0/0/0, dp/st/ms 16/0/0, one, mono , hw, GLProfile[GLES1/GLES1.sw], offscr[pbuffer]],
10-28 17:22:15.629: W/System.err(12460): chosen GLCaps[egl cfg 0x2, vid 0x4: rgba 5/6/5/0, opaque, accum-rgba 0/0/0/0, dp/st/ms 16/0/0, dbl, mono , hw, GLProfile[GLES1/GLES1.sw], offscr[pbuffer], [0x7: GLES1, GLES2, VG]]]
10-28 17:22:15.629: W/System.err(12460): , surfaceLock <43076db8, 43076dc8>[count 1, qsz 0, owner
]
10-28 17:22:15.629: W/System.err(12460): , EGLUpstreamSurfaceHook[ 64x64, jogamp.nativewindow.WrappedSurface: 0x687d1c28]
10-28 17:22:15.629: W/System.err(12460): , upstreamSurface true ],
10-28 17:22:15.629: W/System.err(12460): eglSurface 0x687d1c28,
10-28 17:22:15.629: W/System.err(12460): eglConfig EGLGraphicsConfiguration[DefaultGraphicsScreen[EGLGraphicsDevice[type .egl, connection decon, unitID 0, handle 0x1, owner true, NullToolkitLock[]], idx 0],
10-28 17:22:15.629: W/System.err(12460): eglConfigHandle 0x2, eglConfigID 0x2,
10-28 17:22:15.629: W/System.err(12460): requested GLCaps[rgba 5/5/5/0, opaque, accum-rgba 0/0/0/0, dp/st/ms 16/0/0, one, mono , hw, GLProfile[GLES1/GLES1.sw], offscr[pbuffer]],
10-28 17:22:15.629: W/System.err(12460): chosen GLCaps[egl cfg 0x2, vid 0x4: rgba 5/6/5/0, opaque, accum-rgba 0/0/0/0, dp/st/ms 16/0/0, dbl, mono , hw, GLProfile[GLES1/GLES1.sw], offscr[pbuffer], [0x7: GLES1, GLES2, VG]]],
10-28 17:22:15.629: W/System.err(12460): requested GLCaps[rgba 5/5/5/0, opaque, accum-rgba 0/0/0/0, dp/st/ms 16/0/0, one, mono , hw, GLProfile[GLES1/GLES1.sw], offscr[pbuffer]],
10-28 17:22:15.629: W/System.err(12460): chosen GLCaps[egl cfg 0x2, vid 0x4: rgba 5/6/5/0, opaque, accum-rgba 0/0/0/0, dp/st/ms 16/0/0, dbl, mono , hw, GLProfile[GLES1/GLES1.sw], offscr[pbuffer], [0x7: GLES1, GLES2, VG]]]] ,
10-28 17:22:15.629: W/System.err(12460): sharing with 0x0
10-28 17:22:15.629: W/System.err(12460): java.lang.Exception: Info: setGL (OpenGL null): main, -> GLES1Impl, jogamp.opengl.es1.GLES1Impl@425ff348
10-28 17:22:15.629: W/System.err(12460): at jogamp.opengl.GLContextImpl.setGL(GLContextImpl.java:286)
10-28 17:22:15.639: W/System.err(12460): at jogamp.opengl.GLContextImpl.setGLFunctionAvailability(GLContextImpl.java:1363)
10-28 17:22:15.639: W/System.err(12460): at jogamp.opengl.egl.EGLContext.createImpl(EGLContext.java:225)
10-28 17:22:15.639: W/System.err(12460): at jogamp.opengl.GLContextImpl.makeCurrentWithinLock(GLContextImpl.java:656)
10-28 17:22:15.639: W/System.err(12460): at jogamp.opengl.GLContextImpl.makeCurrent(GLContextImpl.java:562)
10-28 17:22:15.639: W/System.err(12460): at jogamp.opengl.GLContextImpl.makeCurrent(GLContextImpl.java:519)
10-28 17:22:15.639: W/System.err(12460): at jogamp.opengl.egl.EGLDrawableFactory.mapAvailableEGLESConfig(EGLDrawableFactory.java:482)
10-28 17:22:15.639: W/System.err(12460): at jogamp.opengl.egl.EGLDrawableFactory.createEGLSharedResourceImpl(EGLDrawableFactory.java:612)
10-28 17:22:15.639: W/System.err(12460): at jogamp.opengl.egl.EGLDrawableFactory.getOrCreateSharedResourceImpl(EGLDrawableFactory.java:574)
10-28 17:22:15.639: W/System.err(12460): at jogamp.opengl.egl.EGLDrawableFactory.getOrCreateSharedResourceImpl(EGLDrawableFactory.java:84)
10-28 17:22:15.639: W/System.err(12460): at jogamp.opengl.GLDrawableFactoryImpl.getOrCreateSharedResource(GLDrawableFactoryImpl.java:94)
10-28 17:22:15.639: W/System.err(12460): at jogamp.opengl.GLDrawableFactoryImpl.createSharedResourceImpl(GLDrawableFactoryImpl.java:123)
10-28 17:22:15.639: W/System.err(12460): at javax.media.opengl.GLDrawableFactory.createSharedResource(GLDrawableFactory.java:323)
10-28 17:22:15.639: W/System.err(12460): at javax.media.opengl.GLProfile.initProfilesForDeviceCritical(GLProfile.java:1765)
10-28 17:22:15.639: W/System.err(12460): at javax.media.opengl.GLProfile.initProfilesForDevice(GLProfile.java:1698)
10-28 17:22:15.639: W/System.err(12460): at javax.media.opengl.GLProfile.initProfilesForDefaultDevices(GLProfile.java:1666)
10-28 17:22:15.639: W/System.err(12460): at javax.media.opengl.GLProfile.access$100(GLProfile.java:76)
10-28 17:22:15.639: W/System.err(12460): at javax.media.opengl.GLProfile$1.run(GLProfile.java:155)
10-28 17:22:15.639: W/System.err(12460): at java.security.AccessController.doPrivileged(AccessController.java:45)
10-28 17:22:15.639: W/System.err(12460): at javax.media.opengl.GLProfile.initSingleton(GLProfile.java:123)
10-28 17:22:15.639: W/System.err(12460): at javax.media.opengl.GLProfile.getProfileMap(GLProfile.java:2063)
10-28 17:22:15.639: W/System.err(12460): at javax.media.opengl.GLProfile.get(GLProfile.java:906)
10-28 17:22:15.639: W/System.err(12460): at javax.media.opengl.GLProfile.getGL2ES2(GLProfile.java:827)
10-28 17:22:15.639: W/System.err(12460): at com.daysofwonder.tt.android.TTActivity.getGLProfile(TTActivity.java:450)
10-28 17:22:15.639: W/System.err(12460): at com.daysofwonder.tt.android.TTActivity.onCreate(TTActivity.java:197)
10-28 17:22:15.639: W/System.err(12460): at android.app.Activity.performCreate(Activity.java:5008)
10-28 17:22:15.639: W/System.err(12460): at android.app.Instrumentation.callActivityOnCreate(Instrumentation.java:1079)
10-28 17:22:15.639: W/System.err(12460): at android.app.ActivityThread.performLaunchActivity(ActivityThread.java:2034)
10-28 17:22:15.639: W/System.err(12460): at android.app.ActivityThread.handleLaunchActivity(ActivityThread.java:2095)
10-28 17:22:15.639: W/System.err(12460): at android.app.ActivityThread.access$600(ActivityThread.java:137)
10-28 17:22:15.639: W/System.err(12460): at android.app.ActivityThread$H.handleMessage(ActivityThread.java:1206)
10-28 17:22:15.639: W/System.err(12460): at android.os.Handler.dispatchMessage(Handler.java:99)
10-28 17:22:15.639: W/System.err(12460): at android.os.Looper.loop(Looper.java:213)
10-28 17:22:15.639: W/System.err(12460): at android.app.ActivityThread.main(ActivityThread.java:4791)
10-28 17:22:15.639: W/System.err(12460): at java.lang.reflect.Method.invokeNative(Native Method)
10-28 17:22:15.639: W/System.err(12460): at java.lang.reflect.Method.invoke(Method.java:511)
10-28 17:22:15.639: W/System.err(12460): at com.android.internal.os.ZygoteInit$MethodAndArgsCaller.run(ZygoteInit.java:789)
10-28 17:22:15.639: W/System.err(12460): at com.android.internal.os.ZygoteInit.main(ZygoteInit.java:556)
10-28 17:22:15.639: W/System.err(12460): at dalvik.system.NativeStart.main(Native Method)
10-28 17:22:15.639: W/System.err(12460): main: Initializing EGLextension address table: EGL-.egl_decon_0
10-28 17:22:15.649: W/System.err(12460): main: GLContext EGL ProcAddressTable mapping key(EGL-.egl_decon_0) -> 0x4302fc60
10-28 17:22:15.649: W/System.err(12460): main: GLContext.setGLFuncAvail: Given EGLGraphicsDevice[type .egl, connection decon, unitID 0, handle 0x1, owner true, NullToolkitLock[]] - 1.0 (ES profile, hardware) - OpenGL ES-CM 1.1 V@6.0 AU@04.01.02.44.002
10-28 17:22:15.649: W/System.err(12460): main: GLContext.setGLFuncAvail: Pre version verification - expected 1.0 (ES profile, hardware), strictMatch false
10-28 17:22:15.649: W/System.err(12460): main: GLContext.setGLFuncAvail: Version verification (Int): OpenGL ES-CM 1.1 V@6.0 AU@04.01.02.44.002, 3.0
10-28 17:22:15.649: W/System.err(12460): main: GLContext.setGLFuncAvail: Post version verification req 1.0 (ES profile, hardware) -> has 3.0 (ES profile, hardware), strictMatch false, versionValidated true, versionGL3IntFailed false
10-28 17:22:15.649: W/System.err(12460): Quirks local: []
10-28 17:22:15.649: W/System.err(12460): Quirks sticky on EGLGraphicsDevice[type .egl, connection decon, unitID 0, handle 0x1, owner true, NullToolkitLock[]]: []
10-28 17:22:15.649: W/System.err(12460): main: GLContext.setGLFuncAvail.0 validated FQN: .egl_decon_0-0x3000008 - 3.0 (ES profile, hardware) - OpenGL ES-CM 1.1 V@6.0 AU@04.01.02.44.002
10-28 17:22:15.669: W/System.err(12460): main: GLContext GL ProcAddressTable mapping key(.egl_decon_0-0x3000008) -> 0x43083ad8
10-28 17:22:15.669: W/System.err(12460): main:ExtensionAvailabilityCache: Pre-caching init jogamp.opengl.es1.GLES1Impl@425ff348, OpenGL 3.0 (ES profile, hardware) - OpenGL ES-CM 1.1 V@6.0 AU@04.01.02.44.002
10-28 17:22:15.669: W/System.err(12460): main:ExtensionAvailabilityCache: Pre-caching extension availability OpenGL 3.0 (ES profile, hardware) - OpenGL ES-CM 1.1 V@6.0 AU@04.01.02.44.002, use glGetString
